Results for 4.0.2 (Debian 4.0.2-2) testsuite on powerpc-unknown-linux-gnu
Matthias Klose
doko@debian.org
Fri Oct 7 23:56:00 GMT 2005
LAST_UPDATED: Sat Oct 1 13:51:09 UTC 2005
=== acats tests ===
FAIL: c954026
=== acats Summary ===
# of expected passes 2319
# of unexpected failures 1
Native configuration is powerpc-unknown-linux-gnu
=== gcc tests ===
Running target unix
FAIL: gcc.dg/20020103-1.c scan-assembler-not LC
FAIL: gcc.dg/cleanup-10.c execution test
FAIL: gcc.dg/cleanup-11.c execution test
FAIL: gcc.dg/cleanup-8.c execution test
FAIL: gcc.dg/cleanup-9.c execution test
FAIL: gcc.dg/vect/pr20122.c scan-tree-dump-times vectorized 1 loops 2
=== gcc Summary for unix ===
# of expected passes 35627
# of unexpected failures 6
# of expected failures 94
# of untested testcases 28
# of unsupported tests 441
Running target unix/-m64
FAIL: gcc.dg/20020103-1.c scan-assembler-not LC
FAIL: gcc.dg/20020919-1.c (test for errors, line 105)
FAIL: gcc.dg/20020919-1.c (test for errors, line 123)
FAIL: gcc.dg/20020919-1.c (test for errors, line 132)
FAIL: gcc.dg/20020919-1.c (test for errors, line 159)
FAIL: gcc.dg/20020919-1.c (test for errors, line 177)
FAIL: gcc.dg/20020919-1.c (test for errors, line 231)
FAIL: gcc.dg/980827-1.c (test for excess errors)
WARNING: gcc.dg/980827-1.c compilation failed to produce executable
FAIL: gcc.dg/altivec-14.c (test for warnings, line 7)
FAIL: gcc.dg/altivec-14.c (test for warnings, line 8)
FAIL: gcc.dg/altivec-14.c (test for warnings, line 9)
FAIL: gcc.dg/altivec-14.c (test for warnings, line 10)
FAIL: gcc.dg/altivec-14.c (test for warnings, line 11)
FAIL: gcc.dg/altivec-14.c (test for warnings, line 12)
FAIL: gcc.dg/altivec-14.c (test for warnings, line 14)
FAIL: gcc.dg/altivec-14.c (test for warnings, line 15)
FAIL: gcc.dg/altivec-14.c (test for warnings, line 16)
FAIL: gcc.dg/altivec-14.c (test for warnings, line 20)
FAIL: gcc.dg/altivec-14.c (test for warnings, line 21)
FAIL: gcc.dg/altivec-14.c (test for warnings, line 22)
FAIL: gcc.dg/altivec-14.c (test for excess errors)
FAIL: gcc.dg/cleanup-8.c execution test
FAIL: gcc.dg/cleanup-9.c execution test
FAIL: gcc.dg/ppc-sdata-1.c (test for excess errors)
ERROR: gcc.dg/ppc-sdata-1.c: error executing dg-final: couldn't open "ppc-sdata-1.s": no such file or directory
UNRESOLVED: gcc.dg/ppc-sdata-1.c: error executing dg-final: couldn't open "ppc-sdata-1.s": no such file or directory
FAIL: gcc.dg/ppc-sdata-2.c (test for excess errors)
ERROR: gcc.dg/ppc-sdata-2.c: error executing dg-final: couldn't open "ppc-sdata-2.s": no such file or directory
UNRESOLVED: gcc.dg/ppc-sdata-2.c: error executing dg-final: couldn't open "ppc-sdata-2.s": no such file or directory
FAIL: gcc.dg/pr18096-1.c stack frame too large (test for warnings, line 11)
FAIL: gcc.dg/vect/pr20122.c scan-tree-dump-times vectorized 1 loops 2
FAIL: gcc.misc-tests/linkage.c link
=== gcc Summary for unix/-m64 ===
# of expected passes 35562
# of unexpected failures 28
# of expected failures 99
# of unresolved testcases 2
# of untested testcases 28
# of unsupported tests 456
=== gcc Summary ===
# of expected passes 71189
# of unexpected failures 34
# of expected failures 193
# of unresolved testcases 2
# of untested testcases 56
# of unsupported tests 897
/home/waldi/debian/tmp/gcc/gcc-4.0-4.0.2/build/gcc/xgcc version 4.0.2 (Debian 4.0.2-2)
=== gfortran tests ===
Running target unix
=== gfortran Summary for unix ===
# of expected passes 8239
# of expected failures 1
# of unsupported tests 17
Running target unix/-m64
FAIL: gfortran.dg/namelist_14.f90 -O0 (test for excess errors)
WARNING: gfortran.dg/namelist_14.f90 -O0 compilation failed to produce executable
=== gfortran Summary for unix/-m64 ===
# of expected passes 8237
# of unexpected failures 1
# of expected failures 1
# of unsupported tests 17
=== gfortran Summary ===
# of expected passes 16476
# of unexpected failures 1
# of expected failures 2
# of unsupported tests 34
/home/waldi/debian/tmp/gcc/gcc-4.0-4.0.2/build/gcc/testsuite/../gfortran version 4.0.2 (Debian 4.0.2-2)
=== g++ tests ===
Running target unix
=== g++ Summary for unix ===
# of expected passes 11162
# of expected failures 68
# of unsupported tests 76
Running target unix/-m64
=== g++ Summary for unix/-m64 ===
# of expected passes 11102
# of expected failures 68
# of unsupported tests 90
=== g++ Summary ===
# of expected passes 22264
# of expected failures 136
# of unsupported tests 166
/home/waldi/debian/tmp/gcc/gcc-4.0-4.0.2/build/gcc/testsuite/../g++ version 4.0.2 (Debian 4.0.2-2)
=== objc tests ===
Running target unix
=== objc Summary for unix ===
# of expected passes 1536
# of unsupported tests 10
Running target unix/-m64
=== objc Summary for unix/-m64 ===
# of expected passes 1536
# of unsupported tests 10
=== objc Summary ===
# of expected passes 3072
# of unsupported tests 20
/home/waldi/debian/tmp/gcc/gcc-4.0-4.0.2/build/gcc/xgcc version 4.0.2 (Debian 4.0.2-2)
=== libffi tests ===
Running target unix
=== libffi Summary for unix ===
# of expected passes 219
# of unsupported tests 2
Running target unix/-m64
=== libffi Summary for unix/-m64 ===
# of expected passes 219
# of unsupported tests 2
=== libffi Summary ===
# of expected passes 438
# of unsupported tests 4
=== libjava tests ===
=== libjava Summary ===
=== libmudflap tests ===
Running target unix
FAIL: libmudflap.cth/pass40-frag.c execution test
FAIL: libmudflap.cth/pass40-frag.c output pattern test
FAIL: libmudflap.cth/pass40-frag.c (-O2) execution test
FAIL: libmudflap.cth/pass40-frag.c (-O2) output pattern test
FAIL: libmudflap.cth/pass40-frag.c (-O3) execution test
FAIL: libmudflap.cth/pass40-frag.c (-O3) output pattern test
=== libmudflap Summary for unix ===
# of expected passes 1282
# of unexpected failures 6
Running target unix/-m64
FAIL: libmudflap.c/fail27-frag.c output pattern test
FAIL: libmudflap.c/fail27-frag.c (-static) output pattern test
FAIL: libmudflap.c/fail27-frag.c (-O2) output pattern test
FAIL: libmudflap.c/fail27-frag.c (-O3) output pattern test
=== libmudflap Summary for unix/-m64 ===
# of expected passes 1284
# of unexpected failures 4
=== libmudflap Summary ===
# of expected passes 2566
# of unexpected failures 10
=== libstdc++ tests ===
Running target unix
XPASS: 22_locale/locale/cons/12658_thread-1.cc execution test
XPASS: 26_numerics/cmath/c99_classification_macros_c.cc (test for excess errors)
XPASS: ext/array_allocator/2.cc execution test
=== libstdc++ Summary for unix ===
# of expected passes 3669
# of unexpected successes 3
# of expected failures 12
Running target unix/-m64
FAIL: 22_locale/codecvt/in/wchar_t/2.cc execution test
FAIL: 22_locale/codecvt/in/wchar_t/3.cc execution test
FAIL: 22_locale/codecvt/length/wchar_t/2.cc execution test
FAIL: 22_locale/codecvt/length/wchar_t/3.cc execution test
FAIL: 22_locale/codecvt/out/wchar_t/2.cc execution test
FAIL: 22_locale/codecvt/out/wchar_t/3.cc execution test
FAIL: 22_locale/ctype/widen/wchar_t/2.cc execution test
XPASS: 22_locale/locale/cons/12658_thread-1.cc execution test
FAIL: 22_locale/messages/members/char/1.cc execution test
FAIL: 22_locale/messages/members/char/2.cc execution test
FAIL: 22_locale/messages/members/char/wrapped_env.cc execution test
FAIL: 22_locale/messages_byname/named_equivalence.cc execution test
FAIL: 22_locale/money_get/get/wchar_t/1.cc execution test
FAIL: 22_locale/money_get/get/wchar_t/wrapped_env.cc execution test
FAIL: 22_locale/money_put/put/wchar_t/1.cc execution test
FAIL: 22_locale/money_put/put/wchar_t/3.cc execution test
FAIL: 22_locale/money_put/put/wchar_t/wrapped_env.cc execution test
XPASS: 26_numerics/cmath/c99_classification_macros_c.cc (test for excess errors)
FAIL: 27_io/basic_filebuf/underflow/wchar_t/9520.cc execution test
XPASS: 27_io/fpos/14320-1.cc execution test
FAIL: 27_io/objects/wchar_t/9520.cc execution test
XPASS: ext/array_allocator/2.cc execution test
=== libstdc++ Summary for unix/-m64 ===
# of expected passes 3633
# of unexpected failures 18
# of unexpected successes 4
# of expected failures 11
# of unsupported tests 9
=== libstdc++ Summary ===
# of expected passes 7302
# of unexpected failures 18
# of unexpected successes 7
# of expected failures 23
# of unsupported tests 9
Compiler version: 4.0.2 (Debian 4.0.2-2)
Platform: powerpc-unknown-linux-gnu
configure flags: -v --prefix=/usr --enable-shared --with-system-zlib --libexecdir=/usr/lib --without-included-gettext --enable-threads=posix --enable-nls --program-suffix=-4.0 --enable-__cxa_atexit --enable-libstdcxx-allocator=mt --enable-clocale=gnu --enable-libstdcxx-debug --enable-java-gc=boehm --enable-java-awt=gtk-default --enable-gtk-cairo --with-java-home=/usr/lib/jvm/java-1.4.2-gcj-4.0-1.4.2.0/jre --enable-mpfr --disable-softfloat --enable-targets=powerpc-linux,powerpc64-linux --with-cpu=default32 --disable-werror --enable-checking=release powerpc-linux-gnu --enable-languages=c,ada,c++,f95,java,objc,treelang
BOOT_CFLAGS=-O2
Build Dependencies:
Desired=Unknown/Install/Remove/Purge/Hold
| Status=Not/Installed/Config-files/Unpacked/Failed-config/Half-installed
|/ Err?=(none)/Hold/Reinst-required/X=both-problems (Status,Err: uppercase=bad)
||/ Name Version Description
+++-==============-===================-==============================================
ii binutils 2.16.1cvs20050902-1 The GNU assembler, linker and binary utilities
Patches that Debian applied in this version:
cvs-updates:
CVS updates from the 4.0 branch upto 20051001.
gcc-version:
Add package identification to the gcc version string
gcc-textdomain:
Set gettext's domain and textdomain to the versioned package name.
rename-info-files:
Allow transformations on info file names. Reference the
transformed info file names in the texinfo files.
libstdc++-pic:
Build and install libstdc++_pic.a library.
libstdc++-doclink:
adjust hrefs to point to the local documentation
amd64-specs:
On x86-64 use 64bits mode assembly except with -m32.
gccbug:
Use sensible-editor instead of vi as fallback editor
gccbug-posix:
Make gccbug POSIX compliant (patch by David Weinehall)
http://www.opengroup.org/onlinepubs/009695399/utilities/test.html
boehm-gc-nocheck:
Disable running the boehm-gc testsuite. Hangs the buildd at least on hppa.
acats-expect:
Run the ACATS testsuite using expect
fastjar-version:
Append GCC version to the fastjar version string.
libstdc++-doxygen:
libstdc++ doxygen docs: Set SHORT_NAMES to YES
arm-bigendian:
pr21540:
Fix PR java/21540.
pr19877:
Proposed patch to fix PR19877 (libgcj configury)
323016:
Apply proposed patch for http://bugs.debian.org/323016
classpath-20050618:
- update classpath awt, swing and xml parser for HTML support in swing.
taken from classpath CVS HEAD 2005-06-18.
- updates for gnu.xml and javax.swing.text.html.
classmap-path:
Search classmap.db in /var/lib/gcj-4.0 (omitting the subminor version).
xml-update-20050930:
classpath xml-update from 20050930
gcc-m68k-update:
2005-07-24 Andreas Schwab <schwab@suse.de>
* config/m68k/m68k.md ("extendqidi2"): When source is an address
register use a word move. Correct operand of ext.w in 68000 code.
libjava-awt-name:
2005-05-12 Thomas Fitzsimmons <fitzsim@redhat.com>
* Makefile.am (cond_gtk_gcjawt_ltlibrary): Rename libjawt.la
libgcjawt.la.
libjava-awt-peer-gtk:
Fix a segfault on architectures where the size of a pointer is
greater than the size of an integer, such as ia64.
libjava-dlsearch-path:
Add /usr/lib/gcj-4.0 to the dlsearch path.
libjava-echo-fix:
2005-09-18 Matthias Klose <doko@debian.org>
* Makefile.am (Makefile.deps): Don't use non-standardized escape
sequences in echo command.
* Makefile.in: Regenerate.
libjava-streamserializer:
Fix Ubuntu #12744, bug in StreamSerializer, seen with eclipse-3.1
pr19870:
Fix PR java/PR19870, taken from CVS HEAD.
pr21844:
Fix PR java/21844, taken from CVS HEAD.
pr20338:
Fix PR java/20338, proposed for the 4.0 branch
deb-protoize:
build protoize/unprotoize binaries
ada-link-lib:
- Install the shared Ada libraries as '.so.1', not '.so' to conform
to the Debian policy.
- Don't include a runtime link path (-rpath), when linking binaries.
- Build the shared libraries on hppa-linux.
ada-gcc-name:
use gcc-4.0 instead of gcc as the command name.
link-libs:
reporting:
Add Debian URL for bug reporting isntructions.
disable-biarch-check:
For biarch builds, disable the testsuite for the non-default architecture
for runtime libraries, which are not built by default (libjava).
biarch-include:
biarch-include.dpatch
Adds biarch include directories
/usr/include/c++/<ver>/<arch>-linux-gnu
/usr/local/include/<arch>-linux-gnu
/usr/include/<arch>-linux-gnu
to the system include paths, depending on 32/64 bit mode.
powerpc-config-ml:
disable some biarch libraries for powerpc64 build
powerpc-biarch:
enable biarch for 32 bit compiler
libjava-biarch-awt:
Counting all warnings,
there are 181 warnings in stage3 of this bootstrap.
Number of warnings per file:
63 ./auto-host.h
22 gcc/tsystem.h
22 gcc/defaults.h
21 gcc/config/rs6000/rs6000.h
12 gcc/cppdefault.c
11 treelang/lex.c
11 gengtype-lex.c
6 gcc/config/rs6000/altivec.md
5 gcc/gcc.c
2 gcc/objc/lang-specs.h
1 warning
1 gcc/treelang/parse.y
1 gcc/protoize.c
1 gcc/java/jvspec.c
1 gcc/java/jcf-write.c
1 ./configargs.h
Number of warning types:
64 this is the location of the previous definition
22 `HAVE_DECL_GETOPT' redefined
22 `DEFAULT_USE_CXA_ATEXIT' redefined
20 `HAVE_AS_TLS' redefined
6 missing initializer
4 operand 3 missing mode?
2 operand 1 missing mode?
2 no previous prototype for âÂÂyyset_outâÂÂ
2 no previous prototype for âÂÂyyset_linenoâÂÂ
2 no previous prototype for âÂÂyyset_inâÂÂ
2 no previous prototype for âÂÂyyset_debugâÂÂ
2 no previous prototype for âÂÂyylex_destroyâÂÂ
2 no previous prototype for âÂÂyyget_textâÂÂ
2 no previous prototype for âÂÂyyget_outâÂÂ
2 no previous prototype for âÂÂyyget_linenoâÂÂ
2 no previous prototype for âÂÂyyget_lengâÂÂ
2 no previous prototype for âÂÂyyget_inâÂÂ
2 no previous prototype for âÂÂyyget_debugâÂÂ
1 unused variable âÂÂtypeâÂÂ
1 string length âÂÂ844â is greater than the length âÂÂ509â ISO C89 compilers are required to support
1 string length âÂÂ834â is greater than the length âÂÂ509â ISO C89 compilers are required to support
1 string length âÂÂ791â is greater than the length âÂÂ509â ISO C89 compilers are required to support
1 string length âÂÂ783â is greater than the length âÂÂ509â ISO C89 compilers are required to support
1 string length âÂÂ692â is greater than the length âÂÂ509â ISO C89 compilers are required to support
1 string length âÂÂ643â is greater than the length âÂÂ509â ISO C89 compilers are required to support
1 string length âÂÂ623â is greater than the length âÂÂ509â ISO C89 compilers are required to support
1 string length âÂÂ608â is greater than the length âÂÂ509â ISO C89 compilers are required to support
1 string length âÂÂ1148â is greater than the length âÂÂ509â ISO C89 compilers are required to support
1 (near initialization for âÂÂcpp_include_defaults[7].biarchâÂÂ)
1 (near initialization for âÂÂcpp_include_defaults[6].biarchâÂÂ)
1 (near initialization for âÂÂcpp_include_defaults[3].biarchâÂÂ)
1 (near initialization for âÂÂcpp_include_defaults[11].biarchâÂÂ)
1 (near initialization for âÂÂcpp_include_defaults[10].biarchâÂÂ)
1 (near initialization for âÂÂcpp_include_defaults[0].biarchâÂÂ)
1 In file included from ../../src/gcc/gcov-io.h:239`HAVE_AS_TLS' redefined
1 control may reach end of non-void function âÂÂcheck_type_matchâ being inlined
1 argument âÂÂclean_text_pâ might be clobbered by âÂÂlongjmpâ or âÂÂvforkâÂÂ
More information about the Gcc-testresults
mailing list