Results for 4.1.0 20051007 (experimental) testsuite on hppa-unknown-linux-gnu
John David Anglin
dave@hiauly6.hia.nrc.ca
Fri Oct 7 19:59:00 GMT 2005
LAST_UPDATED: Fri Oct 7 02:10:24 UTC 2005
Native configuration is hppa-unknown-linux-gnu
=== g++ tests ===
Running target unix
FAIL: g++.dg/abi/rtti1.C scan-assembler-dem-not \\ntypeinfo for A[: \\t\\n]
XPASS: g++.old-deja/g++.other/init5.C execution test
=== g++ Summary ===
# of expected passes 11315
# of unexpected failures 1
# of unexpected successes 1
# of expected failures 66
# of unsupported tests 101
/home/dave/gnu/gcc-4.0/objdir/gcc/testsuite/../g++ version 4.1.0 20051007 (experimental)
=== gcc tests ===
Running target unix
XPASS: gcc.dg/tree-ssa/loop-1.c scan-assembler-times foo 5
=== gcc Summary ===
# of expected passes 36361
# of unexpected successes 1
# of expected failures 74
# of untested testcases 28
# of unsupported tests 535
/home/dave/gnu/gcc-4.0/objdir/gcc/xgcc version 4.1.0 20051007 (experimental)
=== gfortran tests ===
Running target unix
=== gfortran Summary ===
# of expected passes 9531
# of expected failures 1
# of unsupported tests 50
/home/dave/gnu/gcc-4.0/objdir/gcc/testsuite/../gfortran version 4.1.0 20051007 (experimental)
=== objc tests ===
Running target unix
=== objc Summary ===
# of expected passes 1672
# of unsupported tests 22
/home/dave/gnu/gcc-4.0/objdir/gcc/xgcc version 4.1.0 20051007 (experimental)
=== libffi tests ===
Running target unix
=== libffi Summary ===
# of expected passes 228
# of unsupported tests 2
=== libjava tests ===
Running target unix
FAIL: Serialization output - gij test
FAIL: Serialization output - gij test
WARNING: program timed out.
FAIL: SyncTest execution - gij test
FAIL: negzero output - gij test
FAIL: negzero output - gij test
=== libjava Summary ===
# of expected passes 3962
# of unexpected failures 5
# of expected failures 10
# of untested testcases 9
=== libmudflap tests ===
Running target unix
=== libmudflap Summary ===
# of expected passes 1789
=== libstdc++ tests ===
Running target unix
XPASS: 26_numerics/cmath/c99_classification_macros_c.cc (test for excess errors)
=== libstdc++ Summary ===
# of expected passes 3344
# of unexpected successes 1
# of expected failures 15
# of unsupported tests 315
Compiler version: 4.1.0 20051007 (experimental)
Platform: hppa-unknown-linux-gnu
configure flags: --with-gnu-as --with-as=/home/dave/opt/gnu/bin/as --with-gnu-ld --with-ld=/home/dave/opt/gnu/bin/ld --enable-shared --prefix=/home/dave/opt/gnu/gcc/gcc-4.1.0 --with-local-prefix=/home/dave/opt/gnu --enable-threads=posix --enable-__cxa_atexit --host=hppa-linux --enable-clocale=gnu --enable-java-gc=boehm --enable-java-awt=xlib --enable-languages=c,c++,fortran,java,objc
More information about the Gcc-testresults
mailing list