Results for 4.1.020051004(experimental) testsuite on x86_64-unknown-linux-gnu

Toon Moene toon@moene.indiv.nluug.nl
Wed Oct 5 05:04:00 GMT 2005


LAST_UPDATED: Tue Oct 4 18:02:12 UTC 2005

Native configuration is x86_64-unknown-linux-gnu

		=== g++ tests ===


Running target unix
FAIL: g++.dg/init/struct3.C (test for excess errors)

		=== g++ Summary ===

# of expected passes		11319
# of unexpected failures	1
# of expected failures		67
# of unsupported tests		92
/home/toon/compilers/snapshots/obj/gcc/testsuite/../g++  version 4.1.0 20051004 (experimental)

		=== gcc tests ===


Running target unix
FAIL: gcc.dg/asm-1.c (test for excess errors)
FAIL: gcc.dg/tree-ssa/loop-3.c scan-tree-dump-times step: 1

		=== gcc Summary ===

# of expected passes		37345
# of unexpected failures	2
# of expected failures		95
# of untested testcases		28
# of unsupported tests		458
/home/toon/compilers/snapshots/obj/gcc/xgcc  version 4.1.0 20051004 (experimental)

		=== gfortran tests ===


Running target unix

		=== gfortran Summary ===

# of expected passes		9616
# of expected failures		7
# of unsupported tests		16
/home/toon/compilers/snapshots/obj/gcc/testsuite/../gfortran  version 4.1.0 20051004 (experimental)

		=== objc tests ===


Running target unix
FAIL: objc/execute/exceptions/catchall-1.m execution,  -Os  -fgnu-runtime
FAIL: objc/execute/exceptions/local-variables-1.m execution,  -Os  -fgnu-runtime

		=== objc Summary ===

# of expected passes		1670
# of unexpected failures	2
# of unsupported tests		22
/home/toon/compilers/snapshots/obj/gcc/xgcc  version 4.1.0 20051004 (experimental)

		=== libffi tests ===


Running target unix

		=== libffi Summary ===

# of expected passes		228
# of unsupported tests		2
		=== libjava tests ===


Running target unix

		=== libjava Summary ===

# of expected passes		3968
# of expected failures		10
# of untested testcases		8
		=== libmudflap tests ===


Running target unix

		=== libmudflap Summary ===

# of expected passes		1789
		=== libstdc++ tests ===


Running target unix
FAIL: abi_check
XPASS: 26_numerics/cmath/c99_classification_macros_c.cc (test for excess errors)
XPASS: 27_io/fpos/14320-1.cc execution test

		=== libstdc++ Summary ===

# of expected passes		3324
# of unexpected failures	1
# of unexpected successes	2
# of expected failures		14
# of unsupported tests		319

Compiler version: 4.1.020051004(experimental) 
Platform: x86_64-unknown-linux-gnu
configure flags: --prefix=/usr/snp --disable-nls --disable-multilib --enable-languages=c,c++,fortran,java,objc



More information about the Gcc-testresults mailing list