Results for 4.1.0 20051001 (experimental) testsuite on i686-pc-linux-gnu
CodeSourcery Automatic Testing System
gcc@codesourcery.com
Sat Oct 1 12:07:00 GMT 2005
LAST_UPDATED: Sat Oct 1 07:50:24 UTC 2005
Native configuration is i686-pc-linux-gnu
=== g++ tests ===
Running target unix
=== g++ Summary ===
# of expected passes 11402
# of expected failures 67
# of unsupported tests 62
/scratch/gcc/nightly-2005-10-01-mainline/i686-pc-linux-gnu/build_gcc/install/bin/c++ version 4.1.0 20051001 (experimental)
=== gcc tests ===
Running target unix
FAIL: gcc.dg/asm-1.c (test for excess errors)
=== gcc Summary ===
# of expected passes 37414
# of unexpected failures 1
# of expected failures 96
# of untested testcases 28
# of unsupported tests 344
/scratch/gcc/nightly-2005-10-01-mainline/i686-pc-linux-gnu/build_gcc/install/bin/gcc version 4.1.0 20051001 (experimental)
=== libstdc++ tests ===
Running target unix
FAIL: 22_locale/messages/members/char/1.cc execution test
FAIL: 22_locale/messages/members/char/2.cc execution test
FAIL: 22_locale/messages/members/char/wrapped_env.cc execution test
FAIL: 22_locale/messages/members/char/wrapped_locale.cc execution test
FAIL: 22_locale/messages_byname/named_equivalence.cc execution test
XPASS: 26_numerics/cmath/c99_classification_macros_c.cc (test for excess errors)
=== libstdc++ Summary ===
# of expected passes 3929
# of unexpected failures 5
# of unexpected successes 1
# of expected failures 15
# of unsupported tests 5
Compiler version: 4.1.0 20051001 (experimental)
Platform: i686-pc-linux-gnu
configure flags: --disable-nls --build=i686-pc-linux-gnu --host=i686-pc-linux-gnu --target=i686-pc-linux-gnu --enable-threads=posix --disable-libmudflap --disable-libssp --with-gnu-as --with-as=/scratch/gcc/nightly-2005-10-01-mainline/i686-pc-linux-gnu/build_gcc/install/bin/as --with-gnu-ld --with-ld=/scratch/gcc/nightly-2005-10-01-mainline/i686-pc-linux-gnu/build_gcc/install/bin/ld --prefix=/scratch/gcc/nightly-2005-10-01-mainline/i686-pc-linux-gnu/build_gcc/install --enable-languages=c,c++
More information about the Gcc-testresults
mailing list