Results for 4.2.0 20051129 (experimental) testsuite on i686-pc-cygwin
David Billinghurst
David.Billinghurst@riotinto.com
Wed Nov 30 21:41:00 GMT 2005
CYGWIN_NT-5.1 calttws68 1.5.18(0.132/4/2) 2005-07-02 20:30 i686 unknown
unknown Cygwin
Windows XP Professional Ver 5.1 Build 2600 Service Pack 2
PROCESSOR_IDENTIFIER = \`x86 Family 15 Model 0 Stepping 10, GenuineIntel'
Needs patch to stop a crash building libiberty
http://gcc.gnu.org/ml/gcc-patches/2005-05/msg00009.html
LAST_UPDATED: Tue Nov 29 23:16:30 UTC 2005 (revision 107682)
Native configuration is i686-pc-cygwin
=== g++ tests ===
Running target unix
FAIL: g++.dg/abi/local1.C execution test
FAIL: g++.dg/abi/rtti1.C scan-assembler-dem-not \\ntypeinfo for A[:
\\t\\n]
FAIL: g++.dg/init/array15.C execution test
FAIL: g++.dg/opt/complex3.C (test for excess errors)
FAIL: g++.dg/opt/vt1.C scan-assembler-not
section[^\\n\\r]*_ZTV1S[^\\n\\r]*"[^w"\\n\\r]*"
XPASS: g++.dg/tree-ssa/pr14814.C scan-tree-dump-times &this 0
FAIL: g++.dg/pch/externc-1.C -g assembly comparison
FAIL: g++.dg/pch/externc-1.C -O2 -g assembly comparison
FAIL: g++.dg/pch/static-1.C -g assembly comparison
FAIL: g++.dg/pch/static-1.C -O2 -g assembly comparison
FAIL: g++.dg/pch/system-1.C -g assembly comparison
FAIL: g++.dg/pch/system-1.C -O2 -g assembly comparison
FAIL: g++.dg/pch/system-2.C -g assembly comparison
FAIL: g++.dg/pch/system-2.C -O2 -g assembly comparison
FAIL: g++.dg/pch/uninst.C -g assembly comparison
FAIL: g++.dg/pch/uninst.C -O2 -g assembly comparison
FAIL: g++.dg/pch/wchar-1.C -g assembly comparison
FAIL: g++.dg/pch/wchar-1.C -O2 -g assembly comparison
FAIL: g++.old-deja/g++.eh/badalloc1.C execution test
XPASS: g++.old-deja/g++.ext/attrib5.C execution test
=== g++ Summary ===
# of expected passes 11867
# of unexpected failures 18
# of unexpected successes 2
# of expected failures 66
# of unsupported tests 115
/usr/local/obj/gcc/gcc/testsuite/../g++ version 4.2.0 20051129
(experimental)
=== gcc tests ===
Running target unix
FAIL: gcc.c-torture/compile/20001226-1.c (test for excess errors)
XPASS: gcc.dg/cpp/cmdlne-dI-M.c scan-file
(^|\\\\n)cmdlne-dI-M.*:[^\\\\n]*cmdlne-dI-M.c
XPASS: gcc.dg/cpp/cmdlne-dM-M.c scan-file
(^|\\\\n)cmdlne-dM-M[^\\\\n]*:[^\\\\n]*cmdlne-dM-M.c
FAIL: gcc.dg/20021014-1.c (test for excess errors)
WARNING: gcc.dg/20021014-1.c compilation failed to produce executable
FAIL: gcc.dg/pr17957.c (test for excess errors)
ERROR: gcc.dg/torture/fp-int-convert-float128-timode.c: syntax error in
target selector "target ia64-*-* && lp64" for " dg-xfail-if 5 "" {
ia64-*-* && lp64 } { "*" } { "" } "
UNRESOLVED: gcc.dg/torture/fp-int-convert-float128-timode.c: syntax error
in target selector "target ia64-*-* && lp64" for " dg-xfail-if 5 "" {
ia64-*-* && lp64 } { "*" } { "" } "
ERROR: gcc.dg/torture/fp-int-convert-float128-timode.c: syntax error in
target selector "target ia64-*-* && lp64" for " dg-xfail-if 5 "" {
ia64-*-* && lp64 } { "*" } { "" } "
UNRESOLVED: gcc.dg/torture/fp-int-convert-float128-timode.c: syntax error
in target selector "target ia64-*-* && lp64" for " dg-xfail-if 5 "" {
ia64-*-* && lp64 } { "*" } { "" } "
ERROR: gcc.dg/torture/fp-int-convert-float128-timode.c: syntax error in
target selector "target ia64-*-* && lp64" for " dg-xfail-if 5 "" {
ia64-*-* && lp64 } { "*" } { "" } "
UNRESOLVED: gcc.dg/torture/fp-int-convert-float128-timode.c: syntax error
in target selector "target ia64-*-* && lp64" for " dg-xfail-if 5 "" {
ia64-*-* && lp64 } { "*" } { "" } "
ERROR: gcc.dg/torture/fp-int-convert-float128-timode.c: syntax error in
target selector "target ia64-*-* && lp64" for " dg-xfail-if 5 "" {
ia64-*-* && lp64 } { "*" } { "" } "
UNRESOLVED: gcc.dg/torture/fp-int-convert-float128-timode.c: syntax error
in target selector "target ia64-*-* && lp64" for " dg-xfail-if 5 "" {
ia64-*-* && lp64 } { "*" } { "" } "
ERROR: gcc.dg/torture/fp-int-convert-float128-timode.c: syntax error in
target selector "target ia64-*-* && lp64" for " dg-xfail-if 5 "" {
ia64-*-* && lp64 } { "*" } { "" } "
UNRESOLVED: gcc.dg/torture/fp-int-convert-float128-timode.c: syntax error
in target selector "target ia64-*-* && lp64" for " dg-xfail-if 5 "" {
ia64-*-* && lp64 } { "*" } { "" } "
ERROR: gcc.dg/torture/fp-int-convert-float128-timode.c: syntax error in
target selector "target ia64-*-* && lp64" for " dg-xfail-if 5 "" {
ia64-*-* && lp64 } { "*" } { "" } "
UNRESOLVED: gcc.dg/torture/fp-int-convert-float128-timode.c: syntax error
in target selector "target ia64-*-* && lp64" for " dg-xfail-if 5 "" {
ia64-*-* && lp64 } { "*" } { "" } "
WARNING: gcc.dg/torture/fp-int-convert-float128.c compilation failed to
produce executable
WARNING: gcc.dg/torture/fp-int-convert-float128.c compilation failed to
produce executable
WARNING: gcc.dg/torture/fp-int-convert-float128.c compilation failed to
produce executable
WARNING: gcc.dg/torture/fp-int-convert-float128.c compilation failed to
produce executable
WARNING: gcc.dg/torture/fp-int-convert-float128.c compilation failed to
produce executable
WARNING: gcc.dg/torture/fp-int-convert-float128.c compilation failed to
produce executable
FAIL: gcc.dg/tree-ssa/loop-1.c scan-assembler-times foo 5
FAIL: gcc.dg/vect/vect-62.c scan-tree-dump-times not vectorized: redundant
loop. no profit to vectorize. 1
FAIL: compiler driver --coverage option(s) (compiler options)
FAIL: gcc.target/i386/pic-1.c (test for errors, line 10)
=== gcc Summary ===
# of expected passes 39591
# of unexpected failures 7
# of unexpected successes 2
# of expected failures 99
# of unresolved testcases 6
# of untested testcases 28
# of unsupported tests 259
/usr/local/obj/gcc/gcc/xgcc version 4.2.0 20051129 (experimental)
=== gfortran tests ===
Running target unix
FAIL: gfortran.dg/secnds.f execution test
FAIL: gfortran.dg/secnds.f (test for excess errors)
=== gfortran Summary ===
# of expected passes 10705
# of unexpected failures 2
# of expected failures 7
# of unsupported tests 40
/usr/local/obj/gcc/gcc/testsuite/../gfortran version 4.2.0 20051129
(experimental)
=== objc tests ===
Running target unix
=== objc Summary ===
# of expected passes 1738
# of unsupported tests 22
/usr/local/obj/gcc/gcc/xgcc version 4.2.0 20051129 (experimental)
=== libstdc++ tests ===
Running target unix
FAIL: 26_numerics/cmath/c99_classification_macros_c.cc (test for excess
errors)
FAIL: 27_io/basic_filebuf/seekoff/char/1-io.cc execution test
ERROR: tcl error sourcing
/usr/local/src/gcc/libstdc++-v3/testsuite/libstdc++-dg/normal.exp.
ERROR: rm: cannot remove \`./1-io.exe': Permission denied
=== libstdc++ Summary ===
# of expected passes 2017
# of unexpected failures 2
# of unsupported tests 409
Compiler version: 4.2.0 20051129 (experimental)
Platform: i686-pc-cygwin
configure
flags: --prefix=/usr/local/gcc-4_2 --enable-threads=posix --disable-libgcj
--enable-sjlj-exceptions --with-system-zlib --enable-nls --disable-libmud
flap --enable-version-specific-runtime-libs --without-included-gettext --d
isable-shared --enable-languages=c,c++,fortran,java,objc
Counting all warnings,
there are 14 warnings in stage3 of this bootstrap.
Number of warnings per file:
5 gcc/gcc.c
3 gengtype-lex.c
3 gcc/config/i386/i386.md
2 gcc/objc/lang-specs.h
1 gcc/java/jvspec.c
Number of warning types:
9 string length \`???' is greater than the length \`???' ISO C89
compilers are required to support
3 old-style function definition
1 passing argument 2 of \`???' from incompatible pointer type
1 operand 1 missing mode?
NOTICE
This e-mail and any attachments are private and confidential and may
contain privileged information. If you are not an authorised recipient,
the copying or distribution of this e-mail and any attachments is
prohibited and you must not read, print or act in reliance on this e-mail
or attachments.
This notice should not be removed.
More information about the Gcc-testresults
mailing list