Results for 4.2.0 20051130 (experimental) testsuite on i686-pc-linux-gnu

Diego Novillo dnovillo@redhat.com
Wed Nov 30 12:06:00 GMT 2005


LAST_UPDATED: 
Native configuration is i686-pc-linux-gnu

		=== g++ tests ===


Running target unix
XPASS: g++.dg/tree-ssa/pr14814.C scan-tree-dump-times &this 0

		=== g++ Summary ===

# of expected passes		11689
# of unexpected successes	1
# of expected failures		66
# of unsupported tests		64
/notnfs/dnovillo/sbox/gcc/bld.toribio/gcc/testsuite/../g++  version 4.2.0 20051130 (experimental)

		=== gcc tests ===


Running target unix
ERROR: gcc.dg/torture/fp-int-convert-float128-timode.c: syntax error in target selector "target ia64-*-* && lp64" for " dg-xfail-if 5 "" { ia64-*-* && lp64 } { "*" } { "" } "
UNRESOLVED: gcc.dg/torture/fp-int-convert-float128-timode.c: syntax error in target selector "target ia64-*-* && lp64" for " dg-xfail-if 5 "" { ia64-*-* && lp64 } { "*" } { "" } "
ERROR: gcc.dg/torture/fp-int-convert-float128-timode.c: syntax error in target selector "target ia64-*-* && lp64" for " dg-xfail-if 5 "" { ia64-*-* && lp64 } { "*" } { "" } "
UNRESOLVED: gcc.dg/torture/fp-int-convert-float128-timode.c: syntax error in target selector "target ia64-*-* && lp64" for " dg-xfail-if 5 "" { ia64-*-* && lp64 } { "*" } { "" } "
ERROR: gcc.dg/torture/fp-int-convert-float128-timode.c: syntax error in target selector "target ia64-*-* && lp64" for " dg-xfail-if 5 "" { ia64-*-* && lp64 } { "*" } { "" } "
UNRESOLVED: gcc.dg/torture/fp-int-convert-float128-timode.c: syntax error in target selector "target ia64-*-* && lp64" for " dg-xfail-if 5 "" { ia64-*-* && lp64 } { "*" } { "" } "
ERROR: gcc.dg/torture/fp-int-convert-float128-timode.c: syntax error in target selector "target ia64-*-* && lp64" for " dg-xfail-if 5 "" { ia64-*-* && lp64 } { "*" } { "" } "
UNRESOLVED: gcc.dg/torture/fp-int-convert-float128-timode.c: syntax error in target selector "target ia64-*-* && lp64" for " dg-xfail-if 5 "" { ia64-*-* && lp64 } { "*" } { "" } "
ERROR: gcc.dg/torture/fp-int-convert-float128-timode.c: syntax error in target selector "target ia64-*-* && lp64" for " dg-xfail-if 5 "" { ia64-*-* && lp64 } { "*" } { "" } "
UNRESOLVED: gcc.dg/torture/fp-int-convert-float128-timode.c: syntax error in target selector "target ia64-*-* && lp64" for " dg-xfail-if 5 "" { ia64-*-* && lp64 } { "*" } { "" } "
ERROR: gcc.dg/torture/fp-int-convert-float128-timode.c: syntax error in target selector "target ia64-*-* && lp64" for " dg-xfail-if 5 "" { ia64-*-* && lp64 } { "*" } { "" } "
UNRESOLVED: gcc.dg/torture/fp-int-convert-float128-timode.c: syntax error in target selector "target ia64-*-* && lp64" for " dg-xfail-if 5 "" { ia64-*-* && lp64 } { "*" } { "" } "
WARNING: gcc.dg/torture/fp-int-convert-float128.c compilation failed to produce executable
WARNING: gcc.dg/torture/fp-int-convert-float128.c compilation failed to produce executable
WARNING: gcc.dg/torture/fp-int-convert-float128.c compilation failed to produce executable
WARNING: gcc.dg/torture/fp-int-convert-float128.c compilation failed to produce executable
WARNING: gcc.dg/torture/fp-int-convert-float128.c compilation failed to produce executable
WARNING: gcc.dg/torture/fp-int-convert-float128.c compilation failed to produce executable
FAIL: gcc.dg/vect/vect-62.c scan-tree-dump-times not vectorized: redundant loop. no profit to vectorize. 1

		=== gcc Summary ===

# of expected passes		37996
# of unexpected failures	1
# of expected failures		102
# of unresolved testcases	6
# of untested testcases		28
# of unsupported tests		234
/notnfs/dnovillo/sbox/gcc/bld.toribio/gcc/xgcc  version 4.2.0 20051130 (experimental)

		=== gfortran tests ===


Running target unix

		=== gfortran Summary ===

# of expected passes		10747
# of expected failures		15
# of unsupported tests		16
/notnfs/dnovillo/sbox/gcc/bld.toribio/gcc/testsuite/../gfortran  version 4.2.0 20051130 (experimental)

		=== objc tests ===


Running target unix

		=== objc Summary ===

# of expected passes		1674
# of unsupported tests		22
/notnfs/dnovillo/sbox/gcc/bld.toribio/gcc/xgcc  version 4.2.0 20051130 (experimental)

		=== libffi tests ===


Running target unix

		=== libffi Summary ===

# of expected passes		228
# of unsupported tests		2
		=== libjava tests ===


Running target unix
FAIL: LargeFile execution - source compiled test
FAIL: LargeFile execution - gij test
FAIL: LargeFile execution - bytecode->native test
FAIL: LargeFile -O3 execution - source compiled test
FAIL: LargeFile execution - gij test
FAIL: LargeFile -O3 execution - bytecode->native test

		=== libjava Summary ===

# of expected passes		3981
# of unexpected failures	6
# of expected failures		10
# of untested testcases		14
		=== libmudflap tests ===


Running target unix

		=== libmudflap Summary ===

# of expected passes		1789
		=== libstdc++ tests ===


Running target unix
XPASS: 26_numerics/cmath/c99_classification_macros_c.cc (test for excess errors)

		=== libstdc++ Summary ===

# of expected passes		1597
# of unexpected successes	1
# of expected failures		6
# of unsupported tests		4

Compiler version: 4.2.0 20051130 (experimental) 
Platform: i686-pc-linux-gnu
configure flags: --prefix=/home/cygnus/dnovillo/perf/sbox/gcc/local.i686/inst.toribio --srcdir=/home/cygnus/dnovillo/perf/sbox/gcc/local.i686/src --enable-mpfr --with-gmp=/home/cygnus/dnovillo/i686 --disable-checking --enable-languages=c,c++,fortran,java,objc



More information about the Gcc-testresults mailing list