Results for 4.2.0-gomp-20050608-branch 20051126 (experimental) (merged 20051124) testsuite on x86_64-unknown-linux-gnu
Diego Novillo
dnovillo@redhat.com
Wed Nov 30 09:20:00 GMT 2005
LAST_UPDATED:
Native configuration is x86_64-unknown-linux-gnu
=== g++ tests ===
Running target unix
XPASS: g++.dg/tree-ssa/pr14814.C scan-tree-dump-times &this 0
=== g++ Summary ===
# of expected passes 11884
# of unexpected successes 1
# of expected failures 67
# of unsupported tests 95
/notnfs/dnovillo/sbox/gomp/bld.torquemada/gcc/testsuite/../g++ version 4.2.0-gomp-20050608-branch 20051126 (experimental) (merged 20051124)
=== gcc tests ===
Running target unix
FAIL: tmpdir-gcc.dg-struct-layout-1/t026 c_compat_x_tst.o-c_compat_y_tst.o execute
FAIL: gcc.dg/ipa/ipa-1.c (test for excess errors)
FAIL: gcc.dg/ipa/ipa-2.c (test for excess errors)
FAIL: gcc.dg/ipa/ipa-3.c (test for excess errors)
FAIL: gcc.dg/ipa/ipa-4.c (test for excess errors)
FAIL: gcc.dg/ipa/ipa-5.c (test for excess errors)
WARNING: gcc.dg/torture/fp-int-convert-float128-timode.c -O0 compilation failed to produce executable
WARNING: gcc.dg/torture/fp-int-convert-float128-timode.c -O1 compilation failed to produce executable
WARNING: gcc.dg/torture/fp-int-convert-float128-timode.c -O2 compilation failed to produce executable
WARNING: gcc.dg/torture/fp-int-convert-float128-timode.c -O3 -fomit-frame-pointer compilation failed to produce executable
WARNING: gcc.dg/torture/fp-int-convert-float128-timode.c -O3 -g compilation failed to produce executable
WARNING: gcc.dg/torture/fp-int-convert-float128-timode.c -Os compilation failed to produce executable
WARNING: gcc.dg/torture/fp-int-convert-float128.c -O0 compilation failed to produce executable
WARNING: gcc.dg/torture/fp-int-convert-float128.c -O1 compilation failed to produce executable
WARNING: gcc.dg/torture/fp-int-convert-float128.c -O2 compilation failed to produce executable
WARNING: gcc.dg/torture/fp-int-convert-float128.c -O3 -fomit-frame-pointer compilation failed to produce executable
WARNING: gcc.dg/torture/fp-int-convert-float128.c -O3 -g compilation failed to produce executable
WARNING: gcc.dg/torture/fp-int-convert-float128.c -Os compilation failed to produce executable
FAIL: gcc.dg/vect/vect-62.c scan-tree-dump-times not vectorized: redundant loop. no profit to vectorize. 1
=== gcc Summary ===
# of expected passes 38104
# of unexpected failures 7
# of expected failures 118
# of untested testcases 28
# of unsupported tests 352
/notnfs/dnovillo/sbox/gomp/bld.torquemada/gcc/xgcc version 4.2.0-gomp-20050608-branch 20051126 (experimental) (merged 20051124)
=== gfortran tests ===
Running target unix
=== gfortran Summary ===
# of expected passes 10911
# of expected failures 20
# of unsupported tests 16
/notnfs/dnovillo/sbox/gomp/bld.torquemada/gcc/testsuite/../gfortran version 4.2.0-gomp-20050608-branch 20051126 (experimental) (merged 20051124)
=== libgomp tests ===
Running target unix
FAIL: libgomp.c/atomic-2.c (test for excess errors)
WARNING: libgomp.c/atomic-2.c compilation failed to produce executable
=== libgomp Summary ===
# of expected passes 1320
# of unexpected failures 1
=== libmudflap tests ===
Running target unix
=== libmudflap Summary ===
# of expected passes 1789
=== libstdc++ tests ===
Running target unix
XPASS: 26_numerics/cmath/c99_classification_macros_c.cc (test for excess errors)
XPASS: 27_io/fpos/14320-1.cc execution test
=== libstdc++ Summary ===
# of expected passes 4018
# of unexpected successes 2
# of expected failures 11
# of unsupported tests 4
Compiler version: 4.2.0-gomp-20050608-branch 20051126 (experimental) (merged 20051124)
Platform: x86_64-unknown-linux-gnu
configure flags: --prefix=/home/cygnus/dnovillo/perf/sbox/gomp/local.x86_64/inst.torquemada --srcdir=/home/cygnus/dnovillo/perf/sbox/gomp/local.x86_64/src --enable-mpfr --disable-multilib --enable-languages=c,c++,fortran
More information about the Gcc-testresults
mailing list