Results for 4.1.0 20051129 (prerelease) testsuite on sparc64-sun-solaris2.9
Eric Botcazou
eric@linux.site
Tue Nov 29 23:51:00 GMT 2005
LAST_UPDATED: Tue Nov 29 04:49:52 UTC 2005 (revision 107650)
Native configuration is sparc64-sun-solaris2.9
=== g++ tests ===
Running target unix
WARNING: g++.dg/other/ucnid-1.C compilation failed to produce executable
XPASS: g++.dg/tree-ssa/pr14814.C scan-tree-dump-times &this 0
=== g++ Summary ===
# of expected passes 11456
# of unexpected successes 1
# of expected failures 67
# of unsupported tests 135
/opt/build/eric/gcc-4_1-branch/gcc/testsuite/../g++ version 4.1.0 20051129 (prerelease)
=== gcc tests ===
Running target unix
WARNING: program timed out.
FAIL: gcc.c-torture/compile/20001226-1.c -O3 -g (test for excess errors)
WARNING: gcc.dg/ucnid-2.c compilation failed to produce executable
WARNING: gcc.dg/ucnid-3.c compilation failed to produce executable
WARNING: gcc.dg/ucnid-4.c compilation failed to produce executable
FAIL: largefile.c -O0 -g (test for excess errors)
FAIL: largefile.c -O0 (test for excess errors)
FAIL: largefile.c -O1 (test for excess errors)
FAIL: largefile.c -O2 (test for excess errors)
FAIL: largefile.c -O3 -fomit-frame-pointer (test for excess errors)
FAIL: largefile.c -O3 -g (test for excess errors)
FAIL: largefile.c -Os (test for excess errors)
XPASS: gcc.dg/vect/pr20122.c scan-tree-dump-times vectorized 1 loops 2
FAIL: gcc.dg/vect/pr24300.c (test for excess errors)
XPASS: gcc.dg/vect/vect-105.c scan-tree-dump-times vectorized 1 loops 1
FAIL: gcc.dg/vect/vect-62.c scan-tree-dump-times not vectorized: redundant loop. no profit to vectorize. 1
XPASS: gcc.dg/vect/vect-75.c scan-tree-dump-times vectorized 1 loops 1
XPASS: gcc.dg/vect/vect-76.c scan-tree-dump-times vectorized 3 loops 1
FAIL: gcc.dg/vect/vect-76.c scan-tree-dump-times vectorized 1 loops 1
FAIL: gcc.dg/vect/vect-reduc-1char.c scan-tree-dump-times vectorized 3 loops 1
FAIL: gcc.dg/vect/vect-reduc-1short.c scan-tree-dump-times vectorized 3 loops 1
FAIL: gcc.dg/vect/vect-reduc-2char.c scan-tree-dump-times vectorized 3 loops 1
FAIL: gcc.dg/vect/vect-reduc-2short.c scan-tree-dump-times vectorized 3 loops 1
=== gcc Summary ===
# of expected passes 36929
# of unexpected failures 15
# of unexpected successes 4
# of expected failures 104
# of untested testcases 35
# of unsupported tests 375
/opt/build/eric/gcc-4_1-branch/gcc/xgcc version 4.1.0 20051129 (prerelease)
=== gfortran tests ===
Running target unix
FAIL: gfortran.dg/vect/vect-5.f90 -O scan-tree-dump-times Alignment of access forced using versioning. 3
=== gfortran Summary ===
# of expected passes 10659
# of unexpected failures 1
# of expected failures 7
# of unsupported tests 55
/opt/build/eric/gcc-4_1-branch/gcc/testsuite/../gfortran version 4.1.0 20051129 (prerelease)
=== obj-c++ tests ===
Running target unix
FAIL: obj-c++.dg/bitfield-1.mm (test for excess errors)
FAIL: obj-c++.dg/bitfield-4.mm (test for excess errors)
FAIL: obj-c++.dg/cxx-ivars-2.mm execution test
FAIL: obj-c++.dg/encode-3.mm execution test
FAIL: obj-c++.dg/encode-8.mm execution test
FAIL: obj-c++.dg/isa-field-1.mm (test for excess errors)
FAIL: obj-c++.dg/layout-1.mm (test for excess errors)
FAIL: obj-c++.dg/lookup-2.mm (test for excess errors)
WARNING: obj-c++.dg/lookup-2.mm compilation failed to produce executable
FAIL: obj-c++.dg/try-catch-2.mm (test for excess errors)
WARNING: obj-c++.dg/try-catch-2.mm compilation failed to produce executable
FAIL: obj-c++.dg/try-catch-9.mm (test for excess errors)
WARNING: obj-c++.dg/try-catch-9.mm compilation failed to produce executable
=== obj-c++ Summary ===
# of expected passes 419
# of unexpected failures 10
# of unsupported tests 13
/opt/build/eric/gcc-4_1-branch/gcc/testsuite/../g++ version 4.1.0 20051129 (prerelease)
=== objc tests ===
Running target unix
=== objc Summary ===
# of expected passes 1672
# of unsupported tests 22
/opt/build/eric/gcc-4_1-branch/gcc/xgcc version 4.1.0 20051129 (prerelease)
=== libffi tests ===
Running target unix
=== libffi Summary ===
# of expected passes 228
# of unsupported tests 2
=== libjava tests ===
Running target unix
FAIL: Array_3 execution - gij test
FAIL: Array_3 execution - gij test
FAIL: Class_1 execution - source compiled test
FAIL: Class_1 execution - bytecode->native test
FAIL: Class_1 -O3 execution - source compiled test
FAIL: Class_1 -O3 execution - bytecode->native test
FAIL: ExtraClassLoader output - source compiled test
FAIL: ExtraClassLoader output - gij test
FAIL: ExtraClassLoader output - bytecode->native test
FAIL: ExtraClassLoader -O3 output - source compiled test
FAIL: ExtraClassLoader output - gij test
FAIL: ExtraClassLoader -O3 output - bytecode->native test
FAIL: FileHandleGcTest execution - source compiled test
FAIL: FileHandleGcTest execution - gij test
FAIL: FileHandleGcTest execution - bytecode->native test
FAIL: FileHandleGcTest -O3 execution - source compiled test
FAIL: FileHandleGcTest execution - gij test
FAIL: FileHandleGcTest -O3 execution - bytecode->native test
FAIL: InvokeInterface execution - bytecode->native test
FAIL: InvokeInterface -O3 execution - bytecode->native test
FAIL: PR12416 execution - bytecode->native test
FAIL: PR12416 -O3 execution - bytecode->native test
FAIL: PR260 execution - bytecode->native test
FAIL: PR260 -O3 execution - bytecode->native test
FAIL: SyncTest execution - bytecode->native test
FAIL: SyncTest -O3 execution - bytecode->native test
FAIL: Throw_2 execution - gij test
FAIL: Throw_2 execution - gij test
FAIL: invokethrow execution - bytecode->native test
FAIL: invokethrow -O3 execution - bytecode->native test
FAIL: pr179 execution - bytecode->native test
FAIL: pr179 -O3 execution - bytecode->native test
FAIL: pr8415 execution - bytecode->native test
FAIL: pr8415 -O3 execution - bytecode->native test
FAIL: stringconst2 output - source compiled test
FAIL: stringconst2 output - bytecode->native test
FAIL: stringconst2 -O3 output - source compiled test
FAIL: stringconst2 -O3 output - bytecode->native test
FAIL: pr21115 run
=== libjava Summary ===
# of expected passes 3919
# of unexpected failures 39
# of expected failures 10
# of untested testcases 37
=== libstdc++ tests ===
Running target unix
FAIL: ext/array_allocator/2.cc execution test
=== libstdc++ Summary ===
# of expected passes 2630
# of unexpected failures 1
# of expected failures 11
# of unsupported tests 150
Compiler version: 4.1.0 20051129 (prerelease)
Platform: sparc64-sun-solaris2.9
configure flags: sparc64-sun-solaris2.9 --prefix=/opt/build/eric/local/gcc-4_1-branch --with-gmp=/opt/build/eric/local --with-mpfr=/opt/build/eric/local --with-local-prefix=/opt/build/eric/local --disable-multilib --enable-languages=c,c++,fortran,java,objc,obj-c++
BOOT_CFLAGS=-g -O2
More information about the Gcc-testresults
mailing list