Results for 4.1.0 20051124 (prerelease) testsuite on alpha-unknown-linux-gnu
Matthias Klose
doko@debian.org
Tue Nov 29 00:56:00 GMT 2005
LAST_UPDATED: Thu Nov 24 16:00:52 UTC 2005 (revision 107466)
Native configuration is alpha-unknown-linux-gnu
=== libffi tests ===
Running target unix
=== libffi Summary ===
# of expected passes 228
# of unsupported tests 2
=== libjava tests ===
Running target unix
=== libjava Summary ===
# of expected passes 3986
# of expected failures 10
# of untested testcases 8
=== libmudflap tests ===
Running target unix
WARNING: program timed out.
FAIL: libmudflap.cth/pass37-frag.c (-static -DSTATIC) execution test
FAIL: libmudflap.cth/pass37-frag.c (-static -DSTATIC) output pattern test
FAIL: libmudflap.cth/pass37-frag.c (-static -DSTATIC) (rerun 1) execution test
FAIL: libmudflap.cth/pass37-frag.c (-static -DSTATIC) (rerun 1) output pattern test
WARNING: program timed out.
FAIL: libmudflap.cth/pass37-frag.c (-static -DSTATIC) (rerun 2) execution test
FAIL: libmudflap.cth/pass37-frag.c (-static -DSTATIC) (rerun 2) output pattern test
WARNING: program timed out.
FAIL: libmudflap.cth/pass37-frag.c (-static -DSTATIC) (rerun 3) execution test
FAIL: libmudflap.cth/pass37-frag.c (-static -DSTATIC) (rerun 3) output pattern test
WARNING: program timed out.
FAIL: libmudflap.cth/pass37-frag.c (-static -DSTATIC) (rerun 4) execution test
FAIL: libmudflap.cth/pass37-frag.c (-static -DSTATIC) (rerun 4) output pattern test
FAIL: libmudflap.cth/pass37-frag.c (-static -DSTATIC) (rerun 5) execution test
FAIL: libmudflap.cth/pass37-frag.c (-static -DSTATIC) (rerun 5) output pattern test
FAIL: libmudflap.cth/pass37-frag.c (-static -DSTATIC) (rerun 6) execution test
FAIL: libmudflap.cth/pass37-frag.c (-static -DSTATIC) (rerun 6) output pattern test
WARNING: program timed out.
FAIL: libmudflap.cth/pass37-frag.c (-static -DSTATIC) (rerun 7) execution test
FAIL: libmudflap.cth/pass37-frag.c (-static -DSTATIC) (rerun 7) output pattern test
FAIL: libmudflap.cth/pass37-frag.c (-static -DSTATIC) (rerun 8) execution test
FAIL: libmudflap.cth/pass37-frag.c (-static -DSTATIC) (rerun 8) output pattern test
FAIL: libmudflap.cth/pass37-frag.c (-static -DSTATIC) (rerun 9) execution test
FAIL: libmudflap.cth/pass37-frag.c (-static -DSTATIC) (rerun 9) output pattern test
WARNING: program timed out.
FAIL: libmudflap.cth/pass37-frag.c (-static -DSTATIC) (rerun 10) execution test
FAIL: libmudflap.cth/pass37-frag.c (-static -DSTATIC) (rerun 10) output pattern test
FAIL: libmudflap.cth/pass37-frag.c (-static -DSTATIC) (rerun 11) execution test
FAIL: libmudflap.cth/pass37-frag.c (-static -DSTATIC) (rerun 11) output pattern test
FAIL: libmudflap.cth/pass37-frag.c (-static -DSTATIC) (rerun 12) execution test
FAIL: libmudflap.cth/pass37-frag.c (-static -DSTATIC) (rerun 12) output pattern test
WARNING: program timed out.
FAIL: libmudflap.cth/pass37-frag.c (-static -DSTATIC) (rerun 13) execution test
FAIL: libmudflap.cth/pass37-frag.c (-static -DSTATIC) (rerun 13) output pattern test
FAIL: libmudflap.cth/pass37-frag.c (-static -DSTATIC) (rerun 14) execution test
FAIL: libmudflap.cth/pass37-frag.c (-static -DSTATIC) (rerun 14) output pattern test
FAIL: libmudflap.cth/pass37-frag.c (-static -DSTATIC) (rerun 15) execution test
FAIL: libmudflap.cth/pass37-frag.c (-static -DSTATIC) (rerun 15) output pattern test
WARNING: program timed out.
FAIL: libmudflap.cth/pass37-frag.c (-static -DSTATIC) (rerun 16) execution test
FAIL: libmudflap.cth/pass37-frag.c (-static -DSTATIC) (rerun 16) output pattern test
FAIL: libmudflap.cth/pass37-frag.c (-static -DSTATIC) (rerun 17) execution test
FAIL: libmudflap.cth/pass37-frag.c (-static -DSTATIC) (rerun 17) output pattern test
FAIL: libmudflap.cth/pass37-frag.c (-static -DSTATIC) (rerun 18) execution test
FAIL: libmudflap.cth/pass37-frag.c (-static -DSTATIC) (rerun 18) output pattern test
WARNING: program timed out.
FAIL: libmudflap.cth/pass37-frag.c (-static -DSTATIC) (rerun 19) execution test
FAIL: libmudflap.cth/pass37-frag.c (-static -DSTATIC) (rerun 19) output pattern test
FAIL: libmudflap.cth/pass39-frag.c (-static -DSTATIC) execution test
FAIL: libmudflap.cth/pass39-frag.c (-static -DSTATIC) output pattern test
FAIL: libmudflap.cth/pass39-frag.c (-static -DSTATIC) (rerun 1) execution test
FAIL: libmudflap.cth/pass39-frag.c (-static -DSTATIC) (rerun 1) output pattern test
FAIL: libmudflap.cth/pass39-frag.c (-static -DSTATIC) (rerun 2) execution test
FAIL: libmudflap.cth/pass39-frag.c (-static -DSTATIC) (rerun 2) output pattern test
FAIL: libmudflap.cth/pass39-frag.c (-static -DSTATIC) (rerun 3) execution test
FAIL: libmudflap.cth/pass39-frag.c (-static -DSTATIC) (rerun 3) output pattern test
FAIL: libmudflap.cth/pass39-frag.c (-static -DSTATIC) (rerun 4) execution test
FAIL: libmudflap.cth/pass39-frag.c (-static -DSTATIC) (rerun 4) output pattern test
FAIL: libmudflap.cth/pass39-frag.c (-static -DSTATIC) (rerun 5) execution test
FAIL: libmudflap.cth/pass39-frag.c (-static -DSTATIC) (rerun 5) output pattern test
FAIL: libmudflap.cth/pass39-frag.c (-static -DSTATIC) (rerun 6) execution test
FAIL: libmudflap.cth/pass39-frag.c (-static -DSTATIC) (rerun 6) output pattern test
FAIL: libmudflap.cth/pass39-frag.c (-static -DSTATIC) (rerun 7) execution test
FAIL: libmudflap.cth/pass39-frag.c (-static -DSTATIC) (rerun 7) output pattern test
FAIL: libmudflap.cth/pass39-frag.c (-static -DSTATIC) (rerun 8) execution test
FAIL: libmudflap.cth/pass39-frag.c (-static -DSTATIC) (rerun 8) output pattern test
FAIL: libmudflap.cth/pass39-frag.c (-static -DSTATIC) (rerun 9) execution test
FAIL: libmudflap.cth/pass39-frag.c (-static -DSTATIC) (rerun 9) output pattern test
FAIL: libmudflap.cth/pass39-frag.c (-static -DSTATIC) (rerun 10) execution test
FAIL: libmudflap.cth/pass39-frag.c (-static -DSTATIC) (rerun 10) output pattern test
FAIL: libmudflap.cth/pass39-frag.c (-static -DSTATIC) (rerun 11) execution test
FAIL: libmudflap.cth/pass39-frag.c (-static -DSTATIC) (rerun 11) output pattern test
FAIL: libmudflap.cth/pass39-frag.c (-static -DSTATIC) (rerun 12) execution test
FAIL: libmudflap.cth/pass39-frag.c (-static -DSTATIC) (rerun 12) output pattern test
FAIL: libmudflap.cth/pass39-frag.c (-static -DSTATIC) (rerun 13) execution test
FAIL: libmudflap.cth/pass39-frag.c (-static -DSTATIC) (rerun 13) output pattern test
FAIL: libmudflap.cth/pass39-frag.c (-static -DSTATIC) (rerun 14) execution test
FAIL: libmudflap.cth/pass39-frag.c (-static -DSTATIC) (rerun 14) output pattern test
FAIL: libmudflap.cth/pass39-frag.c (-static -DSTATIC) (rerun 15) execution test
FAIL: libmudflap.cth/pass39-frag.c (-static -DSTATIC) (rerun 15) output pattern test
WARNING: program timed out.
FAIL: libmudflap.cth/pass39-frag.c (-static -DSTATIC) (rerun 16) execution test
FAIL: libmudflap.cth/pass39-frag.c (-static -DSTATIC) (rerun 16) output pattern test
FAIL: libmudflap.cth/pass39-frag.c (-static -DSTATIC) (rerun 17) execution test
FAIL: libmudflap.cth/pass39-frag.c (-static -DSTATIC) (rerun 17) output pattern test
FAIL: libmudflap.cth/pass39-frag.c (-static -DSTATIC) (rerun 18) execution test
FAIL: libmudflap.cth/pass39-frag.c (-static -DSTATIC) (rerun 18) output pattern test
FAIL: libmudflap.cth/pass39-frag.c (-static -DSTATIC) (rerun 19) execution test
FAIL: libmudflap.cth/pass39-frag.c (-static -DSTATIC) (rerun 19) output pattern test
WARNING: program timed out.
FAIL: libmudflap.cth/pass40-frag.c (-static -DSTATIC) execution test
FAIL: libmudflap.cth/pass40-frag.c (-static -DSTATIC) output pattern test
=== libmudflap Summary ===
# of expected passes 1707
# of unexpected failures 82
=== libstdc++ tests ===
Running target unix
FAIL: 26_numerics/cstdlib/13943.cc (test for excess errors)
WARNING: 26_numerics/cstdlib/13943.cc compilation failed to produce executable
XPASS: 27_io/fpos/14320-1.cc execution test
=== libstdc++ Summary ===
# of expected passes 3392
# of unexpected failures 1
# of unexpected successes 1
# of expected failures 12
# of unsupported tests 315
=== acats tests ===
FAIL: c32001e
FAIL: c32107a
FAIL: c32111a
FAIL: c32112b
FAIL: c32113a
FAIL: c32115a
FAIL: c32115b
FAIL: c34001c
FAIL: c34001f
FAIL: c34002c
FAIL: c34003c
FAIL: c34005c
FAIL: c34005f
FAIL: c34005l
FAIL: c34005o
FAIL: c34005r
FAIL: c34005u
FAIL: c34006f
FAIL: c34006l
FAIL: c34007a
FAIL: c34007d
FAIL: c34007f
FAIL: c34007g
FAIL: c34007i
FAIL: c34007j
FAIL: c34007m
FAIL: c34007p
FAIL: c34007r
FAIL: c34007s
FAIL: c34007u
FAIL: c34009f
FAIL: c34011b
FAIL: c34018a
FAIL: c35003a
FAIL: c354002
FAIL: c354003
FAIL: c35502c
FAIL: c35502e
FAIL: c35502k
FAIL: c35502l
FAIL: c35502m
FAIL: c35505c
FAIL: c35505e
FAIL: c35505f
FAIL: c35507c
FAIL: c35507e
FAIL: c35507k
FAIL: c35507l
FAIL: c35507n
FAIL: c35508e
FAIL: c35508g
FAIL: c35508k
FAIL: c35508l
FAIL: c36104a
FAIL: c36104b
FAIL: c36172b
FAIL: c36204c
FAIL: c36305a
FAIL: c37005a
FAIL: c37008a
FAIL: c371001
FAIL: c371002
FAIL: c371003
FAIL: c37108b
FAIL: c37207a
FAIL: c37208a
FAIL: c37208b
FAIL: c37209b
FAIL: c37211a
FAIL: c37211b
FAIL: c37211c
FAIL: c37211d
FAIL: c37211e
FAIL: c37213b
FAIL: c37213d
FAIL: c37213f
FAIL: c37213h
FAIL: c37213j
FAIL: c37213k
FAIL: c37213l
FAIL: c37215b
FAIL: c37215d
FAIL: c37215f
FAIL: c37217a
FAIL: c37217b
FAIL: c37217c
FAIL: c380001
FAIL: c380003
FAIL: c38002a
FAIL: c38002b
FAIL: c38107b
FAIL: c39006b
FAIL: c39006c
FAIL: c39006d
FAIL: c39006g
FAIL: c39007a
FAIL: c3a0014
FAIL: c3a2002
FAIL: c3a2003
FAIL: c3a2a01
FAIL: c410001
FAIL: c41104a
FAIL: c41105a
FAIL: c41204a
FAIL: c41205a
FAIL: c41304a
FAIL: c41304b
FAIL: c41401a
FAIL: c43004a
FAIL: c432002
FAIL: c432003
FAIL: c43206a
FAIL: c43207b
FAIL: c43211a
FAIL: c43212a
FAIL: c43212c
FAIL: c43214a
FAIL: c43215a
FAIL: c43215b
FAIL: c433001
FAIL: c45113a
FAIL: c45282b
FAIL: c45304a
FAIL: c45304b
FAIL: c45504a
FAIL: c45504b
FAIL: c45504d
FAIL: c45504e
FAIL: c45504f
FAIL: c45534b
FAIL: c456001
FAIL: c45613a
FAIL: c45613b
FAIL: c45613c
FAIL: c45614a
FAIL: c45614b
FAIL: c45614c
FAIL: c45624a
FAIL: c45624b
FAIL: c45632a
FAIL: c45632b
FAIL: c45632c
FAIL: c460001
FAIL: c460002
FAIL: c460008
FAIL: c460009
FAIL: c460011
FAIL: c460012
FAIL: c46014a
FAIL: c46044b
FAIL: c46052a
FAIL: c46053a
FAIL: c46054a
FAIL: c460a02
FAIL: c47003a
FAIL: c47004a
FAIL: c47005a
FAIL: c47006a
FAIL: c47007a
FAIL: c47008a
FAIL: c47009a
FAIL: c48007b
FAIL: c48007c
FAIL: c48008a
FAIL: c48009a
FAIL: c48009b
FAIL: c48009c
FAIL: c48009d
FAIL: c48009e
FAIL: c48009g
FAIL: c48009h
FAIL: c48009j
FAIL: c4a005b
FAIL: c4a006a
FAIL: c4a013a
FAIL: c52005c
FAIL: c52005d
FAIL: c52005e
FAIL: c52005f
FAIL: c52008b
FAIL: c52009a
FAIL: c52009b
FAIL: c52010a
FAIL: c52011a
FAIL: c52011b
FAIL: c52102a
FAIL: c52102b
FAIL: c52102c
FAIL: c52102d
FAIL: c52103x
FAIL: c52104a
FAIL: c52104b
FAIL: c52104c
FAIL: c52104k
FAIL: c52104l
FAIL: c52104m
FAIL: c52104p
FAIL: c52104q
FAIL: c52104r
FAIL: c52104x
FAIL: c52104y
FAIL: c55b15a
FAIL: c58005b
FAIL: c58005h
FAIL: c58006a
FAIL: c58006b
FAIL: c61008a
FAIL: c641001
FAIL: c64103b
FAIL: c64103e
FAIL: c64103f
FAIL: c64104a
FAIL: c64104c
FAIL: c64104d
FAIL: c64104k
FAIL: c64104m
FAIL: c64105b
FAIL: c64106b
FAIL: c64106c
FAIL: c64201b
FAIL: c650001
FAIL: c74209a
FAIL: c760010
FAIL: c761002
FAIL: c761004
FAIL: c761006
FAIL: c761011
FAIL: c761012
FAIL: c83e02b
FAIL: c85005g
FAIL: c85018a
FAIL: c85018b
FAIL: c86003a
FAIL: c91004b
FAIL: c93004b
FAIL: c93004c
FAIL: c93004d
FAIL: c93004f
FAIL: c93005a
FAIL: c93005b
FAIL: c93005c
FAIL: c93005d
FAIL: c940013
FAIL: c940016
FAIL: c94001a
FAIL: c94001b
FAIL: c94001c
FAIL: c94001f
FAIL: c94002a
FAIL: c94002f
FAIL: c94002g
FAIL: c94007a
FAIL: c94010a
FAIL: c94011a
FAIL: c95008a
FAIL: c95022b
FAIL: c95040d
FAIL: c95065a
FAIL: c95065b
FAIL: c95065c
FAIL: c95065d
FAIL: c95065e
FAIL: c95065f
FAIL: c95072a
FAIL: c95072b
FAIL: c95078a
FAIL: c95085b
FAIL: c95085c
FAIL: c95085d
FAIL: c95085e
FAIL: c95085f
FAIL: c95085g
FAIL: c95085k
FAIL: c95085m
FAIL: c95085n
FAIL: c95086b
FAIL: c95087b
FAIL: c95087c
FAIL: c95095a
FAIL: c95095b
FAIL: c95095c
FAIL: c95095d
FAIL: c953001
FAIL: c954013
FAIL: c954014
FAIL: c954017
FAIL: c954019
FAIL: c954023
FAIL: c954024
FAIL: c954025
FAIL: c960004
FAIL: c96004a
FAIL: c96005d
FAIL: c96007a
FAIL: c97307a
FAIL: c974002
FAIL: c974003
FAIL: c974004
FAIL: c974008
FAIL: c974010
FAIL: c974012
FAIL: c974013
FAIL: c9a009a
FAIL: ca11001
FAIL: ca11015
FAIL: ca11021
FAIL: ca11d01
FAIL: ca11d02
FAIL: ca11d03
FAIL: ca5006a
FAIL: cb1004a
FAIL: cb1005a
FAIL: cb1010c
FAIL: cb20003
FAIL: cb20004
FAIL: cb20005
FAIL: cb20006
FAIL: cb2006a
FAIL: cb3003b
FAIL: cb3004a
FAIL: cb40005
FAIL: cb4001a
FAIL: cb4002a
FAIL: cb4003a
FAIL: cb4006a
FAIL: cb4008a
FAIL: cb4009a
FAIL: cb4013a
FAIL: cb41001
FAIL: cb41002
FAIL: cb41003
FAIL: cb41004
FAIL: cb5001a
FAIL: cb5001b
FAIL: cb5002a
FAIL: cc1004a
FAIL: cc1111a
FAIL: cc1221c
FAIL: cc3007a
FAIL: cc3017b
FAIL: cc3019b
FAIL: cc3019c
FAIL: cc3120b
FAIL: cc3125a
FAIL: cc3125b
FAIL: cc3125c
FAIL: cc3125d
FAIL: cc3126a
FAIL: cc3127a
FAIL: cc3128a
FAIL: cc3305a
FAIL: cc3305b
FAIL: cc3305d
FAIL: cc3606b
FAIL: cc70a01
FAIL: cc70a02
FAIL: cd2a23e
FAIL: cd2b11a
FAIL: cd2b15c
FAIL: cdd2001
FAIL: ce2102l
FAIL: ce2102m
FAIL: ce2103a
FAIL: ce2103b
FAIL: ce2203a
FAIL: ce2205a
FAIL: ce2402a
FAIL: ce2403a
FAIL: ce3102d
FAIL: ce3107a
FAIL: ce3115a
FAIL: ce3303a
FAIL: ce3304a
FAIL: ce3402e
FAIL: ce3403a
FAIL: ce3403d
FAIL: ce3409a
FAIL: ce3409b
FAIL: ce3410b
FAIL: ce3414a
FAIL: ce3603a
FAIL: ce3704c
FAIL: ce3704d
FAIL: ce3704e
FAIL: ce3704f
FAIL: ce3704m
FAIL: ce3704n
FAIL: ce3704o
FAIL: ce3705d
FAIL: ce3705e
FAIL: ce3706c
FAIL: ce3707a
FAIL: ce3708a
FAIL: ce3804d
FAIL: ce3804e
FAIL: ce3804f
FAIL: ce3804g
FAIL: ce3804h
FAIL: ce3804m
FAIL: ce3804p
FAIL: ce3806c
FAIL: ce3806f
FAIL: ce3809a
FAIL: ce3809b
FAIL: ce3905c
FAIL: ce3905l
FAIL: ce3906d
FAIL: cxa4001
FAIL: cxa4004
FAIL: cxa4005
FAIL: cxa4008
FAIL: cxa4009
FAIL: cxa4016
FAIL: cxa4019
FAIL: cxa4020
FAIL: cxa4026
FAIL: cxa4027
FAIL: cxa4030
FAIL: cxa4034
FAIL: cxa5a03
FAIL: cxaa018
FAIL: cxac003
FAIL: cxaf001
FAIL: cxb3004
FAIL: cxb3005
FAIL: cxb3007
FAIL: cxb3010
FAIL: cxb3011
FAIL: cxb3014
FAIL: cxb3016
FAIL: cxb4004
FAIL: cxb4007
FAIL: cxb4008
FAIL: cxf3004
FAIL: cxf3a02
FAIL: cxf3a04
FAIL: cxf3a08
FAIL: cxg1003
FAIL: cxg1004
FAIL: cxg2002
FAIL: cxg2017
FAIL: cxg2020
FAIL: cz1103a
=== acats Summary ===
# of expected passes 1876
# of unexpected failures 443
=== g++ tests ===
Running target unix
XPASS: g++.dg/tree-ssa/pr14814.C scan-tree-dump-times &this 0
FAIL: g++.dg/tls/static-1.C execution test
XPASS: g++.old-deja/g++.other/init5.C execution test
=== g++ Summary ===
# of expected passes 11556
# of unexpected failures 1
# of unexpected successes 2
# of expected failures 65
# of unsupported tests 106
/build/buildd/gcc-snapshot-20051124/build/gcc/testsuite/../g++ version 4.1.0 20051124 (prerelease)
=== gcc tests ===
Running target unix
FAIL: gcc.c-torture/execute/20050121-1.c compilation, -O0
UNRESOLVED: gcc.c-torture/execute/20050121-1.c execution, -O0
FAIL: gcc.dg/compat/scalar-return-4 c_compat_y_tst.o compile
UNRESOLVED: gcc.dg/compat/scalar-return-4 c_compat_x_tst.o-c_compat_y_tst.o link
UNRESOLVED: gcc.dg/compat/scalar-return-4 c_compat_x_tst.o-c_compat_y_tst.o execute
FAIL: gcc.dg/tree-ssa/loop-14.c scan-tree-dump-times \\+ 100 1
FAIL: gcc.dg/vect/vect-62.c scan-tree-dump-times not vectorized: redundant loop. no profit to vectorize. 1
=== gcc Summary ===
# of expected passes 37068
# of unexpected failures 4
# of expected failures 93
# of unresolved testcases 3
# of untested testcases 28
# of unsupported tests 362
/build/buildd/gcc-snapshot-20051124/build/gcc/xgcc version 4.1.0 20051124 (prerelease)
=== gfortran tests ===
Running target unix
=== gfortran Summary ===
# of expected passes 10635
# of expected failures 15
# of unsupported tests 47
/build/buildd/gcc-snapshot-20051124/build/gcc/testsuite/../gfortran version 4.1.0 20051124 (prerelease)
=== obj-c++ tests ===
Running target unix
FAIL: obj-c++.dg/bitfield-1.mm (test for excess errors)
FAIL: obj-c++.dg/bitfield-4.mm (test for excess errors)
FAIL: obj-c++.dg/cxx-ivars-2.mm execution test
FAIL: obj-c++.dg/encode-3.mm execution test
FAIL: obj-c++.dg/encode-8.mm execution test
FAIL: obj-c++.dg/isa-field-1.mm (test for excess errors)
FAIL: obj-c++.dg/layout-1.mm (test for excess errors)
FAIL: obj-c++.dg/lookup-2.mm (test for excess errors)
WARNING: obj-c++.dg/lookup-2.mm compilation failed to produce executable
FAIL: obj-c++.dg/try-catch-2.mm (test for excess errors)
WARNING: obj-c++.dg/try-catch-2.mm compilation failed to produce executable
FAIL: obj-c++.dg/try-catch-9.mm (test for excess errors)
WARNING: obj-c++.dg/try-catch-9.mm compilation failed to produce executable
=== obj-c++ Summary ===
# of expected passes 419
# of unexpected failures 10
# of unsupported tests 13
/build/buildd/gcc-snapshot-20051124/build/gcc/testsuite/../g++ version 4.1.0 20051124 (prerelease)
=== objc tests ===
Running target unix
=== objc Summary ===
# of expected passes 1670
# of unsupported tests 23
/build/buildd/gcc-snapshot-20051124/build/gcc/xgcc version 4.1.0 20051124 (prerelease)
=== treelang tests ===
Running target unix
FAIL: treelang/execute/funccall.tree (test for excess errors)
WARNING: treelang/execute/funccall.tree compilation failed to produce executable
FAIL: treelang/execute/initial.tree (test for excess errors)
WARNING: treelang/execute/initial.tree compilation failed to produce executable
FAIL: treelang/execute/static.tree (test for excess errors)
WARNING: treelang/execute/static.tree compilation failed to produce executable
=== treelang Summary ===
# of expected passes 44
# of unexpected failures 3
Compiler version: 4.1.0 20051124 (prerelease)
Platform: alpha-unknown-linux-gnu
configure flags: -v --prefix=/usr/lib/gcc-snapshot --enable-shared --with-system-zlib --disable-nls --enable-__cxa_atexit --enable-clocale=gnu --enable-libstdcxx-debug --enable-java-awt=gtk --enable-gtk-cairo --with-java-home=/usr/lib/gcc-snapshot/jre --enable-mpfr --disable-werror alpha-linux-gnu --enable-languages=c,ada,c++,fortran,java,objc,obj-c++,treelang
BOOT_CFLAGS=-O2
Build Dependencies:
Desired=Unknown/Install/Remove/Purge/Hold
| Status=Not/Installed/Config-files/Unpacked/Failed-config/Half-installed
|/ Err?=(none)/Hold/Reinst-required/X=both-problems (Status,Err: uppercase=bad)
||/ Name Version Description
+++-==============-===================-==============================================
ii binutils 2.16.1cvs20051109-1 The GNU assembler, linker and binary utilities
Patches that Debian applied in this version:
pr22533:
Proposed patch for PR 22533
Counting all warnings,
there are 11600 warnings in stage3 of this bootstrap.
Number of warnings per file:
11571 <built-in>
11 treelang/lex.c
11 gengtype-lex.c
3 gcc/gcc.c
2 gcc/objc/lang-specs.h
1 gcc/java/jvspec.c
1 gcc/config/alpha/alpha.md
Number of warning types:
11571 `???' attribute directive ignored
22 no previous prototype for `???'
7 string length `???' is greater than the length `???' ISO C89 compilers are required to support
More information about the Gcc-testresults
mailing list