Results for 4.1.0 20051127 (prerelease) testsuite on hppa64-hp-hpux11.11
John David Anglin
dave@hiauly3.hia.nrc.ca
Mon Nov 28 16:05:00 GMT 2005
LAST_UPDATED:
Native configuration is hppa64-hp-hpux11.11
=== g++ tests ===
Running target unix
XPASS: g++.dg/tree-ssa/pr14814.C scan-tree-dump-times &this 0
=== g++ Summary ===
# of expected passes 10977
# of unexpected successes 1
# of expected failures 66
# of unsupported tests 120
/test/gnu/gcc-3.3/objdir/gcc/testsuite/../g++ version 4.1.0 20051127 (prerelease)
=== gcc tests ===
Running target unix
FAIL: gcc.c-torture/execute/builtins/fprintf.c compilation, -O0
UNRESOLVED: gcc.c-torture/execute/builtins/fprintf.c execution, -O0
FAIL: gcc.c-torture/execute/builtins/fprintf.c compilation, -O1
UNRESOLVED: gcc.c-torture/execute/builtins/fprintf.c execution, -O1
FAIL: gcc.c-torture/execute/builtins/fprintf.c compilation, -O2
UNRESOLVED: gcc.c-torture/execute/builtins/fprintf.c execution, -O2
FAIL: gcc.c-torture/execute/builtins/fprintf.c compilation, -O3 -fomit-frame-pointer
UNRESOLVED: gcc.c-torture/execute/builtins/fprintf.c execution, -O3 -fomit-frame-pointer
FAIL: gcc.c-torture/execute/builtins/fprintf.c compilation, -O3 -g
UNRESOLVED: gcc.c-torture/execute/builtins/fprintf.c execution, -O3 -g
FAIL: gcc.c-torture/execute/builtins/fprintf.c compilation, -Os
UNRESOLVED: gcc.c-torture/execute/builtins/fprintf.c execution, -Os
FAIL: gcc.c-torture/execute/builtins/fputs.c execution, -O1
FAIL: gcc.c-torture/execute/builtins/fputs.c execution, -O2
FAIL: gcc.c-torture/execute/builtins/fputs.c execution, -O3 -fomit-frame-pointer
FAIL: gcc.c-torture/execute/builtins/fputs.c execution, -O3 -g
FAIL: gcc.dg/cpp/_Pragma3.c (test for excess errors)
FAIL: gcc.dg/attr-weakref-1.c (test for excess errors)
WARNING: gcc.dg/attr-weakref-1.c compilation failed to produce executable
XPASS: gcc.dg/funcorder.c scan-assembler-not link_error,%r
FAIL: gcc.dg/torture/asm-subreg-1.c -O1 (test for excess errors)
FAIL: gcc.dg/torture/asm-subreg-1.c -O2 (test for excess errors)
FAIL: gcc.dg/torture/asm-subreg-1.c -O3 -fomit-frame-pointer (test for excess errors)
FAIL: gcc.dg/torture/asm-subreg-1.c -O3 -g (test for excess errors)
FAIL: gcc.dg/torture/asm-subreg-1.c -Os (test for excess errors)
=== gcc Summary ===
# of expected passes 36010
# of unexpected failures 17
# of unexpected successes 1
# of expected failures 78
# of unresolved testcases 6
# of untested testcases 28
# of unsupported tests 319
/test/gnu/gcc-3.3/objdir/gcc/xgcc version 4.1.0 20051127 (prerelease)
=== gfortran tests ===
Running target unix
FAIL: gfortran.dg/cray_pointers_2.f90 -O2 execution test
FAIL: gfortran.dg/cray_pointers_2.f90 -O3 -fomit-frame-pointer execution test
FAIL: gfortran.dg/cray_pointers_2.f90 -O3 -fomit-frame-pointer -funroll-loops execution test
FAIL: gfortran.dg/cray_pointers_2.f90 -O3 -fomit-frame-pointer -funroll-all-loops -finline-functions execution test
FAIL: gfortran.dg/cray_pointers_2.f90 -O3 -g execution test
FAIL: gfortran.dg/mixed_io_1.f90 -O0 (test for excess errors)
WARNING: gfortran.dg/mixed_io_1.f90 -O0 compilation failed to produce executable
FAIL: gfortran.dg/mixed_io_1.f90 -O1 (test for excess errors)
WARNING: gfortran.dg/mixed_io_1.f90 -O1 compilation failed to produce executable
FAIL: gfortran.dg/mixed_io_1.f90 -O2 (test for excess errors)
WARNING: gfortran.dg/mixed_io_1.f90 -O2 compilation failed to produce executable
FAIL: gfortran.dg/mixed_io_1.f90 -O3 -fomit-frame-pointer (test for excess errors)
WARNING: gfortran.dg/mixed_io_1.f90 -O3 -fomit-frame-pointer compilation failed to produce executable
FAIL: gfortran.dg/mixed_io_1.f90 -O3 -fomit-frame-pointer -funroll-loops (test for excess errors)
WARNING: gfortran.dg/mixed_io_1.f90 -O3 -fomit-frame-pointer -funroll-loops compilation failed to produce executable
FAIL: gfortran.dg/mixed_io_1.f90 -O3 -fomit-frame-pointer -funroll-all-loops -finline-functions (test for excess errors)
WARNING: gfortran.dg/mixed_io_1.f90 -O3 -fomit-frame-pointer -funroll-all-loops -finline-functions compilation failed to produce executable
FAIL: gfortran.dg/mixed_io_1.f90 -O3 -g (test for excess errors)
WARNING: gfortran.dg/mixed_io_1.f90 -O3 -g compilation failed to produce executable
FAIL: gfortran.dg/mixed_io_1.f90 -Os (test for excess errors)
WARNING: gfortran.dg/mixed_io_1.f90 -Os compilation failed to produce executable
FAIL: gfortran.dg/module_equivalence_1.f90 -O0 (test for excess errors)
WARNING: gfortran.dg/module_equivalence_1.f90 -O0 compilation failed to produce executable
FAIL: gfortran.dg/module_equivalence_1.f90 -O1 (test for excess errors)
WARNING: gfortran.dg/module_equivalence_1.f90 -O1 compilation failed to produce executable
FAIL: gfortran.dg/module_equivalence_1.f90 -O2 (test for excess errors)
WARNING: gfortran.dg/module_equivalence_1.f90 -O2 compilation failed to produce executable
FAIL: gfortran.dg/module_equivalence_1.f90 -O3 -fomit-frame-pointer (test for excess errors)
WARNING: gfortran.dg/module_equivalence_1.f90 -O3 -fomit-frame-pointer compilation failed to produce executable
FAIL: gfortran.dg/module_equivalence_1.f90 -O3 -fomit-frame-pointer -funroll-loops (test for excess errors)
WARNING: gfortran.dg/module_equivalence_1.f90 -O3 -fomit-frame-pointer -funroll-loops compilation failed to produce executable
FAIL: gfortran.dg/module_equivalence_1.f90 -O3 -fomit-frame-pointer -funroll-all-loops -finline-functions (test for excess errors)
WARNING: gfortran.dg/module_equivalence_1.f90 -O3 -fomit-frame-pointer -funroll-all-loops -finline-functions compilation failed to produce executable
FAIL: gfortran.dg/module_equivalence_1.f90 -O3 -g (test for excess errors)
WARNING: gfortran.dg/module_equivalence_1.f90 -O3 -g compilation failed to produce executable
FAIL: gfortran.dg/module_equivalence_1.f90 -Os (test for excess errors)
WARNING: gfortran.dg/module_equivalence_1.f90 -Os compilation failed to produce executable
=== gfortran Summary ===
# of expected passes 10596
# of unexpected failures 21
# of expected failures 4
# of unsupported tests 58
/test/gnu/gcc-3.3/objdir/gcc/testsuite/../gfortran version 4.1.0 20051127 (prerelease)
=== objc tests ===
Running target unix
FAIL: objc.dg/bitfield-1.m (test for excess errors)
FAIL: objc.dg/bitfield-1.m execution test
FAIL: objc.dg/bitfield-3.m (test for excess errors)
FAIL: objc.dg/bitfield-3.m execution test
FAIL: objc.dg/bitfield-5.m (test for excess errors)
FAIL: objc.dg/bitfield-5.m execution test
FAIL: objc.dg/call-super-1.m (test for excess errors)
FAIL: objc.dg/call-super-1.m execution test
FAIL: objc.dg/call-super-3.m (test for excess errors)
FAIL: objc.dg/call-super-3.m execution test
FAIL: objc.dg/category-1.m (test for excess errors)
FAIL: objc.dg/category-1.m execution test
FAIL: objc.dg/defs.m (test for excess errors)
FAIL: objc.dg/defs.m execution test
FAIL: objc.dg/desig-init-1.m (test for excess errors)
FAIL: objc.dg/desig-init-1.m execution test
FAIL: objc.dg/encode-1.m (test for excess errors)
FAIL: objc.dg/encode-1.m execution test
FAIL: objc.dg/encode-2.m (test for excess errors)
FAIL: objc.dg/encode-2.m execution test
FAIL: objc.dg/encode-3.m (test for excess errors)
FAIL: objc.dg/encode-3.m execution test
FAIL: objc.dg/encode-4.m (test for excess errors)
FAIL: objc.dg/encode-4.m execution test
FAIL: objc.dg/func-ptr-1.m (test for excess errors)
FAIL: objc.dg/func-ptr-1.m execution test
FAIL: objc.dg/func-ptr-2.m (test for excess errors)
FAIL: objc.dg/func-ptr-2.m execution test
FAIL: objc.dg/method-10.m (test for excess errors)
FAIL: objc.dg/method-10.m execution test
FAIL: objc.dg/method-13.m (test for excess errors)
FAIL: objc.dg/method-13.m execution test
FAIL: objc.dg/method-3.m (test for excess errors)
FAIL: objc.dg/method-3.m execution test
FAIL: objc.dg/proto-lossage-3.m (test for excess errors)
FAIL: objc.dg/proto-lossage-3.m execution test
FAIL: objc.dg/proto-qual-1.m (test for excess errors)
FAIL: objc.dg/proto-qual-1.m execution test
FAIL: objc.dg/sizeof-1.m (test for excess errors)
FAIL: objc.dg/sizeof-1.m execution test
FAIL: objc.dg/stret-1.m (test for excess errors)
FAIL: objc.dg/stret-1.m execution test
FAIL: objc.dg/super-class-3.m (test for excess errors)
FAIL: objc.dg/super-class-3.m execution test
FAIL: objc.dg/type-size-2.m (test for excess errors)
FAIL: objc.dg/type-size-2.m execution test
FAIL: objc.dg/type-stream-1.m (test for excess errors)
FAIL: objc.dg/type-stream-1.m execution test
FAIL: objc.dg/va-meth-1.m (test for excess errors)
FAIL: objc.dg/va-meth-1.m execution test
FAIL: objc.dg/special/unclaimed-category-1.m unclaimed-category-1a.o (test for excess errors)
FAIL: objc.dg/special/unclaimed-category-1.m unclaimed-category-1a.o execution test
=== objc Summary ===
# of expected passes 460
# of unexpected failures 52
# of unsupported tests 23
/test/gnu/gcc-3.3/objdir/gcc/xgcc version 4.1.0 20051127 (prerelease)
=== libstdc++ tests ===
Running target unix
FAIL: ext/array_allocator/2.cc execution test
=== libstdc++ Summary ===
# of expected passes 2615
# of unexpected failures 1
# of expected failures 10
# of unsupported tests 158
Compiler version: 4.1.0 20051127 (prerelease)
Platform: hppa64-hp-hpux11.11
configure flags: --with-gnu-as --with-as=/opt/gnu64/bin/as --with-ld=/usr/ccs/bin/ld --enable-shared --disable-nls --with-local-prefix=/opt/gnu64 --prefix=/opt/gnu64/gcc/gcc-4.1.0 --host=hppa64-hp-hpux11.11 --enable-threads=posix --disable-libmudflap --with-gmp=/opt/gnu64/gcc/gcc-4.1.0 --enable-languages=c,c++,fortran,java,objc
More information about the Gcc-testresults
mailing list