Results for 3.3.6-hammer 20050117 (prerelease) testsuite on x86_64-suse-linux-gnu
Robert Schiele
rschiele@uni-mannheim.de
Sun Nov 27 08:45:00 GMT 2005
# Some comments about the system:
# SuSE Linux 9.3 (x86-64)
# VERSION = 9.3
# bash-3.0-15
# binutils-2.15.94.0.2.2-3
# dejagnu-1.4.4-4
# expect-5.41-3
# gcc-3.3.5-5
# glibc-2.3.4-23.4
# kernel-default-2.6.11.4-21.9
# make-3.80-187
# tcl-8.4.9-7
# texinfo-4.8-7.2
# Linux 2.6.11.4-21.9-default #1 Fri Aug 19 11:58:59 UTC 2005 x86_64 x86_64 x86_64 GNU/Linux
# 9:44am up 17 days 4:04, 13 users, load average: 1.79, 1.73, 1.63
# Reading specs from /usr/lib64/gcc-lib/x86_64-suse-linux/3.3.5/specs
# Configured with: ../configure --enable-threads=posix --prefix=/usr --with-local-prefix=/usr/local --infodir=/usr/share/info --mandir=/usr/share/man --enable-languages=c,c++,f77,objc,java,ada --disable-checking --libdir=/usr/lib64 --enable-libgcj --with-slibdir=/lib64 --with-system-zlib --enable-shared --enable-__cxa_atexit x86_64-suse-linux
# Thread model: posix
# gcc version 3.3.5 20050117 (prerelease) (SUSE Linux)
# GNU C Library stable release version 2.3.4 (20050218), by Roland McGrath et al.
# Configured for x86_64-suse-linux.
# Compiled by GNU CC version 3.3.5 20050117 (prerelease) (SUSE Linux).
# Compiled on a Linux 2.6.9 system on 2005-06-10.
# Available extensions:
# GNU libio by Per Bothner
# crypt add-on version 2.1 by Michael Glad and others
# linuxthreads-0.10 by Xavier Leroy
# GNU Libidn by Simon Josefsson
# BIND-8.2.3-T5B
# libthread_db work sponsored by Alpha Processor Inc
# NIS(YP)/NIS+ NSS modules 0.19 by Thorsten Kukuk
# Thread-local storage support included.
# pthread library is compiled with floating stack support enabled.
# For bug reporting instructions, please see:
# <http://www.gnu.org/software/libc/bugs.html>.
LAST_UPDATED:
Native configuration is x86_64-suse-linux-gnu
=== g77 tests ===
Running target unix
=== g77 Summary ===
# of expected passes 1720
# of unsupported tests 8
/home/robert/stuff/gcc/build/gcc/testsuite/../g77 version 3.3.6-hammer 20050117 (prerelease)
=== gcc tests ===
Running target unix
XPASS: gcc.c-torture/execute/20020227-1.c execution, -O0
XPASS: gcc.c-torture/execute/20020227-1.c execution, -O1
XPASS: gcc.c-torture/execute/20020227-1.c execution, -O2
XPASS: gcc.c-torture/execute/20020227-1.c execution, -O3 -fomit-frame-pointer
XPASS: gcc.c-torture/execute/20020227-1.c execution, -O3 -g
XPASS: gcc.c-torture/execute/20020227-1.c execution, -Os
XPASS: gcc.c-torture/execute/20020720-1.c compilation, -O1
XPASS: gcc.c-torture/execute/20020720-1.c compilation, -O2
XPASS: gcc.c-torture/execute/20020720-1.c compilation, -O3 -fomit-frame-pointer
XPASS: gcc.c-torture/execute/20020720-1.c compilation, -O3 -g
XPASS: gcc.c-torture/execute/20020720-1.c compilation, -Os
FAIL: gcc.c-torture/execute/string-opt-asm-1.c compilation, -O0
UNRESOLVED: gcc.c-torture/execute/string-opt-asm-1.c execution, -O0
FAIL: gcc.c-torture/execute/string-opt-asm-1.c compilation, -O1
UNRESOLVED: gcc.c-torture/execute/string-opt-asm-1.c execution, -O1
FAIL: gcc.c-torture/execute/string-opt-asm-1.c compilation, -O2
UNRESOLVED: gcc.c-torture/execute/string-opt-asm-1.c execution, -O2
FAIL: gcc.c-torture/execute/string-opt-asm-1.c compilation, -O3 -fomit-frame-pointer
UNRESOLVED: gcc.c-torture/execute/string-opt-asm-1.c execution, -O3 -fomit-frame-pointer
FAIL: gcc.c-torture/execute/string-opt-asm-1.c compilation, -O3 -g
UNRESOLVED: gcc.c-torture/execute/string-opt-asm-1.c execution, -O3 -g
FAIL: gcc.c-torture/execute/string-opt-asm-1.c compilation, -Os
UNRESOLVED: gcc.c-torture/execute/string-opt-asm-1.c execution, -Os
FAIL: gcc.c-torture/execute/string-opt-asm-2.c compilation, -O0
UNRESOLVED: gcc.c-torture/execute/string-opt-asm-2.c execution, -O0
FAIL: gcc.c-torture/execute/string-opt-asm-2.c compilation, -O1
UNRESOLVED: gcc.c-torture/execute/string-opt-asm-2.c execution, -O1
FAIL: gcc.c-torture/execute/string-opt-asm-2.c compilation, -O2
UNRESOLVED: gcc.c-torture/execute/string-opt-asm-2.c execution, -O2
FAIL: gcc.c-torture/execute/string-opt-asm-2.c compilation, -O3 -fomit-frame-pointer
UNRESOLVED: gcc.c-torture/execute/string-opt-asm-2.c execution, -O3 -fomit-frame-pointer
FAIL: gcc.c-torture/execute/string-opt-asm-2.c compilation, -O3 -g
UNRESOLVED: gcc.c-torture/execute/string-opt-asm-2.c execution, -O3 -g
FAIL: gcc.c-torture/execute/string-opt-asm-2.c compilation, -Os
UNRESOLVED: gcc.c-torture/execute/string-opt-asm-2.c execution, -Os
FAIL: gcc.dg/20020103-1.c scan-assembler-not LC
FAIL: gcc.dg/20030926-1.c (test for excess errors)
FAIL: gcc.dg/cleanup-10.c execution test
FAIL: gcc.dg/cleanup-11.c execution test
FAIL: gcc.dg/cleanup-8.c execution test
FAIL: gcc.dg/cleanup-9.c execution test
FAIL: gcc.dg/duff-2.c (test for excess errors)
FAIL: gcc.dg/i386-mmx-3.c (test for excess errors)
FAIL: gcc.dg/i386-ssetype-1.c (test for excess errors)
ERROR: gcc.dg/i386-ssetype-1.c: error executing dg-final: couldn't open "i386-ssetype-1.s": no such file or directory
UNRESOLVED: gcc.dg/i386-ssetype-1.c: error executing dg-final: couldn't open "i386-ssetype-1.s": no such file or directory
FAIL: gcc.dg/i386-ssetype-2.c (test for excess errors)
ERROR: gcc.dg/i386-ssetype-2.c: error executing dg-final: couldn't open "i386-ssetype-2.s": no such file or directory
UNRESOLVED: gcc.dg/i386-ssetype-2.c: error executing dg-final: couldn't open "i386-ssetype-2.s": no such file or directory
FAIL: gcc.dg/i386-ssetype-3.c (test for excess errors)
ERROR: gcc.dg/i386-ssetype-3.c: error executing dg-final: couldn't open "i386-ssetype-3.s": no such file or directory
UNRESOLVED: gcc.dg/i386-ssetype-3.c: error executing dg-final: couldn't open "i386-ssetype-3.s": no such file or directory
FAIL: gcc.dg/i386-ssetype-4.c (test for excess errors)
ERROR: gcc.dg/i386-ssetype-4.c: error executing dg-final: couldn't open "i386-ssetype-4.s": no such file or directory
UNRESOLVED: gcc.dg/i386-ssetype-4.c: error executing dg-final: couldn't open "i386-ssetype-4.s": no such file or directory
FAIL: gcc.dg/i386-ssetype-5.c (test for excess errors)
ERROR: gcc.dg/i386-ssetype-5.c: error executing dg-final: couldn't open "i386-ssetype-5.s": no such file or directory
UNRESOLVED: gcc.dg/i386-ssetype-5.c: error executing dg-final: couldn't open "i386-ssetype-5.s": no such file or directory
FAIL: gcc.dg/noreturn-1.c detect falling off end of noreturn (test for warnings, line 10)
FAIL: gcc.dg/noreturn-1.c this function should not get any warnings (test for bogus messages, line 18)
FAIL: gcc.dg/return-type-1.c warning for falling off end of non-void function (test for warnings, line 8)
FAIL: gcc.dg/return-type-1.c (test for excess errors)
FAIL: gcc.dg/warn-1.c (test for warnings, line 8)
FAIL: gcc.dg/warn-1.c (test for warnings, line 15)
=== gcc Summary ===
# of expected passes 21256
# of unexpected failures 31
# of unexpected successes 11
# of expected failures 68
# of unresolved testcases 17
# of unsupported tests 192
/home/robert/stuff/gcc/build/gcc/xgcc version 3.3.6-hammer 20050117 (prerelease)
=== g++ tests ===
Running target unix
FAIL: g++.dg/overload/template1.C (test for excess errors)
FAIL: 14:is 2:should be 1
FAIL: g++.dg/gcov/gcov-3.C gcov: 1 failures in line counts, 0 in branch percentages, 0 in return percentages
XPASS: g++.other/init5.C Execution test
FAIL: g++.other/lookup24.C (test for excess errors)
=== g++ Summary ===
# of expected passes 8211
# of unexpected failures 4
# of unexpected successes 1
# of expected failures 98
# of untested testcases 22
# of unsupported tests 39
/home/robert/stuff/gcc/build/gcc/testsuite/../g++ version 3.3.6-hammer 20050117 (prerelease)
=== objc tests ===
Running target unix
=== objc Summary ===
# of expected passes 1166
/home/robert/stuff/gcc/build/gcc/xgcc version 3.3.6-hammer 20050117 (prerelease)
=== libstdc++-v3 check-abi Summary ===
# of added symbols: 51
# of missing symbols: 0
# of incompatible symbols: 0
using: /home/robert/stuff/gcc/src/gcc.hammer-3_3-branch/libstdc++-v3/config/abi/x86_64-linux-gnu/baseline_symbols.txt
=== libstdc++-v3 tests ===
Running target unix
XPASS: 22_locale/collate_byname.cc execution test
XPASS: 22_locale/collate_members_char.cc execution test
XPASS: 22_locale/collate_members_wchar_t.cc execution test
XPASS: 22_locale/ctype_is_char.cc execution test
XPASS: 22_locale/ctype_is_wchar_t.cc execution test
XPASS: 22_locale/members.cc execution test
XPASS: 22_locale/messages_byname.cc execution test
XPASS: 22_locale/messages_members_char.cc execution test
XPASS: 22_locale/money_get_members_char.cc execution test
XPASS: 22_locale/money_get_members_wchar_t.cc execution test
XPASS: 22_locale/money_put_members_char.cc execution test
XPASS: 22_locale/money_put_members_wchar_t.cc execution test
XPASS: 22_locale/moneypunct_byname.cc execution test
XPASS: 22_locale/moneypunct_members_char.cc execution test
XPASS: 22_locale/moneypunct_members_wchar_t.cc execution test
XPASS: 22_locale/num_get_members_char.cc execution test
XPASS: 22_locale/num_get_members_wchar_t.cc execution test
XPASS: 22_locale/num_put_members_char.cc execution test
XPASS: 22_locale/num_put_members_wchar_t.cc execution test
XPASS: 22_locale/numpunct_byname.cc execution test
XPASS: 22_locale/numpunct_members_char.cc execution test
XPASS: 22_locale/numpunct_members_wchar_t.cc execution test
XPASS: 22_locale/time_get_members_char.cc execution test
XPASS: 22_locale/time_get_members_wchar_t.cc execution test
XPASS: 22_locale/time_put_members_char.cc execution test
XPASS: 22_locale/time_put_members_wchar_t.cc execution test
=== libstdc++-v3 Summary ===
# of expected passes 433
# of unexpected successes 26
# of expected failures 2
Compiler version: 3.3.6-hammer 20050117 (prerelease)
Platform: x86_64-suse-linux-gnu
configure flags: --host=x86_64-suse-linux --enable-threads=posix --prefix=/home/robert/stuff/gcc/inst/gcchammer --libexecdir=/home/robert/stuff/gcc/inst/gcchammer/lib --enable-languages=c,c++,f77,objc --disable-checking --disable-libgcj --with-gxx-include-dir=/home/robert/stuff/gcc/inst/gcchammer/include/g++ --with-system-zlib --enable-shared --enable-__cxa_atexit
More information about the Gcc-testresults
mailing list