Results for 4.1.0 20051126 (prerelease) testsuite on i686-pc-linux-gnu

Laurent GUERBY laurent@guerby.net
Sun Nov 27 00:33:00 GMT 2005


LAST_UPDATED: Sat Nov 26 15:20:43 UTC 2005 (revision 107541M)

		=== acats tests ===
FAIL:	c32001e
FAIL:	c64105b
FAIL:	c95086b
FAIL:	cdd2a02

		=== acats Summary ===
# of expected passes		2315
# of unexpected failures	4
Native configuration is i686-pc-linux-gnu

		=== gcc tests ===


Running target unix
FAIL: gcc.dg/vect/vect-62.c scan-tree-dump-times not vectorized: redundant loop. no profit to vectorize. 1

		=== gcc Summary ===

# of expected passes		37847
# of unexpected failures	1
# of expected failures		97
# of untested testcases		28
# of unsupported tests		234
/home/guerby/work/gcc/build/build-4.1-20051126T172654/gcc/xgcc  version 4.1.0 20051126 (prerelease)


Compiler version: 4.1.0 20051126 (prerelease) 
Platform: i686-pc-linux-gnu
configure flags: --prefix=/home/guerby/work/gcc/install/install-4.1-20051126T172654 --enable-__cxa_atexit --disable-nls --enable-threads=posix --disable-multilib --enable-checking --enable-languages=c,ada




More information about the Gcc-testresults mailing list