Results for 4.2.0 20051122 (experimental) testsuite on alphaev67-unknown-linux-gnu
Richard Henderson
rth@twiddle.net
Tue Nov 22 16:10:00 GMT 2005
LAST_UPDATED: Tue Nov 22 01:01:05 UTC 2005 (revision 107345)
Native configuration is alphaev67-unknown-linux-gnu
=== libffi tests ===
Running target unix
=== libffi Summary ===
# of expected passes 228
# of unsupported tests 2
=== libjava tests ===
Running target unix
=== libjava Summary ===
# of expected passes 3986
# of expected failures 10
# of untested testcases 8
=== libstdc++ tests ===
Running target unix
XPASS: 27_io/fpos/14320-1.cc execution test
=== libstdc++ Summary ===
# of expected passes 3386
# of unexpected successes 1
# of expected failures 12
# of unsupported tests 319
=== g++ tests ===
Running target unix
XPASS: g++.dg/tree-ssa/pr14814.C scan-tree-dump-times &this 0
=== g++ Summary ===
# of expected passes 11557
# of unexpected successes 1
# of expected failures 66
# of unsupported tests 106
/home/rth/work/gcc/bld-cron/gcc/testsuite/../g++ version 4.2.0 20051122 (experimental)
=== gcc tests ===
Running target unix
WARNING: program timed out.
FAIL: gcc.c-torture/compile/20001226-1.c -O3 -g (test for excess errors)
FAIL: gcc.dg/tree-ssa/loop-14.c scan-tree-dump-times \\+ 100 1
FAIL: gcc.dg/vect/vect-62.c scan-tree-dump-times not vectorized: redundant loop. no profit to vectorize. 1
=== gcc Summary ===
# of expected passes 37091
# of unexpected failures 3
# of expected failures 93
# of untested testcases 28
# of unsupported tests 363
/home/rth/work/gcc/bld-cron/gcc/xgcc version 4.2.0 20051122 (experimental)
=== gfortran tests ===
Running target unix
FAIL: gfortran.dg/namelist_11.f -O0 execution test
FAIL: gfortran.dg/namelist_11.f -O1 execution test
FAIL: gfortran.dg/namelist_11.f -O2 execution test
FAIL: gfortran.dg/namelist_11.f -O3 -fomit-frame-pointer execution test
FAIL: gfortran.dg/namelist_11.f -O3 -fomit-frame-pointer -funroll-loops execution test
FAIL: gfortran.dg/namelist_11.f -O3 -fomit-frame-pointer -funroll-all-loops -finline-functions execution test
FAIL: gfortran.dg/namelist_11.f -O3 -g execution test
FAIL: gfortran.dg/namelist_11.f -Os execution test
FAIL: gfortran.dg/namelist_12.f -O0 execution test
FAIL: gfortran.dg/namelist_12.f -O1 execution test
FAIL: gfortran.dg/namelist_12.f -O2 execution test
FAIL: gfortran.dg/namelist_12.f -O3 -fomit-frame-pointer execution test
FAIL: gfortran.dg/namelist_12.f -O3 -fomit-frame-pointer -funroll-loops execution test
FAIL: gfortran.dg/namelist_12.f -O3 -fomit-frame-pointer -funroll-all-loops -finline-functions execution test
FAIL: gfortran.dg/namelist_12.f -O3 -g execution test
FAIL: gfortran.dg/namelist_12.f -Os execution test
FAIL: gfortran.dg/namelist_14.f90 -O0 execution test
FAIL: gfortran.dg/namelist_14.f90 -O1 execution test
FAIL: gfortran.dg/namelist_14.f90 -O2 execution test
FAIL: gfortran.dg/namelist_14.f90 -O3 -fomit-frame-pointer execution test
FAIL: gfortran.dg/namelist_14.f90 -O3 -fomit-frame-pointer -funroll-loops execution test
FAIL: gfortran.dg/namelist_14.f90 -O3 -fomit-frame-pointer -funroll-all-loops -finline-functions execution test
FAIL: gfortran.dg/namelist_14.f90 -O3 -g execution test
FAIL: gfortran.dg/namelist_14.f90 -Os execution test
FAIL: gfortran.dg/namelist_15.f90 -O0 execution test
FAIL: gfortran.dg/namelist_15.f90 -O1 execution test
FAIL: gfortran.dg/namelist_15.f90 -O2 execution test
FAIL: gfortran.dg/namelist_15.f90 -O3 -fomit-frame-pointer execution test
FAIL: gfortran.dg/namelist_15.f90 -O3 -fomit-frame-pointer -funroll-loops execution test
FAIL: gfortran.dg/namelist_15.f90 -O3 -fomit-frame-pointer -funroll-all-loops -finline-functions execution test
FAIL: gfortran.dg/namelist_15.f90 -O3 -g execution test
FAIL: gfortran.dg/namelist_15.f90 -Os execution test
FAIL: gfortran.dg/namelist_16.f90 -O0 execution test
FAIL: gfortran.dg/namelist_16.f90 -O1 execution test
FAIL: gfortran.dg/namelist_16.f90 -O2 execution test
FAIL: gfortran.dg/namelist_16.f90 -O3 -fomit-frame-pointer execution test
FAIL: gfortran.dg/namelist_16.f90 -O3 -fomit-frame-pointer -funroll-loops execution test
FAIL: gfortran.dg/namelist_16.f90 -O3 -fomit-frame-pointer -funroll-all-loops -finline-functions execution test
FAIL: gfortran.dg/namelist_16.f90 -O3 -g execution test
FAIL: gfortran.dg/namelist_16.f90 -Os execution test
FAIL: gfortran.dg/namelist_19.f90 -O0 execution test
FAIL: gfortran.dg/namelist_19.f90 -O1 execution test
FAIL: gfortran.dg/namelist_19.f90 -O2 execution test
FAIL: gfortran.dg/namelist_19.f90 -O3 -fomit-frame-pointer execution test
FAIL: gfortran.dg/namelist_19.f90 -O3 -fomit-frame-pointer -funroll-loops execution test
FAIL: gfortran.dg/namelist_19.f90 -O3 -fomit-frame-pointer -funroll-all-loops -finline-functions execution test
FAIL: gfortran.dg/namelist_19.f90 -O3 -g execution test
FAIL: gfortran.dg/namelist_19.f90 -Os execution test
FAIL: gfortran.dg/namelist_20.f90 -O0 execution test
FAIL: gfortran.dg/namelist_20.f90 -O1 execution test
FAIL: gfortran.dg/namelist_20.f90 -O2 execution test
FAIL: gfortran.dg/namelist_20.f90 -O3 -fomit-frame-pointer execution test
FAIL: gfortran.dg/namelist_20.f90 -O3 -fomit-frame-pointer -funroll-loops execution test
FAIL: gfortran.dg/namelist_20.f90 -O3 -fomit-frame-pointer -funroll-all-loops -finline-functions execution test
FAIL: gfortran.dg/namelist_20.f90 -O3 -g execution test
FAIL: gfortran.dg/namelist_20.f90 -Os execution test
FAIL: gfortran.dg/pr17285.f90 -O0 execution test
FAIL: gfortran.dg/pr17285.f90 -O1 execution test
FAIL: gfortran.dg/pr17285.f90 -O2 execution test
FAIL: gfortran.dg/pr17285.f90 -O3 -fomit-frame-pointer execution test
FAIL: gfortran.dg/pr17285.f90 -O3 -fomit-frame-pointer -funroll-loops execution test
FAIL: gfortran.dg/pr17285.f90 -O3 -fomit-frame-pointer -funroll-all-loops -finline-functions execution test
FAIL: gfortran.dg/pr17285.f90 -O3 -g execution test
FAIL: gfortran.dg/pr17285.f90 -Os execution test
=== gfortran Summary ===
# of expected passes 10542
# of unexpected failures 64
# of expected failures 15
# of unsupported tests 47
/home/rth/work/gcc/bld-cron/gcc/testsuite/../gfortran version 4.2.0 20051122 (experimental)
=== objc tests ===
Running target unix
=== objc Summary ===
# of expected passes 1670
# of unsupported tests 23
/home/rth/work/gcc/bld-cron/gcc/xgcc version 4.2.0 20051122 (experimental)
Compiler version: 4.2.0 20051122 (experimental)
Platform: alphaev67-unknown-linux-gnu
configure flags: --disable-libmudflap --enable-clocale=gnu --prefix=/home/rth/work/gcc/run-41 --enable-languages=c,c++,fortran,java,objc
More information about the Gcc-testresults
mailing list