Results for 4.2.020051120(experimental) testsuite on i686-pc-linux-gnu
Georg Bauhaus
bauhaus@futureapps.de
Tue Nov 22 09:06:00 GMT 2005
cat <<'EOF' |
Needed a fix for PR 23400 to run.
Don't know what the following line means, it is printed when collecting
the test results:
tail: cannot open \`../src/gcc/LAST_UPDATED' for reading: No such file or directory
LAST_UPDATED:
=== acats tests ===
FAIL: c32001e
FAIL: c52103x
FAIL: c52104x
FAIL: c52104y
FAIL: c64105b
FAIL: c95086b
FAIL: ca11c01
FAIL: cdd2a02
=== acats Summary ===
# of expected passes 2311
# of unexpected failures 8
Native configuration is i686-pc-linux-gnu
=== gcc tests ===
Running target unix
WARNING: program timed out.
FAIL: gcc.c-torture/compile/20001226-1.c -O3 -g (test for excess errors)
FAIL: gcc.dg/vect/vect-62.c scan-tree-dump-times not vectorized: redundant loop. no profit to vectorize. 1
=== gcc Summary ===
# of expected passes 37836
# of unexpected failures 2
# of expected failures 97
# of untested testcases 28
# of unsupported tests 234
/werkstatt/georg/build/gcc/xgcc version 4.2.0 20051120 (experimental)
=== gfortran tests ===
Running target unix
=== gfortran Summary ===
# of expected passes 10643
# of expected failures 15
# of unsupported tests 16
/werkstatt/georg/build/gcc/testsuite/../gfortran version 4.2.0 20051120 (experimental)
=== g++ tests ===
Running target unix
FAIL: g++.dg/other/i386-1.C execution test
=== g++ Summary ===
# of expected passes 11663
# of unexpected failures 1
# of expected failures 67
# of unsupported tests 64
/werkstatt/georg/build/gcc/testsuite/../g++ version 4.2.0 20051120 (experimental)
=== libstdc++ tests ===
Running target unix
FAIL: abi_check
XPASS: 26_numerics/cmath/c99_classification_macros_c.cc (test for excess errors)
=== libstdc++ Summary ===
# of expected passes 3385
# of unexpected failures 1
# of unexpected successes 1
# of expected failures 12
# of unsupported tests 319
Compiler version: 4.2.020051120(experimental)
Platform: i686-pc-linux-gnu
configure flags: --prefix=/opt/GCC/42 --disable-nls --enable-languages=c,ada,c++,fortran
More information about the Gcc-testresults
mailing list