Results for 4.2.0 20051121 (experimental) testsuite on x86_64-unknown-linux-gnu
Toon Moene
toon@moene.indiv.nluug.nl
Tue Nov 22 06:12:00 GMT 2005
LAST_UPDATED: Mon Nov 21 22:32:46 UTC 2005 (revision 107328)
=== acats tests ===
FAIL: c52103x
FAIL: c52104x
FAIL: c52104y
FAIL: ca11c01
FAIL: cdd2a02
=== acats Summary ===
# of expected passes 2314
# of unexpected failures 5
Native configuration is x86_64-unknown-linux-gnu
=== gcc tests ===
Running target unix
FAIL: tmpdir-gcc.dg-struct-layout-1/t026 c_compat_x_tst.o-c_compat_y_tst.o execute
FAIL: gcc.dg/vect/vect-62.c scan-tree-dump-times not vectorized: redundant loop. no profit to vectorize. 1
=== gcc Summary ===
# of expected passes 37712
# of unexpected failures 2
# of expected failures 96
# of untested testcases 28
# of unsupported tests 352
/home/toon/compilers/obj-t/gcc/xgcc version 4.2.0 20051121 (experimental)
=== gfortran tests ===
Running target unix
=== gfortran Summary ===
# of expected passes 10675
# of expected failures 18
# of unsupported tests 16
/home/toon/compilers/obj-t/gcc/testsuite/../gfortran version 4.2.0 20051121 (experimental)
=== g++ tests ===
Running target unix
XPASS: g++.dg/tree-ssa/pr14814.C scan-tree-dump-times &this 0
=== g++ Summary ===
# of expected passes 11577
# of unexpected successes 1
# of expected failures 66
# of unsupported tests 95
/home/toon/compilers/obj-t/gcc/testsuite/../g++ version 4.2.0 20051121 (experimental)
=== objc tests ===
Running target unix
=== objc Summary ===
# of expected passes 1672
# of unsupported tests 22
/home/toon/compilers/obj-t/gcc/xgcc version 4.2.0 20051121 (experimental)
=== libffi tests ===
Running target unix
=== libffi Summary ===
# of expected passes 228
# of unsupported tests 2
=== libjava tests ===
Running target unix
=== libjava Summary ===
# of expected passes 3986
# of expected failures 10
# of untested testcases 8
=== libmudflap tests ===
Running target unix
=== libmudflap Summary ===
# of expected passes 1789
=== libstdc++ tests ===
Running target unix
FAIL: abi_check
XPASS: 26_numerics/cmath/c99_classification_macros_c.cc (test for excess errors)
XPASS: 27_io/fpos/14320-1.cc execution test
=== libstdc++ Summary ===
# of expected passes 3385
# of unexpected failures 1
# of unexpected successes 2
# of expected failures 11
# of unsupported tests 319
Compiler version: 4.2.0 20051121 (experimental)
Platform: x86_64-unknown-linux-gnu
configure flags: --disable-nls --disable-multilib --prefix=/usr/snp --enable-languages=c,ada,c++,fortran,java,objc
More information about the Gcc-testresults
mailing list