Results for 3.4.5 20051121 (prerelease) testsuite on i686-pc-linux-gnu
Joe Buck
Joe.Buck@synopsys.com
Tue Nov 22 00:11:00 GMT 2005
This is a Red Hat Enterprise (GNU/)Linux WS release 3 system,
running on a dual 2.2 GHz Intel Xeon system.
kernel: 2.4.21-4.EL (from Red Hat)
glibc: 2.3.2-95.3 (from Red Hat)
binutils: 2.14.90.0.4-26 (from Red Hat)
All languages were tested.
LAST_UPDATED: Obtained from SVN: branches/gcc-3_4-branch revision 107308
Native configuration is i686-pc-linux-gnu
=== g77 tests ===
Running target unix
=== g77 Summary ===
# of expected passes 1824
/var/tmp/gccbuild/3.4.5-pre/gcc/testsuite/../g77 version 3.4.5 20051121 (prerelease)
=== gcc tests ===
Running target unix
FAIL: gcc.c-torture/execute/va-arg-25.c execution, -Os
=== gcc Summary ===
# of expected passes 25356
# of unexpected failures 1
# of expected failures 70
# of untested testcases 7
# of unsupported tests 213
/var/tmp/gccbuild/3.4.5-pre/gcc/xgcc version 3.4.5 20051121 (prerelease)
=== g++ tests ===
Running target unix
XPASS: g++.dg/rtti/tinfo1.C scan-assembler _ZTIP9CTemplateIhE:
XPASS: g++.dg/rtti/tinfo1.C scan-assembler-not .globl[ \\t]+_ZTIP9CTemplateIhE
WARNING: g++.old-deja/g++.mike/p10769a.C compilation failed to produce executable
WARNING: g++.old-deja/g++.other/enum5.C compilation failed to produce executable
WARNING: g++.old-deja/g++.pt/friend44.C compilation failed to produce executable
=== g++ Summary ===
# of expected passes 9948
# of unexpected successes 2
# of expected failures 70
# of unsupported tests 43
/var/tmp/gccbuild/3.4.5-pre/gcc/testsuite/../g++ version 3.4.5 20051121 (prerelease)
=== objc tests ===
Running target unix
=== objc Summary ===
# of expected passes 1352
# of unsupported tests 8
/var/tmp/gccbuild/3.4.5-pre/gcc/xgcc version 3.4.5 20051121 (prerelease)
=== libffi tests ===
Running target unix
=== libffi Summary ===
# of expected passes 212
# of unsupported tests 2
=== libjava tests ===
Running target unix
=== libjava Summary ===
# of expected passes 3271
# of expected failures 10
# of untested testcases 8
=== libstdc++ tests ===
Running target unix
XPASS: 22_locale/locale/cons/12658_thread.cc execution test
XPASS: 26_numerics/c99_classification_macros_c.cc (test for excess errors)
=== libstdc++ Summary ===
# of expected passes 2737
# of unexpected successes 2
# of expected failures 5
Compiler version: 3.4.5 20051121 (prerelease)
Platform: i686-pc-linux-gnu
configure flags: --prefix=/usr/localdisk/gcc-cvs/3.4.5-pre --with-gnu-as --with-as=/usr/bin/as --with-gnu-ld --with-ld=/usr/bin/ld
More information about the Gcc-testresults
mailing list