Results for 4.2.0 20051121 (experimental) testsuite on x86_64-unknown-linux-gnu

Kaveh R. Ghazi ghazi@caipclassic.rutgers.edu
Mon Nov 21 19:21:00 GMT 2005


LAST_UPDATED: 
Native configuration is x86_64-unknown-linux-gnu

		=== g++ tests ===


Running target unix/-fPIC

		=== g++ Summary for unix/-fPIC ===

# of expected passes		11577
# of expected failures		67
# of unsupported tests		95

Running target unix/-fpic

		=== g++ Summary for unix/-fpic ===

# of expected passes		11577
# of expected failures		67
# of unsupported tests		95

Running target unix

		=== g++ Summary for unix ===

# of expected passes		11577
# of expected failures		67
# of unsupported tests		95

		=== g++ Summary ===

# of expected passes		34731
# of expected failures		201
# of unsupported tests		285
/tmp/kg/42/build/gcc/testsuite/../g++  version 4.2.0 20051121 (experimental)

		=== gcc tests ===


Running target unix/-fPIC
FAIL: gcc.c-torture/execute/builtins/sprintf-chk.c execution,  -O1 
FAIL: gcc.c-torture/execute/builtins/sprintf-chk.c execution,  -O2 
FAIL: gcc.c-torture/execute/builtins/sprintf-chk.c execution,  -O3 -fomit-frame-pointer 
FAIL: gcc.c-torture/execute/builtins/sprintf-chk.c execution,  -O3 -fomit-frame-pointer -funroll-loops 
FAIL: gcc.c-torture/execute/builtins/sprintf-chk.c execution,  -O3 -fomit-frame-pointer -funroll-all-loops -finline-functions 
FAIL: gcc.c-torture/execute/builtins/sprintf-chk.c execution,  -O3 -g 
FAIL: gcc.c-torture/execute/builtins/sprintf-chk.c execution,  -Os 
FAIL: gcc.c-torture/execute/builtins/stpcpy-chk.c execution,  -O1 
FAIL: gcc.c-torture/execute/builtins/stpcpy-chk.c execution,  -O2 
FAIL: gcc.c-torture/execute/builtins/stpcpy-chk.c execution,  -O3 -fomit-frame-pointer 
FAIL: gcc.c-torture/execute/builtins/stpcpy-chk.c execution,  -O3 -fomit-frame-pointer -funroll-loops 
FAIL: gcc.c-torture/execute/builtins/stpcpy-chk.c execution,  -O3 -fomit-frame-pointer -funroll-all-loops -finline-functions 
FAIL: gcc.c-torture/execute/builtins/stpcpy-chk.c execution,  -O3 -g 
FAIL: gcc.c-torture/execute/builtins/stpcpy-chk.c execution,  -Os 
FAIL: gcc.c-torture/execute/builtins/strcpy-chk.c execution,  -O1 
FAIL: gcc.c-torture/execute/builtins/strcpy-chk.c execution,  -O2 
FAIL: gcc.c-torture/execute/builtins/strcpy-chk.c execution,  -O3 -fomit-frame-pointer 
FAIL: gcc.c-torture/execute/builtins/strcpy-chk.c execution,  -O3 -fomit-frame-pointer -funroll-loops 
FAIL: gcc.c-torture/execute/builtins/strcpy-chk.c execution,  -O3 -fomit-frame-pointer -funroll-all-loops -finline-functions 
FAIL: gcc.c-torture/execute/builtins/strcpy-chk.c execution,  -O3 -g 
FAIL: gcc.c-torture/execute/builtins/strcpy-chk.c execution,  -Os 
FAIL: gcc.c-torture/execute/builtins/strlen-3.c execution,  -O2 
FAIL: gcc.c-torture/execute/builtins/strlen-3.c execution,  -O3 -fomit-frame-pointer 
FAIL: gcc.c-torture/execute/builtins/strlen-3.c execution,  -O3 -fomit-frame-pointer -funroll-loops 
FAIL: gcc.c-torture/execute/builtins/strlen-3.c execution,  -O3 -fomit-frame-pointer -funroll-all-loops -finline-functions 
FAIL: gcc.c-torture/execute/builtins/strlen-3.c execution,  -O3 -g 
FAIL: tmpdir-gcc.dg-struct-layout-1/t026 c_compat_x_tst.o-c_compat_y_tst.o execute 
FAIL: gcc.dg/assign-warn-3.c  (test for warnings, line 9)
FAIL: gcc.dg/assign-warn-3.c  (test for warnings, line 13)
FAIL: gcc.dg/pr23911.c scan-tree-dump-times = CR 0
FAIL: gcc.dg/pr23911.c scan-tree-dump-times = CI 0
FAIL: gcc.dg/ipa/ipa-1.c scan-ipa-dump-times versioned function 2
FAIL: gcc.dg/ipa/ipa-1.c scan-ipa-dump-times propagating const 2
FAIL: gcc.dg/ipa/ipa-2.c scan-ipa-dump-times versioned function 2
FAIL: gcc.dg/ipa/ipa-2.c scan-ipa-dump-times propagating const 2
FAIL: gcc.dg/ipa/ipa-3.c scan-ipa-dump-times versioned function 2
FAIL: gcc.dg/ipa/ipa-3.c scan-ipa-dump-times propagating const 3
FAIL: gcc.dg/ipa/ipa-4.c scan-ipa-dump-times versioned function 1
FAIL: gcc.dg/ipa/ipa-4.c scan-ipa-dump-times propagating const 1
FAIL: gcc.dg/ipa/ipa-5.c scan-ipa-dump-times versioned function 2
FAIL: gcc.dg/ipa/ipa-5.c scan-ipa-dump-times propagating const 2
FAIL: gcc.dg/tree-ssa/loop-3.c scan-tree-dump-times step: 1
FAIL: gcc.dg/tree-ssa/pr14841.c scan-tree-dump-times Folded statement: if  1
FAIL: gcc.dg/tree-ssa/wholeprogram-1.c scan-tree-dump-not large_function
FAIL: gcc.dg/vect/vect-62.c scan-tree-dump-times not vectorized: redundant loop. no profit to vectorize. 1
FAIL: gcc.dg/vect/vect-ifcvt-9.c scan-tree-dump-times vectorized 1 loops 2
FAIL: gcc.target/i386/cmov1.c scan-assembler sar[^\\\\n]*magic_namea
FAIL: gcc.target/i386/cmov1.c scan-assembler sar[^\\\\n]*magic_nameb
FAIL: gcc.target/i386/cmov1.c scan-assembler sar[^\\\\n]*magic_namec
FAIL: gcc.target/i386/cmov1.c scan-assembler shr[^\\\\n]*magic_named
FAIL: gcc.target/i386/cmov1.c scan-assembler shr[^\\\\n]*magic_namee
FAIL: gcc.target/i386/cmov1.c scan-assembler shr[^\\\\n]*magic_namef
FAIL: gcc.target/i386/mul.c scan-assembler and[^\\\\n]*magic
FAIL: gcc.target/i386/ssetype-1.c scan-assembler andpd[^\\\\n]*magic
FAIL: gcc.target/i386/ssetype-1.c scan-assembler andnpd[^\\\\n]*magic
FAIL: gcc.target/i386/ssetype-1.c scan-assembler xorpd[^\\\\n]*magic
FAIL: gcc.target/i386/ssetype-1.c scan-assembler orpd[^\\\\n]*magic
FAIL: gcc.target/i386/ssetype-1.c scan-assembler movapd[^\\\\n]*magic
FAIL: gcc.target/i386/ssetype-3.c scan-assembler andps[^\\\\n]*magic
FAIL: gcc.target/i386/ssetype-3.c scan-assembler andnps[^\\\\n]*magic
FAIL: gcc.target/i386/ssetype-3.c scan-assembler xorps[^\\\\n]*magic
FAIL: gcc.target/i386/ssetype-3.c scan-assembler orps[^\\\\n]*magic
FAIL: gcc.target/i386/ssetype-3.c scan-assembler movaps[^\\\\n]*magic
FAIL: gcc.target/i386/ssetype-5.c scan-assembler pand[^\\\\n]*magic
FAIL: gcc.target/i386/ssetype-5.c scan-assembler pandn[^\\\\n]*magic
FAIL: gcc.target/i386/ssetype-5.c scan-assembler pxor[^\\\\n]*magic
FAIL: gcc.target/i386/ssetype-5.c scan-assembler por[^\\\\n]*magic

		=== gcc Summary for unix/-fPIC ===

# of expected passes		37631
# of unexpected failures	67
# of expected failures		96
# of untested testcases		28
# of unsupported tests		352

Running target unix/-fpic
FAIL: gcc.c-torture/execute/builtins/sprintf-chk.c execution,  -O1 
FAIL: gcc.c-torture/execute/builtins/sprintf-chk.c execution,  -O2 
FAIL: gcc.c-torture/execute/builtins/sprintf-chk.c execution,  -O3 -fomit-frame-pointer 
FAIL: gcc.c-torture/execute/builtins/sprintf-chk.c execution,  -O3 -fomit-frame-pointer -funroll-loops 
FAIL: gcc.c-torture/execute/builtins/sprintf-chk.c execution,  -O3 -fomit-frame-pointer -funroll-all-loops -finline-functions 
FAIL: gcc.c-torture/execute/builtins/sprintf-chk.c execution,  -O3 -g 
FAIL: gcc.c-torture/execute/builtins/sprintf-chk.c execution,  -Os 
FAIL: gcc.c-torture/execute/builtins/stpcpy-chk.c execution,  -O1 
FAIL: gcc.c-torture/execute/builtins/stpcpy-chk.c execution,  -O2 
FAIL: gcc.c-torture/execute/builtins/stpcpy-chk.c execution,  -O3 -fomit-frame-pointer 
FAIL: gcc.c-torture/execute/builtins/stpcpy-chk.c execution,  -O3 -fomit-frame-pointer -funroll-loops 
FAIL: gcc.c-torture/execute/builtins/stpcpy-chk.c execution,  -O3 -fomit-frame-pointer -funroll-all-loops -finline-functions 
FAIL: gcc.c-torture/execute/builtins/stpcpy-chk.c execution,  -O3 -g 
FAIL: gcc.c-torture/execute/builtins/stpcpy-chk.c execution,  -Os 
FAIL: gcc.c-torture/execute/builtins/strcpy-chk.c execution,  -O1 
FAIL: gcc.c-torture/execute/builtins/strcpy-chk.c execution,  -O2 
FAIL: gcc.c-torture/execute/builtins/strcpy-chk.c execution,  -O3 -fomit-frame-pointer 
FAIL: gcc.c-torture/execute/builtins/strcpy-chk.c execution,  -O3 -fomit-frame-pointer -funroll-loops 
FAIL: gcc.c-torture/execute/builtins/strcpy-chk.c execution,  -O3 -fomit-frame-pointer -funroll-all-loops -finline-functions 
FAIL: gcc.c-torture/execute/builtins/strcpy-chk.c execution,  -O3 -g 
FAIL: gcc.c-torture/execute/builtins/strcpy-chk.c execution,  -Os 
FAIL: gcc.c-torture/execute/builtins/strlen-3.c execution,  -O2 
FAIL: gcc.c-torture/execute/builtins/strlen-3.c execution,  -O3 -fomit-frame-pointer 
FAIL: gcc.c-torture/execute/builtins/strlen-3.c execution,  -O3 -fomit-frame-pointer -funroll-loops 
FAIL: gcc.c-torture/execute/builtins/strlen-3.c execution,  -O3 -fomit-frame-pointer -funroll-all-loops -finline-functions 
FAIL: gcc.c-torture/execute/builtins/strlen-3.c execution,  -O3 -g 
FAIL: tmpdir-gcc.dg-struct-layout-1/t026 c_compat_x_tst.o-c_compat_y_tst.o execute 
FAIL: gcc.dg/assign-warn-3.c  (test for warnings, line 9)
FAIL: gcc.dg/assign-warn-3.c  (test for warnings, line 13)
FAIL: gcc.dg/pr23911.c scan-tree-dump-times = CR 0
FAIL: gcc.dg/pr23911.c scan-tree-dump-times = CI 0
FAIL: gcc.dg/ipa/ipa-1.c scan-ipa-dump-times versioned function 2
FAIL: gcc.dg/ipa/ipa-1.c scan-ipa-dump-times propagating const 2
FAIL: gcc.dg/ipa/ipa-2.c scan-ipa-dump-times versioned function 2
FAIL: gcc.dg/ipa/ipa-2.c scan-ipa-dump-times propagating const 2
FAIL: gcc.dg/ipa/ipa-3.c scan-ipa-dump-times versioned function 2
FAIL: gcc.dg/ipa/ipa-3.c scan-ipa-dump-times propagating const 3
FAIL: gcc.dg/ipa/ipa-4.c scan-ipa-dump-times versioned function 1
FAIL: gcc.dg/ipa/ipa-4.c scan-ipa-dump-times propagating const 1
FAIL: gcc.dg/ipa/ipa-5.c scan-ipa-dump-times versioned function 2
FAIL: gcc.dg/ipa/ipa-5.c scan-ipa-dump-times propagating const 2
FAIL: gcc.dg/tree-ssa/loop-3.c scan-tree-dump-times step: 1
FAIL: gcc.dg/tree-ssa/pr14841.c scan-tree-dump-times Folded statement: if  1
FAIL: gcc.dg/tree-ssa/wholeprogram-1.c scan-tree-dump-not large_function
FAIL: gcc.dg/vect/vect-62.c scan-tree-dump-times not vectorized: redundant loop. no profit to vectorize. 1
FAIL: gcc.dg/vect/vect-ifcvt-9.c scan-tree-dump-times vectorized 1 loops 2
FAIL: gcc.target/i386/cmov1.c scan-assembler sar[^\\\\n]*magic_namea
FAIL: gcc.target/i386/cmov1.c scan-assembler sar[^\\\\n]*magic_nameb
FAIL: gcc.target/i386/cmov1.c scan-assembler sar[^\\\\n]*magic_namec
FAIL: gcc.target/i386/cmov1.c scan-assembler shr[^\\\\n]*magic_named
FAIL: gcc.target/i386/cmov1.c scan-assembler shr[^\\\\n]*magic_namee
FAIL: gcc.target/i386/cmov1.c scan-assembler shr[^\\\\n]*magic_namef
FAIL: gcc.target/i386/mul.c scan-assembler and[^\\\\n]*magic
FAIL: gcc.target/i386/ssetype-1.c scan-assembler andpd[^\\\\n]*magic
FAIL: gcc.target/i386/ssetype-1.c scan-assembler andnpd[^\\\\n]*magic
FAIL: gcc.target/i386/ssetype-1.c scan-assembler xorpd[^\\\\n]*magic
FAIL: gcc.target/i386/ssetype-1.c scan-assembler orpd[^\\\\n]*magic
FAIL: gcc.target/i386/ssetype-1.c scan-assembler movapd[^\\\\n]*magic
FAIL: gcc.target/i386/ssetype-3.c scan-assembler andps[^\\\\n]*magic
FAIL: gcc.target/i386/ssetype-3.c scan-assembler andnps[^\\\\n]*magic
FAIL: gcc.target/i386/ssetype-3.c scan-assembler xorps[^\\\\n]*magic
FAIL: gcc.target/i386/ssetype-3.c scan-assembler orps[^\\\\n]*magic
FAIL: gcc.target/i386/ssetype-3.c scan-assembler movaps[^\\\\n]*magic
FAIL: gcc.target/i386/ssetype-5.c scan-assembler pand[^\\\\n]*magic
FAIL: gcc.target/i386/ssetype-5.c scan-assembler pandn[^\\\\n]*magic
FAIL: gcc.target/i386/ssetype-5.c scan-assembler pxor[^\\\\n]*magic
FAIL: gcc.target/i386/ssetype-5.c scan-assembler por[^\\\\n]*magic

		=== gcc Summary for unix/-fpic ===

# of expected passes		37631
# of unexpected failures	67
# of expected failures		96
# of untested testcases		28
# of unsupported tests		352

Running target unix
FAIL: tmpdir-gcc.dg-struct-layout-1/t026 c_compat_x_tst.o-c_compat_y_tst.o execute 
FAIL: gcc.dg/vect/vect-62.c scan-tree-dump-times not vectorized: redundant loop. no profit to vectorize. 1

		=== gcc Summary for unix ===

# of expected passes		37696
# of unexpected failures	2
# of expected failures		96
# of untested testcases		28
# of unsupported tests		352

		=== gcc Summary ===

# of expected passes		112958
# of unexpected failures	136
# of expected failures		288
# of untested testcases		84
# of unsupported tests		1056
/tmp/kg/42/build/gcc/xgcc  version 4.2.0 20051121 (experimental)

		=== gfortran tests ===


Running target unix/-fPIC

		=== gfortran Summary for unix/-fPIC ===

# of expected passes		10640
# of expected failures		18
# of unsupported tests		16

Running target unix/-fpic

		=== gfortran Summary for unix/-fpic ===

# of expected passes		10640
# of expected failures		18
# of unsupported tests		16

Running target unix

		=== gfortran Summary for unix ===

# of expected passes		10640
# of expected failures		18
# of unsupported tests		16

		=== gfortran Summary ===

# of expected passes		31920
# of expected failures		54
# of unsupported tests		48
/tmp/kg/42/build/gcc/testsuite/../gfortran  version 4.2.0 20051121 (experimental)

		=== objc tests ===


Running target unix/-fPIC
FAIL: objc/execute/exceptions/foward-1.m execution,  -Os  -fgnu-runtime

		=== objc Summary for unix/-fPIC ===

# of expected passes		1671
# of unexpected failures	1
# of unsupported tests		22

Running target unix/-fpic
FAIL: objc/execute/exceptions/foward-1.m execution,  -Os 

		=== objc Summary for unix/-fpic ===

# of expected passes		1671
# of unexpected failures	1
# of unsupported tests		22

Running target unix

		=== objc Summary for unix ===

# of expected passes		1672
# of unsupported tests		22

		=== objc Summary ===

# of expected passes		5014
# of unexpected failures	2
# of unsupported tests		66
/tmp/kg/42/build/gcc/xgcc  version 4.2.0 20051121 (experimental)

		=== libffi tests ===


Running target unix/-fPIC

		=== libffi Summary for unix/-fPIC ===

# of expected passes		228
# of unsupported tests		2

Running target unix/-fpic

		=== libffi Summary for unix/-fpic ===

# of expected passes		228
# of unsupported tests		2

Running target unix

		=== libffi Summary for unix ===

# of expected passes		228
# of unsupported tests		2

		=== libffi Summary ===

# of expected passes		684
# of unsupported tests		6
		=== libjava tests ===


Running target unix/-fPIC

		=== libjava Summary for unix/-fPIC ===

# of expected passes		3986
# of expected failures		10
# of untested testcases		8

Running target unix/-fpic

		=== libjava Summary for unix/-fpic ===

# of expected passes		3986
# of expected failures		10
# of untested testcases		8

Running target unix

		=== libjava Summary for unix ===

# of expected passes		3986
# of expected failures		10
# of untested testcases		8

		=== libjava Summary ===

# of expected passes		11958
# of expected failures		30
# of untested testcases		24
		=== libmudflap tests ===


Running target unix/-fPIC

		=== libmudflap Summary for unix/-fPIC ===

# of expected passes		1789

Running target unix/-fpic

		=== libmudflap Summary for unix/-fpic ===

# of expected passes		1789

Running target unix

		=== libmudflap Summary for unix ===

# of expected passes		1789

		=== libmudflap Summary ===

# of expected passes		5367
		=== libstdc++ tests ===


Running target unix/-fPIC
XPASS: 27_io/fpos/14320-1.cc execution test

		=== libstdc++ Summary for unix/-fPIC ===

# of expected passes		4016
# of unexpected successes	1
# of expected failures		12
# of unsupported tests		4

Running target unix/-fpic
XPASS: 27_io/fpos/14320-1.cc execution test

		=== libstdc++ Summary for unix/-fpic ===

# of expected passes		4016
# of unexpected successes	1
# of expected failures		12
# of unsupported tests		4

Running target unix
XPASS: 26_numerics/cmath/c99_classification_macros_c.cc (test for excess errors)
XPASS: 27_io/fpos/14320-1.cc execution test

		=== libstdc++ Summary for unix ===

# of expected passes		4016
# of unexpected successes	2
# of expected failures		11
# of unsupported tests		4

		=== libstdc++ Summary ===

# of expected passes		12048
# of unexpected successes	4
# of expected failures		35
# of unsupported tests		12

Compiler version: 4.2.0 20051121 (experimental) 
Platform: x86_64-unknown-linux-gnu
configure flags: --verbose --enable-checking=yes,rtl --enable-multilib=no --enable-languages=c,c++,fortran,java,objc



More information about the Gcc-testresults mailing list