Results for 4.0.3 20051118 (prerelease) testsuite on sparc64-unknown-linux-gnu
Christian Joensson
chj@j-son.org
Sun Nov 20 02:38:00 GMT 2005
Aurora SPARC Linux release 2.0 (Kashmir FC3) UltraSparc IIi (Sabre) sun4u:
(auroralinux corona + rathann's and rzm's FC3 updates)
binutils-2.16.91.0.3-1.sparc
bison-1.875c-2.sparc
dejagnu-1.4.4-2.noarch
expect-5.42.1-1.sparc
gcc-3.4.3-22.sparc.sparc
gcc4-4.0.0-0.41.sparc.sparc
glibc-2.3.5-0.fc3.1.sparcv9
glibc-2.3.5-0.fc3.1.sparc64
glibc-devel-2.3.5-0.fc3.1.sparc
glibc-devel-2.3.5-0.fc3.1.sparc64
glibc-headers-2.3.5-0.fc3.1.sparc
glibc-kernheaders-2.6-20sparc.sparc
gmp-4.1.4-3sparc.sparc
gmp-4.1.4-3sparc.sparc64
gmp-devel-4.1.4-3sparc.sparc
gmp-devel-4.1.4-3sparc.sparc64
kernel-2.6.13-1.1603sp4.sparc64
package kernel-devel is not installed
package kernel-smp is not installed
libgcc-3.4.3-22.sparc.sparc
libgcc-3.4.3-22.sparc.sparc64
libstdc++-3.4.3-22.sparc.sparc
libstdc++-3.4.3-22.sparc.sparc64
libstdc++-devel-3.4.3-22.sparc.sparc
libstdc++-devel-3.4.3-22.sparc.sparc64
make-3.80-5.sparc
nptl-devel-2.3.5-0.fc3.1.sparcv9
tcl-8.4.7-2.sparc
LAST_UPDATED: Fri Nov 18 21:37:21 UTC 2005 (revision 107190)
=== acats tests ===
FAIL: cd5013a
FAIL: ce3810b
=== acats Summary ===
# of expected passes 2318
# of unexpected failures 2
Native configuration is sparc64-unknown-linux-gnu
=== gcc tests ===
Running target unix/-m64
FAIL: gcc.dg/tls/pr24428-2.c execution test
FAIL: gcc.dg/tls/pr24428.c execution test
FAIL: gcc.misc-tests/linkage.c link
=== gcc Summary for unix/-m64 ===
# of expected passes 34857
# of unexpected failures 3
# of expected failures 95
# of untested testcases 28
# of unsupported tests 535
Running target unix
=== gcc Summary for unix ===
# of expected passes 34864
# of expected failures 95
# of untested testcases 28
# of unsupported tests 532
=== gcc Summary ===
# of expected passes 69721
# of unexpected failures 3
# of expected failures 190
# of untested testcases 56
# of unsupported tests 1067
/usr/local/src/branch/objdir/gcc/xgcc version 4.0.3 20051118 (prerelease)
=== gfortran tests ===
Running target unix/-m64
=== gfortran Summary for unix/-m64 ===
# of expected passes 8766
# of expected failures 1
# of unsupported tests 17
Running target unix
=== gfortran Summary for unix ===
# of expected passes 8766
# of expected failures 1
# of unsupported tests 17
=== gfortran Summary ===
# of expected passes 17532
# of expected failures 2
# of unsupported tests 34
/usr/local/src/branch/objdir/gcc/testsuite/../gfortran version 4.0.3 20051118 (prerelease)
=== g++ tests ===
Running target unix/-m64
FAIL: g++.dg/tls/static-1.C execution test
XPASS: g++.old-deja/g++.other/init5.C execution test
=== g++ Summary for unix/-m64 ===
# of expected passes 11244
# of unexpected failures 1
# of unexpected successes 1
# of expected failures 68
# of unsupported tests 94
Running target unix
XPASS: g++.old-deja/g++.other/init5.C execution test
=== g++ Summary for unix ===
# of expected passes 11277
# of unexpected successes 1
# of expected failures 68
# of unsupported tests 92
=== g++ Summary ===
# of expected passes 22521
# of unexpected failures 1
# of unexpected successes 2
# of expected failures 136
# of unsupported tests 186
/usr/local/src/branch/objdir/gcc/testsuite/../g++ version 4.0.3 20051118 (prerelease)
=== objc tests ===
Running target unix/-m64
=== objc Summary for unix/-m64 ===
# of expected passes 1536
# of unsupported tests 10
Running target unix
=== objc Summary for unix ===
# of expected passes 1536
# of unsupported tests 10
=== objc Summary ===
# of expected passes 3072
# of unsupported tests 20
/usr/local/src/branch/objdir/gcc/xgcc version 4.0.3 20051118 (prerelease)
=== treelang tests ===
Running target unix/-m64
FAIL: treelang/compile/autofunc.tree (test for errors, line 2)
FAIL: treelang/compile/autofunc.tree (test for excess errors)
FAIL: treelang/compile/badchar.tree (test for errors, line 2)
FAIL: treelang/compile/badchar.tree (test for excess errors)
FAIL: treelang/compile/badreturn.tree (test for warnings, line 8)
FAIL: treelang/compile/badreturn.tree (test for errors, line 13)
FAIL: treelang/compile/badreturn.tree (test for excess errors)
FAIL: treelang/compile/exit.tree (test for excess errors)
FAIL: treelang/compile/externvar.tree (test for errors, line 2)
FAIL: treelang/compile/externvar.tree (test for excess errors)
FAIL: treelang/compile/extrafunc.tree (test for warnings, line 14)
FAIL: treelang/compile/extrafunc.tree (test for excess errors)
ERROR: treelang/compile/extrafunc.tree: error executing dg-final: no files matched glob pattern "extrafunc.tree.t??.optimized"
UNRESOLVED: treelang/compile/extrafunc.tree: error executing dg-final: no files matched glob pattern "extrafunc.tree.t??.optimized"
FAIL: treelang/compile/extravar.tree (test for warnings, line 5)
FAIL: treelang/compile/extravar.tree (test for excess errors)
ERROR: treelang/compile/extravar.tree: error executing dg-final: no files matched glob pattern "extravar.tree.t??.vars"
UNRESOLVED: treelang/compile/extravar.tree: error executing dg-final: no files matched glob pattern "extravar.tree.t??.vars"
FAIL: treelang/compile/extref.tree (test for excess errors)
FAIL: treelang/compile/full_unit.tree (test for excess errors)
ERROR: treelang/compile/full_unit.tree: error executing dg-final: couldn't open "full_unit.s": no such file or directory
UNRESOLVED: treelang/compile/full_unit.tree: error executing dg-final: couldn't open "full_unit.s": no such file or directory
FAIL: treelang/compile/function-1.tree (test for excess errors)
FAIL: treelang/compile/mismatch.tree barf (test for errors, line 6)
FAIL: treelang/compile/mismatch.tree (test for excess errors)
FAIL: treelang/compile/noproto.tree prototype (test for errors, line 2)
FAIL: treelang/compile/noproto.tree (test for excess errors)
FAIL: treelang/compile/novar.tree not defined (test for errors, line 4)
FAIL: treelang/compile/novar.tree (test for excess errors)
FAIL: treelang/compile/syntax-1.tree (test for errors, line 2)
FAIL: treelang/compile/syntax-1.tree (test for excess errors)
FAIL: treelang/compile/tabs.tree (test for excess errors)
FAIL: treelang/compile/unsigned.tree (test for excess errors)
ERROR: treelang/compile/unsigned.tree: error executing dg-final: no files matched glob pattern "unsigned.tree.t??.generic"
UNRESOLVED: treelang/compile/unsigned.tree: error executing dg-final: no files matched glob pattern "unsigned.tree.t??.generic"
FAIL: treelang/compile/var_defs.tree (test for warnings, line 18)
FAIL: treelang/compile/var_defs.tree (test for warnings, line 23)
FAIL: treelang/compile/var_defs.tree (test for errors, line 30)
FAIL: treelang/compile/var_defs.tree (test for excess errors)
FAIL: treelang/execute/funccall-2.tree (test for excess errors)
WARNING: treelang/execute/funccall-2.tree compilation failed to produce executable
FAIL: treelang/execute/funccall.tree (test for excess errors)
WARNING: treelang/execute/funccall.tree compilation failed to produce executable
FAIL: treelang/execute/initial.tree (test for excess errors)
WARNING: treelang/execute/initial.tree compilation failed to produce executable
FAIL: treelang/execute/main.tree (test for excess errors)
WARNING: treelang/execute/main.tree compilation failed to produce executable
FAIL: treelang/execute/static.tree (test for excess errors)
WARNING: treelang/execute/static.tree compilation failed to produce executable
FAIL: treelang/output-1, {}
=== treelang Summary for unix/-m64 ===
# of unexpected failures 37
# of unresolved testcases 4
Running target unix
=== treelang Summary for unix ===
# of expected passes 48
=== treelang Summary ===
# of expected passes 48
# of unexpected failures 37
# of unresolved testcases 4
=== libffi tests ===
Running target unix/-m64
=== libffi Summary for unix/-m64 ===
# of expected passes 219
# of unsupported tests 2
Running target unix
=== libffi Summary for unix ===
# of expected passes 219
# of unsupported tests 2
=== libffi Summary ===
# of expected passes 438
# of unsupported tests 4
=== libjava tests ===
Running target unix/-m64
FAIL: PR16923.c compilation
FAIL: Array_3 execution - source compiled test
FAIL: Array_3 execution - gij test
FAIL: Array_3 execution - bytecode->native test
FAIL: Array_3 -O3 execution - source compiled test
FAIL: Array_3 execution - gij test
FAIL: Array_3 -O3 execution - bytecode->native test
FAIL: Invoke_1 execution - source compiled test
FAIL: Invoke_1 execution - bytecode->native test
FAIL: Invoke_1 -O3 execution - source compiled test
FAIL: Invoke_1 -O3 execution - bytecode->native test
FAIL: PR218 execution - gij test
FAIL: PR218 execution - gij test
=== libjava Summary for unix/-m64 ===
# of expected passes 3848
# of unexpected failures 13
# of expected failures 10
# of untested testcases 20
Running target unix
=== libjava Summary for unix ===
# of expected passes 3874
# of expected failures 10
# of untested testcases 8
=== libjava Summary ===
# of expected passes 7722
# of unexpected failures 13
# of expected failures 20
# of untested testcases 28
=== libmudflap tests ===
Running target unix/-m64
FAIL: libmudflap.c/pass54-frag.c execution test
FAIL: libmudflap.c/pass54-frag.c (-static) execution test
=== libmudflap Summary for unix/-m64 ===
# of expected passes 1286
# of unexpected failures 2
Running target unix
FAIL: libmudflap.c/pass54-frag.c execution test
FAIL: libmudflap.c/pass54-frag.c (-static) execution test
=== libmudflap Summary for unix ===
# of expected passes 1286
# of unexpected failures 2
=== libmudflap Summary ===
# of expected passes 2572
# of unexpected failures 4
=== libstdc++ tests ===
Running target unix/-m64
XPASS: 22_locale/locale/cons/12658_thread-1.cc execution test
FAIL: 22_locale/messages/members/char/1.cc execution test
FAIL: 22_locale/messages/members/char/2.cc execution test
FAIL: 22_locale/messages/members/char/wrapped_env.cc execution test
FAIL: 22_locale/messages/members/char/wrapped_locale.cc execution test
FAIL: 22_locale/messages_byname/named_equivalence.cc execution test
XPASS: 26_numerics/cmath/c99_classification_macros_c.cc (test for excess errors)
FAIL: 27_io/basic_filebuf/close/char/4879.cc execution test
FAIL: 27_io/basic_filebuf/close/char/9964.cc execution test
FAIL: 27_io/basic_filebuf/imbue/char/13171-2.cc execution test
FAIL: 27_io/basic_filebuf/imbue/wchar_t/14975-2.cc execution test
FAIL: 27_io/basic_filebuf/underflow/char/10097.cc execution test
XPASS: 27_io/fpos/14320-1.cc execution test
FAIL: 27_io/objects/char/7.cc execution test
FAIL: 27_io/objects/char/9661-1.cc execution test
FAIL: 27_io/objects/wchar_t/7.cc execution test
FAIL: 27_io/objects/wchar_t/9661-1.cc execution test
FAIL: ext/array_allocator/2.cc execution test
=== libstdc++ Summary for unix/-m64 ===
# of expected passes 3696
# of unexpected failures 15
# of unexpected successes 3
# of expected failures 11
Running target unix
XPASS: 22_locale/locale/cons/12658_thread-1.cc execution test
XPASS: 26_numerics/cmath/c99_classification_macros_c.cc (test for excess errors)
=== libstdc++ Summary for unix ===
# of expected passes 3711
# of unexpected successes 2
# of expected failures 12
=== libstdc++ Summary ===
# of expected passes 7407
# of unexpected failures 15
# of unexpected successes 5
# of expected failures 23
Compiler version: 4.0.3 20051118 (prerelease)
Platform: sparc64-unknown-linux-gnu
configure flags: --enable-__cxa_atexit --enable-shared --with-cpu=v7 --enable-languages=c,ada,c++,f95,java,objc,treelang
Counting all warnings,
there are 245 warnings in stage0 of this bootstrap.
Number of warnings per file:
35 libiberty/concat.c
21 libiberty/regex.c
19 libjava/java/lang/mprec.c
12 libmudflap/mf-runtime.c
8 libjava/java/lang/strtod.c
8 libjava/java/lang/dtoa.c
8 libgfortran/intrinsics/rename.c
8 include/xregex2.h
8 include/gc_config.h
8 include/config.h
6 libjava/java/lang/e_exp.c
6 libgfortran/intrinsics/eoshift2.c
6 libgfortran/intrinsics/eoshift0.c
6 libgfortran/generated/eoshift3_8.c
6 libgfortran/generated/eoshift3_4.c
6 libgfortran/generated/eoshift1_8.c
6 libgfortran/generated/eoshift1_4.c
4 libiberty/pex-unix.c
4 gcc/boehm-gc/os_dep.c
2 raise.c
2 libobjc/thr.c
2 libobjc/sendmsg.c
2 libjava/prims.cc
2 libjava/java/lang/e_rem_pio2.c
2 libjava/java/lang/e_asin.c
2 libjava/gnu/gcj/io/shs.cc
2 libgfortran/runtime/main.c
2 libgfortran/io/open.c
2 libgfortran/io/format.c
2 libgfortran/intrinsics/unpack_generic.c
2 libgfortran/intrinsics/spread_generic.c
2 libgfortran/generated/transpose_i8.c
2 libgfortran/generated/transpose_i4.c
2 libgfortran/generated/transpose_c8.c
2 libgfortran/generated/transpose_c4.c
2 libgfortran/generated/matmul_r8.c
2 libgfortran/generated/matmul_r4.c
2 libgfortran/generated/matmul_i8.c
2 libgfortran/generated/matmul_i4.c
2 libgfortran/generated/matmul_c8.c
2 libgfortran/generated/matmul_c4.c
2 java/net/natNetworkInterface.cc
2 include/java-signal.h
2 gnu/java/nio/natPipeImpl.cc
2 gcc/coretypes.h
2 gcc/boehm-gc/mark_rts.c
2 fastjar/shift.c
1 ./runtime-info.h
1 libgfortran/io/write.c
1 fastjar/jartool.c
1 fastjar/compress.c
Number of warning types:
62 \`???' may be used uninitialized in this function
35 traditional C rejects ISO C style function definitions
21 signed and unsigned type in conditional expression
20 passing argument 1 of \`???' from incompatible pointer type
12 suggest parentheses around + or - inside shift
10 this is the location of the previous definition
10 implicit declaration of function \`???'
5 unused parameter \`???'
4 variable \`???' might be clobbered by \`???' or \`???'
4 suggest parentheses around assignment used as truth value
4 ISO C90 does not support \`static' or type qualifiers in parameter array declarators
4 ISO C90 does not support \`???' or type qualifiers in parameter array declarators
4 \`???' is deprecated (declared at /usr/include/signal.h:184)
4 incompatible implicit declaration of built-in function \`???'
4 format \`???' expects type \`???', but argument 6 has type \`???'
4 format \`???' expects type \`???', but argument 4 has type \`???'
4 format \`???' expects type \`???', but argument 15 has type \`???'
3 suggest parentheses around arithmetic in operand of |
3 \`???' defined but not used
2 \`rtx' redefined
2 pointer targets in assignment differ in signedness
2 passing argument 1 of \`???' discards qualifiers from pointer target type
2 \`PACKAGE_VERSION' redefined
2 \`PACKAGE_TARNAME' redefined
2 \`PACKAGE_STRING' redefined
2 \`PACKAGE_NAME' redefined
2 \`???' is used uninitialized in this function
2 function returns address of local variable
2 \`???' function does return
2 \`???' declared \`???' but never defined
2 comparison between signed and unsigned integer expressions
2 comparison between signed and unsigned
1 string length \`???' is greater than the length \`???' ISO C89 compilers are required to support
1 format \`???' expects type \`???', but argument 3 has type \`???'
Counting all warnings,
there are 102 warnings in stage3 of this bootstrap.
Number of warnings per file:
44 ./auto-host.h
22 gcc/tsystem.h
22 gcc/defaults.h
3 treelang/lex.c
3 gengtype-lex.c
3 gcc/gcc.c
2 gcc/objc/lang-specs.h
1 gcc/treelang/parse.y
1 gcc/java/jvspec.c
1 gcc/java/jcf-write.c
Number of warning types:
44 this is the location of the previous definition
22 \`HAVE_DECL_GETOPT' redefined
22 \`DEFAULT_USE_CXA_ATEXIT' redefined
6 string length \`???' is greater than the length \`???' ISO C89 compilers are required to support
6 old-style function definition
1 unused variable \`???'
1 control may reach end of non-void function \`???' being inlined
More information about the Gcc-testresults
mailing list