Results for 4.1.0-autovect 20051119 (experimental) testsuite on powerpc64-unknown-linux-gnu
Janis Johnson
janis187@us.ibm.com
Sat Nov 19 12:35:00 GMT 2005
Linux 2.4.21-17.EL ppc64
GNU C Library stable release version 2.3.2
GNU ld version 2.16
GNU assembler 2.16
GNU Make version 3.79.1
DejaGnu:
Expect version is 5.40.0
Tcl version is 8.4
Framework version is 1.4.4
32-bit biarch default32
LAST_UPDATED: Sat Nov 19 07:39:43 UTC 2005
Native configuration is powerpc64-unknown-linux-gnu
=== g++ tests ===
Running target unix/-m32
FAIL: g++.dg/warn/deprecated.C (test for excess errors)
=== g++ Summary for unix/-m32 ===
# of expected passes 11383
# of unexpected failures 1
# of expected failures 66
# of unsupported tests 85
Running target unix/-m64
FAIL: g++.dg/warn/deprecated.C (test for excess errors)
=== g++ Summary for unix/-m64 ===
# of expected passes 11345
# of unexpected failures 1
# of expected failures 66
# of unsupported tests 88
=== g++ Summary ===
# of expected passes 22728
# of unexpected failures 2
# of expected failures 132
# of unsupported tests 173
/home/gccbuild/build/nightly/build-gcc-autovect/gcc/testsuite/../g++ version 4.1.0-autovect 20051119 (experimental)
=== gcc tests ===
Running target unix/-m32
FAIL: gcc.dg/pointer-arith-2.c (test for warnings, line 40)
FAIL: gcc.dg/pointer-arith-2.c (test for excess errors)
FAIL: gcc.dg/tree-ssa/20041110-1.c (test for excess errors)
FAIL: gcc.dg/tree-ssa/pr17100.c scan-tree-dump-times Replacing one of the conditions 1
FAIL: gcc.dg/vect/vect-ifcvt-1.c execution test
FAIL: gcc.dg/vect/vect-ifcvt-8.c execution test
FAIL: gcc.dg/vect/vect-ifcvt-9.c execution test
=== gcc Summary for unix/-m32 ===
# of expected passes 38435
# of unexpected failures 7
# of expected failures 105
# of untested testcases 28
# of unsupported tests 475
Running target unix/-m64
FAIL: gcc.dg/rs6000-fpint.c scan-assembler-not stfiwx
FAIL: gcc.dg/tree-ssa/20041110-1.c (test for excess errors)
FAIL: gcc.dg/tree-ssa/pr17100.c scan-tree-dump-times Replacing one of the conditions 1
XPASS: gcc.dg/tree-ssa/sra-2.c scan-tree-dump-times link_error 0
FAIL: gcc.dg/vect/vect-117.c (test for excess errors)
FAIL: gcc.dg/vect/vect-ifcvt-1.c execution test
FAIL: gcc.dg/vect/vect-ifcvt-8.c execution test
FAIL: gcc.dg/vect/vect-ifcvt-9.c execution test
=== gcc Summary for unix/-m64 ===
# of expected passes 38444
# of unexpected failures 7
# of unexpected successes 1
# of expected failures 106
# of untested testcases 28
# of unsupported tests 472
=== gcc Summary ===
# of expected passes 76879
# of unexpected failures 14
# of unexpected successes 1
# of expected failures 211
# of untested testcases 56
# of unsupported tests 947
/home/gccbuild/build/nightly/build-gcc-autovect/gcc/xgcc version 4.1.0-autovect 20051119 (experimental)
=== objc tests ===
Running target unix/-m32
=== objc Summary for unix/-m32 ===
# of expected passes 1670
# of unsupported tests 22
Running target unix/-m64
FAIL: objc/execute/exceptions/foward-1.m execution, -O3 -fomit-frame-pointer -funroll-loops
FAIL: objc/execute/exceptions/foward-1.m execution, -O3 -fomit-frame-pointer -funroll-all-loops -finline-functions
=== objc Summary for unix/-m64 ===
# of expected passes 1668
# of unexpected failures 2
# of unsupported tests 22
=== objc Summary ===
# of expected passes 3338
# of unexpected failures 2
# of unsupported tests 44
/home/gccbuild/build/nightly/build-gcc-autovect/gcc/xgcc version 4.1.0-autovect 20051119 (experimental)
=== libmudflap tests ===
Running target unix/-m32
=== libmudflap Summary for unix/-m32 ===
# of expected passes 1779
Running target unix/-m64
FAIL: libmudflap.c/fail27-frag.c output pattern test
FAIL: libmudflap.c/fail27-frag.c (-O2) output pattern test
FAIL: libmudflap.c/fail27-frag.c (-O3) output pattern test
=== libmudflap Summary for unix/-m64 ===
# of expected passes 1776
# of unexpected failures 3
=== libmudflap Summary ===
# of expected passes 3555
# of unexpected failures 3
=== libstdc++ tests ===
Running target unix/-m32
FAIL: abi_check
FAIL: 23_containers/set/explicit_instantiation/3.cc (test for excess errors)
XPASS: 26_numerics/cmath/c99_classification_macros_c.cc (test for excess errors)
XPASS: ext/array_allocator/2.cc execution test
=== libstdc++ Summary for unix/-m32 ===
# of expected passes 3893
# of unexpected failures 2
# of unexpected successes 2
# of expected failures 13
Running target unix/-m64
FAIL: abi_check
FAIL: 22_locale/messages/members/char/1.cc execution test
FAIL: 22_locale/messages/members/char/2.cc execution test
FAIL: 22_locale/messages/members/char/wrapped_env.cc execution test
FAIL: 22_locale/messages/members/char/wrapped_locale.cc execution test
FAIL: 22_locale/messages_byname/named_equivalence.cc execution test
FAIL: 23_containers/set/explicit_instantiation/1.cc (test for excess errors)
XPASS: 26_numerics/cmath/c99_classification_macros_c.cc (test for excess errors)
XPASS: 27_io/fpos/14320-1.cc execution test
XPASS: ext/array_allocator/2.cc execution test
=== libstdc++ Summary for unix/-m64 ===
# of expected passes 3885
# of unexpected failures 7
# of unexpected successes 3
# of expected failures 15
=== libstdc++ Summary ===
# of expected passes 7778
# of unexpected failures 9
# of unexpected successes 5
# of expected failures 28
Compiler version: 4.1.0-autovect 20051119 (experimental)
Platform: powerpc64-unknown-linux-gnu
configure flags: --prefix=/opt/gcc-nightly/autovect-20051119 --build=powerpc64-linux --host=powerpc64-linux --target=powerpc64-linux --with-cpu=default32 --with-as=/opt/gcc-nightly/autovect-20051119/bin/as --with-ld=/opt/gcc-nightly/autovect-20051119/bin/ld --enable-threads=posix --enable-shared --enable-__cxa_atexit --enable-checking --with-mpfr=/opt/gcc-nightly/autovect-20051119 --enable-languages=c,c++,objc
More information about the Gcc-testresults
mailing list