Results for 4.1.0 20051112 (experimental) testsuite on ia64-unknown-linux-gnu
Rainer Emrich
r.emrich@de.tecosim.com
Fri Nov 18 17:41:00 GMT 2005
LAST_UPDATED: Obtained from SVN: trunk revision 106827
=== acats tests ===
FAIL: c32001e
FAIL: c34007p
FAIL: c34007r
FAIL: c45282b
FAIL: c52103x
FAIL: c52104x
FAIL: c52104y
FAIL: c64105b
FAIL: c95086b
FAIL: ca11c01
=== acats Summary ===
# of expected passes 2309
# of unexpected failures 10
Native configuration is ia64-unknown-linux-gnu
=== gcc tests ===
Running target unix
FAIL: gcc.dg/builtin-apply4.c execution test
FAIL: gcc.dg/tls/pr24428.c execution test
XPASS: gcc.dg/tree-ssa/loop-1.c scan-assembler-times foo 5
XPASS: gcc.dg/vect/pr16105.c scan-tree-dump-times vectorized 1 loops 1
XPASS: gcc.dg/vect/pr20122.c scan-tree-dump-times vectorized 1 loops 2
FAIL: gcc.dg/vect/pr24300.c (test for excess errors)
XPASS: gcc.dg/vect/vect-105.c scan-tree-dump-times vectorized 1 loops 1
XPASS: gcc.dg/vect/vect-30.c scan-tree-dump-times vectorized 1 loops 2
XPASS: gcc.dg/vect/vect-42.c scan-tree-dump-times vectorized 1 loops 1
XPASS: gcc.dg/vect/vect-43.c scan-tree-dump-times vectorized 1 loops 1
XPASS: gcc.dg/vect/vect-74.c scan-tree-dump-times vectorized 1 loops 1
XPASS: gcc.dg/vect/vect-75.c scan-tree-dump-times vectorized 1 loops 1
XPASS: gcc.dg/vect/vect-76.c scan-tree-dump-times vectorized 3 loops 1
FAIL: gcc.dg/vect/vect-76.c scan-tree-dump-times vectorized 1 loops 1
XPASS: gcc.dg/vect/vect-8.c scan-tree-dump-times vectorized 1 loops 1
=== gcc Summary ===
# of expected passes 36647
# of unexpected failures 4
# of unexpected successes 11
# of expected failures 127
# of untested testcases 28
# of unsupported tests 306
/disk1/SCRATCH/gcc-build/Linux/ia64-unknown-linux-gnu/gcc-4.1-20051112/gcc-4.1-20051112/gcc/xgcc
version 4.1.0 20051112 (experimental)
=== gfortran tests ===
Running target unix
FAIL: gfortran.dg/vect/vect-4.f90 scan-tree-dump-times Alignment of
access forced using peeling 1
FAIL: gfortran.dg/vect/vect-4.f90 scan-tree-dump-times Vectorizing an
unaligned access 1
FAIL: gfortran.dg/vect/vect-5.f90 scan-tree-dump-times Alignment of
access forced using versioning. 3
=== gfortran Summary ===
# of expected passes 10453
# of unexpected failures 3
# of expected failures 20
# of unsupported tests 18
/disk1/SCRATCH/gcc-build/Linux/ia64-unknown-linux-gnu/gcc-4.1-20051112/gcc-4.1-20051112/gcc/testsuite/../gfortran
version 4.1.0 20051112 (experimental)
=== g++ tests ===
Running target unix
XPASS: g++.old-deja/g++.other/init5.C execution test
=== g++ Summary ===
# of expected passes 11073
# of unexpected successes 1
# of expected failures 66
# of unsupported tests 100
/disk1/SCRATCH/gcc-build/Linux/ia64-unknown-linux-gnu/gcc-4.1-20051112/gcc-4.1-20051112/gcc/testsuite/../g++
version 4.1.0 20051112 (experimental)
=== obj-c++ tests ===
Running target unix
FAIL: obj-c++.dg/bitfield-1.mm (test for excess errors)
WARNING: obj-c++.dg/bitfield-1.mm compilation failed to produce executable
FAIL: obj-c++.dg/bitfield-4.mm (test for excess errors)
FAIL: obj-c++.dg/comp-types-10.mm (test for excess errors)
FAIL: obj-c++.dg/cxx-ivars-2.mm execution test
FAIL: obj-c++.dg/encode-3.mm execution test
FAIL: obj-c++.dg/encode-8.mm execution test
FAIL: obj-c++.dg/isa-field-1.mm (test for excess errors)
FAIL: obj-c++.dg/layout-1.mm (test for excess errors)
FAIL: obj-c++.dg/lookup-2.mm (test for excess errors)
WARNING: obj-c++.dg/lookup-2.mm compilation failed to produce executable
FAIL: obj-c++.dg/try-catch-2.mm (test for excess errors)
WARNING: obj-c++.dg/try-catch-2.mm compilation failed to produce executable
FAIL: obj-c++.dg/try-catch-9.mm (test for excess errors)
WARNING: obj-c++.dg/try-catch-9.mm compilation failed to produce executable
=== obj-c++ Summary ===
# of expected passes 417
# of unexpected failures 11
# of unsupported tests 13
/disk1/SCRATCH/gcc-build/Linux/ia64-unknown-linux-gnu/gcc-4.1-20051112/gcc-4.1-20051112/gcc/testsuite/../g++
version 4.1.0 20051112 (experimental)
=== objc tests ===
Running target unix
=== objc Summary ===
# of expected passes 1670
# of unsupported tests 23
/disk1/SCRATCH/gcc-build/Linux/ia64-unknown-linux-gnu/gcc-4.1-20051112/gcc-4.1-20051112/gcc/xgcc
version 4.1.0 20051112 (experimental)
=== libffi tests ===
Running target unix
=== libffi Summary ===
# of expected passes 228
# of unsupported tests 2
=== libjava tests ===
Running target unix
FAIL: ExtraClassLoader execution - gij test
FAIL: ExtraClassLoader execution - gij test
=== libjava Summary ===
# of expected passes 3982
# of unexpected failures 2
# of expected failures 10
# of untested testcases 10
=== libmudflap tests ===
Running target unix
=== libmudflap Summary ===
# of expected passes 1789
=== libstdc++ tests ===
Running target unix
FAIL: 22_locale/locale/cons/12658_thread-2.cc execution test
XPASS: 26_numerics/cmath/c99_classification_macros_c.cc (test for excess
errors)
XPASS: 27_io/fpos/14320-1.cc execution test
FAIL: thread/pthread4.cc execution test
=== libstdc++ Summary ===
# of expected passes 2215
# of unexpected failures 2
# of unexpected successes 2
# of expected failures 7
Compiler version: 4.1.0 20051112 (experimental)
Platform: ia64-unknown-linux-gnu
configure flags:
--prefix=/SCRATCH/gcc-build/Linux/ia64-unknown-linux-gnu/install
--with-gnu-as
--with-as=/SCRATCH/gcc-build/Linux/ia64-unknown-linux-gnu/install/bin/as
--with-gnu-ld
--with-ld=/SCRATCH/gcc-build/Linux/ia64-unknown-linux-gnu/install/bin/ld
--enable-threads=posix --enable-shared --enable-__cxa_atexit
--with-gmp=/appl/shared/gnu/Linux/ia64-unknown-linux-gnu
--with-mpfr=/appl/shared/gnu/Linux/ia64-unknown-linux-gnu
--enable-languages=c,ada,c++,fortran,java,objc,obj-c++
binutils:
binutils-2.16.1
Build system:
Linux exxon 2.4.21-32.0.1.EL.cern #1 SMP Thu May 26 11:51:54 CEST 2005
ia64 ia64 ia64 GNU/Linux
cc for building:
gcc
gcc (GCC) 4.0.2
Copyright (C) 2005 Free Software Foundation, Inc.
This is free software; see the source for copying conditions. There is NO
warranty; not even for MERCHANTABILITY or FITNESS FOR A PARTICULAR PURPOSE.
as for building:
GNU assembler 2.16.1
Copyright 2005 Free Software Foundation, Inc.
This program is free software; you may redistribute it under the terms of
the GNU General Public License. This program has absolutely no warranty.
This assembler was configured for a target of \`ia64-unknown-linux-gnu'.
ld for building:
GNU ld version 2.16.1
Copyright 2005 Free Software Foundation, Inc.
This program is free software; you may redistribute it under the terms of
the GNU General Public License. This program has absolutely no warranty.
More information about the Gcc-testresults
mailing list