Results for 4.1.0 20051112 (experimental) testsuite on mips-sgi-irix6.5

Rainer Emrich r.emrich@de.tecosim.com
Fri Nov 18 08:43:00 GMT 2005


LAST_UPDATED: Obtained from SVN: trunk revision 106827

		=== acats tests ===
FAIL:	a49027c
FAIL:	a83a02b
FAIL:	a85013b
FAIL:	a87b59a
FAIL:	a95001c
FAIL:	a95074d
FAIL:	a97106a
FAIL:	a99006a
FAIL:	aa2010a
FAIL:	ac3207a
FAIL:	ad7201a
FAIL:	ad7203b
FAIL:	ad7205b
FAIL:	ada101a
FAIL:	ae3702a
FAIL:	ae3709a
FAIL:	c23003b
FAIL:	c23003g
FAIL:	c23003i
FAIL:	c250002
FAIL:	c32001e
FAIL:	c34001a
FAIL:	c34001d
FAIL:	c34002a
FAIL:	c34007j
FAIL:	c34007p
FAIL:	c34007r
FAIL:	c34008a
FAIL:	c34011b
FAIL:	c340a01
FAIL:	c340a02
FAIL:	c341a01
FAIL:	c341a02
FAIL:	c341a03
FAIL:	c341a04
FAIL:	c35102a
FAIL:	c354002
FAIL:	c354003
FAIL:	c35502c
FAIL:	c35502d
FAIL:	c35502e
FAIL:	c35502f
FAIL:	c35503c
FAIL:	c35503d
FAIL:	c35503e
FAIL:	c35503f
FAIL:	c35504a
FAIL:	c35504b
FAIL:	c35507c
FAIL:	c35507e
FAIL:	c35507l
FAIL:	c35507n
FAIL:	c35508c
FAIL:	c35508e
FAIL:	c35904a
FAIL:	c35904b
FAIL:	c37008a
FAIL:	c37402a
FAIL:	c37403a
FAIL:	c380003
FAIL:	c38102d
FAIL:	c38202a
FAIL:	c390010
FAIL:	c39008a
FAIL:	c39008b
FAIL:	c39008c
FAIL:	c391002
FAIL:	c392010
FAIL:	c392011
FAIL:	c392013
FAIL:	c392c05
FAIL:	c392c07
FAIL:	c393001
FAIL:	c393008
FAIL:	c393010
FAIL:	c393012
FAIL:	c393a02
FAIL:	c393a03
FAIL:	c393a05
FAIL:	c393a06
FAIL:	c3a0005
FAIL:	c3a0007
FAIL:	c3a0009
FAIL:	c3a0015
FAIL:	c3a1001
FAIL:	c3a1002
FAIL:	c3a2001
FAIL:	c410001
FAIL:	c41306a
FAIL:	c41306b
FAIL:	c41306c
FAIL:	c41307d
FAIL:	c41325a
FAIL:	c41401a
FAIL:	c41404a
FAIL:	c431001
FAIL:	c43204g
FAIL:	c450001
FAIL:	c45282b
FAIL:	c45291a
FAIL:	c455001
FAIL:	c46051a
FAIL:	c490001
FAIL:	c490002
FAIL:	c51004a
Native configuration is mips-sgi-irix6.5

		=== g++ tests ===


Running target unix/
FAIL: g++.dg/tls/static-1.C execution test

		=== g++ Summary for unix/ ===

# of expected passes		11509
# of unexpected failures	1
# of expected failures		67
# of unsupported tests		115

Running target unix/-mabi=32
FAIL: g++.dg/tls/static-1.C execution test

		=== g++ Summary for unix/-mabi=32 ===

# of expected passes		11509
# of unexpected failures	1
# of expected failures		67
# of unsupported tests		115

Running target unix/-mabi=64
FAIL: g++.dg/tls/static-1.C execution test
FAIL: g++.old-deja/g++.other/comdat4.C (test for excess errors)

		=== g++ Summary for unix/-mabi=64 ===

# of expected passes		11476
# of unexpected failures	2
# of expected failures		67
# of unsupported tests		117

		=== g++ Summary ===

# of expected passes		34494
# of unexpected failures	4
# of expected failures		201
# of unsupported tests		347
/disk1/SCRATCH/gcc-build/IRIX64/mips-sgi-irix6.5/gcc-4.1-20051112/gcc-4.1-20051112/gcc/testsuite/../g++
 version 4.1.0 20051112 (experimental)

		=== gcc tests ===


Running target unix/
WARNING: program timed out.
FAIL: gcc.c-torture/compile/20001226-1.c  -O2  (test for excess errors)
WARNING: program timed out.
FAIL: gcc.c-torture/compile/20001226-1.c  -O3 -fomit-frame-pointer
(test for excess errors)
WARNING: program timed out.
FAIL: gcc.c-torture/compile/20001226-1.c  -O3 -g  (test for excess errors)
WARNING: program timed out.
FAIL: gcc.c-torture/compile/20001226-1.c  -Os  (test for excess errors)
FAIL: gcc.dg/ipa/ipa-5.c scan-ipa-dump-times versioned function 2
FAIL: gcc.dg/ipa/ipa-5.c scan-ipa-dump-times propagating const 2
FAIL: gcc.dg/special/gcsec-1.c (test for excess errors)
WARNING: gcc.dg/special/gcsec-1.c compilation failed to produce executable
FAIL: gcc.dg/tls/pr24428-2.c execution test
FAIL: gcc.dg/tls/pr24428.c execution test
XPASS: gcc.dg/tree-ssa/20040204-1.c scan-tree-dump-times link_error 0
FAIL: gcc.target/mips/mips16e-extends.c scan-assembler seb

		=== gcc Summary for unix/ ===

# of expected passes		36850
# of unexpected failures	10
# of unexpected successes	1
# of expected failures		74
# of untested testcases		28
# of unsupported tests		301

Running target unix/-mabi=32
WARNING: program timed out.
FAIL: gcc.c-torture/compile/20001226-1.c  -O2  (test for excess errors)
WARNING: program timed out.
FAIL: gcc.c-torture/compile/20001226-1.c  -O3 -fomit-frame-pointer
(test for excess errors)
WARNING: program timed out.
FAIL: gcc.c-torture/compile/20001226-1.c  -O3 -g  (test for excess errors)
WARNING: program timed out.
FAIL: gcc.c-torture/compile/20001226-1.c  -Os  (test for excess errors)
FAIL: gcc.c-torture/execute/ieee/copysign1.c execution,  -O0
FAIL: gcc.c-torture/execute/ieee/copysign1.c execution,  -O1
FAIL: gcc.c-torture/execute/ieee/copysign1.c execution,  -O2
FAIL: gcc.c-torture/execute/ieee/copysign1.c execution,  -O3
-fomit-frame-pointer
FAIL: gcc.c-torture/execute/ieee/copysign1.c execution,  -O3
-fomit-frame-pointer -funroll-loops
FAIL: gcc.c-torture/execute/ieee/copysign1.c execution,  -O3
-fomit-frame-pointer -funroll-all-loops -finline-functions
FAIL: gcc.c-torture/execute/ieee/copysign1.c execution,  -O3 -g
FAIL: gcc.c-torture/execute/ieee/copysign1.c execution,  -Os
FAIL: gcc.dg/attr-alias-3.c (test for excess errors)
FAIL: gcc.dg/ipa/ipa-5.c scan-ipa-dump-times versioned function 2
FAIL: gcc.dg/ipa/ipa-5.c scan-ipa-dump-times propagating const 2
FAIL: gcc.dg/special/gcsec-1.c (test for excess errors)
WARNING: gcc.dg/special/gcsec-1.c compilation failed to produce executable
FAIL: gcc.dg/tls/pr24428-2.c execution test
FAIL: gcc.dg/tls/pr24428.c execution test
XPASS: gcc.dg/tree-ssa/20040204-1.c scan-tree-dump-times link_error 0
FAIL: gcc.dg/tree-ssa/loop-1.c scan-assembler-times foo 5
FAIL: gcc.target/mips/mips16e-extends.c scan-assembler seb

		=== gcc Summary for unix/-mabi=32 ===

# of expected passes		36812
# of unexpected failures	20
# of unexpected successes	1
# of expected failures		74
# of untested testcases		28
# of unsupported tests		305

Running target unix/-mabi=64
WARNING: program timed out.
FAIL: gcc.c-torture/compile/20001226-1.c  -O2  (test for excess errors)
WARNING: program timed out.
FAIL: gcc.c-torture/compile/20001226-1.c  -O3 -fomit-frame-pointer
(test for excess errors)
WARNING: program timed out.
FAIL: gcc.c-torture/compile/20001226-1.c  -O3 -g  (test for excess errors)
WARNING: program timed out.
FAIL: gcc.c-torture/compile/20001226-1.c  -Os  (test for excess errors)
FAIL: gcc.dg/ipa/ipa-5.c scan-ipa-dump-times versioned function 2
FAIL: gcc.dg/ipa/ipa-5.c scan-ipa-dump-times propagating const 2
FAIL: gcc.dg/special/gcsec-1.c (test for excess errors)
WARNING: gcc.dg/special/gcsec-1.c compilation failed to produce executable
FAIL: gcc.dg/tls/pr24428-2.c execution test
FAIL: gcc.dg/tls/pr24428.c execution test
XPASS: gcc.dg/tree-ssa/20040204-1.c scan-tree-dump-times link_error 0

		=== gcc Summary for unix/-mabi=64 ===

# of expected passes		36739
# of unexpected failures	9
# of unexpected successes	1
# of expected failures		74
# of untested testcases		28
# of unsupported tests		307

		=== gcc Summary ===

# of expected passes		110401
# of unexpected failures	39
# of unexpected successes	3
# of expected failures		222
# of untested testcases		84
# of unsupported tests		913
/disk1/SCRATCH/gcc-build/IRIX64/mips-sgi-irix6.5/gcc-4.1-20051112/gcc-4.1-20051112/gcc/xgcc
 version 4.1.0 20051112 (experimental)

		=== obj-c++ tests ===


Running target unix/
FAIL: obj-c++.dg/bitfield-1.mm (test for excess errors)
WARNING: obj-c++.dg/bitfield-1.mm compilation failed to produce executable
FAIL: obj-c++.dg/comp-types-10.mm (test for excess errors)
FAIL: obj-c++.dg/cxx-ivars-2.mm execution test
FAIL: obj-c++.dg/encode-8.mm execution test
FAIL: obj-c++.dg/isa-field-1.mm (test for excess errors)
FAIL: obj-c++.dg/lookup-2.mm (test for excess errors)
WARNING: obj-c++.dg/lookup-2.mm compilation failed to produce executable
FAIL: obj-c++.dg/try-catch-2.mm (test for excess errors)
WARNING: obj-c++.dg/try-catch-2.mm compilation failed to produce executable
FAIL: obj-c++.dg/try-catch-9.mm (test for excess errors)
WARNING: obj-c++.dg/try-catch-9.mm compilation failed to produce executable

		=== obj-c++ Summary for unix/ ===

# of expected passes		420
# of unexpected failures	8
# of unsupported tests		13

Running target unix/-mabi=32
FAIL: obj-c++.dg/bitfield-1.mm (test for excess errors)
WARNING: obj-c++.dg/bitfield-1.mm compilation failed to produce executable
FAIL: obj-c++.dg/comp-types-10.mm (test for excess errors)
FAIL: obj-c++.dg/cxx-ivars-2.mm execution test
FAIL: obj-c++.dg/encode-8.mm execution test
FAIL: obj-c++.dg/isa-field-1.mm (test for excess errors)
FAIL: obj-c++.dg/lookup-2.mm (test for excess errors)
WARNING: obj-c++.dg/lookup-2.mm compilation failed to produce executable
FAIL: obj-c++.dg/try-catch-2.mm (test for excess errors)
WARNING: obj-c++.dg/try-catch-2.mm compilation failed to produce executable
FAIL: obj-c++.dg/try-catch-9.mm (test for excess errors)
WARNING: obj-c++.dg/try-catch-9.mm compilation failed to produce executable

		=== obj-c++ Summary for unix/-mabi=32 ===

# of expected passes		420
# of unexpected failures	8
# of unsupported tests		13

Running target unix/-mabi=64
FAIL: obj-c++.dg/bitfield-1.mm (test for excess errors)
WARNING: obj-c++.dg/bitfield-1.mm compilation failed to produce executable
FAIL: obj-c++.dg/bitfield-4.mm (test for excess errors)
FAIL: obj-c++.dg/comp-types-10.mm (test for excess errors)
FAIL: obj-c++.dg/cxx-ivars-2.mm execution test
FAIL: obj-c++.dg/encode-3.mm execution test
FAIL: obj-c++.dg/encode-8.mm execution test
FAIL: obj-c++.dg/isa-field-1.mm (test for excess errors)
FAIL: obj-c++.dg/layout-1.mm (test for excess errors)
FAIL: obj-c++.dg/lookup-2.mm (test for excess errors)
WARNING: obj-c++.dg/lookup-2.mm compilation failed to produce executable
FAIL: obj-c++.dg/try-catch-2.mm (test for excess errors)
WARNING: obj-c++.dg/try-catch-2.mm compilation failed to produce executable
FAIL: obj-c++.dg/try-catch-9.mm (test for excess errors)
WARNING: obj-c++.dg/try-catch-9.mm compilation failed to produce executable

		=== obj-c++ Summary for unix/-mabi=64 ===

# of expected passes		417
# of unexpected failures	11
# of unsupported tests		13

		=== obj-c++ Summary ===

# of expected passes		1257
# of unexpected failures	27
# of unsupported tests		39
/disk1/SCRATCH/gcc-build/IRIX64/mips-sgi-irix6.5/gcc-4.1-20051112/gcc-4.1-20051112/gcc/testsuite/../g++
 version 4.1.0 20051112 (experimental)

		=== objc tests ===


Running target unix/
FAIL: objc.dg/stabs-1.m scan-assembler
(.SUBSPA.*[\$]CODE[\$]|.text"?)\\n\\t.stabs.*100,0,0,(\\\\.)?L?L[\$]?etext[0-9]*\\n(\\\\.)?L?L[\$]?etext

		=== objc Summary for unix/ ===

# of expected passes		1671
# of unexpected failures	1
# of unsupported tests		22

Running target unix/-mabi=32
FAIL: objc.dg/stabs-1.m scan-assembler
(.SUBSPA.*[\$]CODE[\$]|.text"?)\\n\\t.stabs.*100,0,0,(\\\\.)?L?L[\$]?etext[0-9]*\\n(\\\\.)?L?L[\$]?etext

		=== objc Summary for unix/-mabi=32 ===

# of expected passes		1671
# of unexpected failures	1
# of unsupported tests		22

Running target unix/-mabi=64
FAIL: objc.dg/stabs-1.m scan-assembler
(.SUBSPA.*[\$]CODE[\$]|.text"?)\\n\\t.stabs.*100,0,0,(\\\\.)?L?L[\$]?etext[0-9]*\\n(\\\\.)?L?L[\$]?etext

		=== objc Summary for unix/-mabi=64 ===

# of expected passes		1671
# of unexpected failures	1
# of unsupported tests		22

		=== objc Summary ===

# of expected passes		5013
# of unexpected failures	3
# of unsupported tests		66
/disk1/SCRATCH/gcc-build/IRIX64/mips-sgi-irix6.5/gcc-4.1-20051112/gcc-4.1-20051112/gcc/xgcc
 version 4.1.0 20051112 (experimental)

		=== libstdc++ tests ===


Running target unix/
FAIL: 18_support/numeric_limits/epsilon.cc execution test
FAIL: 21_strings/basic_string/inserters_extractors/wchar_t/1.cc
execution test
FAIL: 21_strings/basic_string/inserters_extractors/wchar_t/11.cc
execution test
FAIL: 21_strings/basic_string/inserters_extractors/wchar_t/5.cc
execution test
FAIL: 22_locale/ctype/cons/char/1.cc execution test
FAIL: 22_locale/ctype/is/wchar_t/1.cc execution test
FAIL: 22_locale/ctype/scan/wchar_t/1.cc execution test
FAIL: 22_locale/money_get/get/wchar_t/19.cc execution test
FAIL: 22_locale/money_get/get/wchar_t/8.cc execution test
FAIL: 27_io/basic_istream/extractors_arithmetic/wchar_t/01.cc execution test
FAIL: 27_io/basic_istream/extractors_arithmetic/wchar_t/07.cc execution test
FAIL: 27_io/basic_istream/extractors_arithmetic/wchar_t/08.cc execution test
FAIL: 27_io/basic_istream/extractors_arithmetic/wchar_t/10.cc execution test
FAIL: 27_io/basic_istream/extractors_arithmetic/wchar_t/13.cc execution test
FAIL: 27_io/basic_istream/extractors_character/wchar_t/1.cc execution test
FAIL: 27_io/basic_istream/extractors_character/wchar_t/11095-i.cc
execution test
FAIL: 27_io/basic_istream/extractors_character/wchar_t/2.cc execution test
FAIL: 27_io/basic_istream/extractors_character/wchar_t/3.cc execution test
FAIL: 27_io/basic_istream/extractors_character/wchar_t/4.cc execution test
FAIL: 27_io/basic_istream/sentry/wchar_t/2.cc execution test
FAIL: 27_io/basic_istream/ws/wchar_t/1.cc execution test
FAIL: ext/mt_allocator/deallocate_global-2.cc execution test
FAIL: ext/mt_allocator/deallocate_global-4.cc execution test
FAIL: ext/mt_allocator/deallocate_global_thread-1.cc execution test
FAIL: ext/mt_allocator/deallocate_global_thread-3.cc execution test
FAIL: ext/mt_allocator/deallocate_local-2.cc execution test
FAIL: ext/mt_allocator/deallocate_local-4.cc execution test
FAIL: ext/mt_allocator/deallocate_local_thread-1.cc execution test
FAIL: ext/mt_allocator/deallocate_local_thread-3.cc execution test

		=== libstdc++ Summary for unix/ ===

# of expected passes		3339
# of unexpected failures	29
# of expected failures		12
# of unsupported tests		328

Running target unix/-mabi=32
FAIL: 22_locale/ctype/cons/char/1.cc execution test
FAIL: 22_locale/num_get/get/char/10.cc execution test
FAIL: 27_io/basic_istream/extractors_arithmetic/char/12.cc execution test

		=== libstdc++ Summary for unix/-mabi=32 ===

# of expected passes		2613
# of unexpected failures	3
# of expected failures		10
# of unsupported tests		158

Running target unix/-mabi=64
FAIL: 18_support/numeric_limits/epsilon.cc execution test
FAIL: 21_strings/basic_string/inserters_extractors/wchar_t/1.cc
execution test
FAIL: 21_strings/basic_string/inserters_extractors/wchar_t/11.cc
execution test
FAIL: 21_strings/basic_string/inserters_extractors/wchar_t/5.cc
execution test
FAIL: 22_locale/ctype/cons/char/1.cc execution test
FAIL: 22_locale/ctype/is/wchar_t/1.cc execution test
FAIL: 22_locale/ctype/scan/wchar_t/1.cc execution test
FAIL: 22_locale/money_get/get/wchar_t/19.cc execution test
FAIL: 22_locale/money_get/get/wchar_t/8.cc execution test
FAIL: 27_io/basic_istream/extractors_arithmetic/wchar_t/01.cc execution test
FAIL: 27_io/basic_istream/extractors_arithmetic/wchar_t/07.cc execution test
FAIL: 27_io/basic_istream/extractors_arithmetic/wchar_t/08.cc execution test
FAIL: 27_io/basic_istream/extractors_arithmetic/wchar_t/10.cc execution test
FAIL: 27_io/basic_istream/extractors_arithmetic/wchar_t/13.cc execution test
FAIL: 27_io/basic_istream/extractors_character/wchar_t/1.cc execution test
FAIL: 27_io/basic_istream/extractors_character/wchar_t/11095-i.cc
execution test
FAIL: 27_io/basic_istream/extractors_character/wchar_t/2.cc execution test
FAIL: 27_io/basic_istream/extractors_character/wchar_t/3.cc execution test
FAIL: 27_io/basic_istream/extractors_character/wchar_t/4.cc execution test
FAIL: 27_io/basic_istream/sentry/wchar_t/2.cc execution test
FAIL: 27_io/basic_istream/ws/wchar_t/1.cc execution test
FAIL: ext/mt_allocator/deallocate_global-2.cc execution test
FAIL: ext/mt_allocator/deallocate_global-4.cc execution test
FAIL: ext/mt_allocator/deallocate_global_thread-1.cc execution test
FAIL: ext/mt_allocator/deallocate_global_thread-3.cc execution test
FAIL: ext/mt_allocator/deallocate_local-2.cc execution test
FAIL: ext/mt_allocator/deallocate_local-4.cc execution test
FAIL: ext/mt_allocator/deallocate_local_thread-1.cc execution test
FAIL: ext/mt_allocator/deallocate_local_thread-3.cc execution test

		=== libstdc++ Summary for unix/-mabi=64 ===

# of expected passes		3339
# of unexpected failures	29
# of expected failures		12
# of unsupported tests		328

		=== libstdc++ Summary ===

# of expected passes		9291
# of unexpected failures	61
# of expected failures		34
# of unsupported tests		814

Compiler version: 4.1.0 20051112 (experimental)
Platform: mips-sgi-irix6.5
configure flags:
--prefix=/SCRATCH/gcc-build/IRIX64/mips-sgi-irix6.5/install
--with-gnu-as
--with-as=/SCRATCH/gcc-build/IRIX64/mips-sgi-irix6.5/install/bin/as
--with-gnu-ld
--with-ld=/SCRATCH/gcc-build/IRIX64/mips-sgi-irix6.5/install/bin/ld
--disable-shared --enable-threads=posix
--with-gmp=/appl/shared/gnu/IRIX64/mips-sgi-irix6.5
--with-mpfr=/appl/shared/gnu/IRIX64/mips-sgi-irix6.5
--enable-languages=c,ada,c++,objc,obj-c++

binutils:
binutils-2.16.1


Build system:
IRIX64 octane-3 6.5 10070055 IP30 mips unknown Irix

cc for building:
gcc
gcc (GCC) 4.0.2
Copyright (C) 2005 Free Software Foundation, Inc.
This is free software; see the source for copying conditions.  There is NO
warranty; not even for MERCHANTABILITY or FITNESS FOR A PARTICULAR PURPOSE.


as for building:
GNU assembler 2.16.1
Copyright 2005 Free Software Foundation, Inc.
This program is free software; you may redistribute it under the terms of
the GNU General Public License.  This program has absolutely no warranty.
This assembler was configured for a target of \`mips-sgi-irix6.5'.

ld for building:
GNU ld version 2.16.1
Copyright 2005 Free Software Foundation, Inc.
This program is free software; you may redistribute it under the terms of
the GNU General Public License.  This program has absolutely no warranty.



More information about the Gcc-testresults mailing list