Results for 3.4.5 20051112 (prerelease) (Debian 3.4.4-10) testsuite on s390-linux-gnu
Matthias Klose
doko@debian.org
Fri Nov 18 00:54:00 GMT 2005
LAST_UPDATED: Sat Nov 12 13:57:02 UTC 2005 (revision 106823)
Native configuration is s390-linux-gnu (debian-31)
=== gpc tests ===
Running target any
FAIL: fjf998r.pas
=== gpc Summary ===
# of tests 4947
# of expected passes 4943
# of unexpected failures 1
# of unsupported tests 3
/build/buildd/gcc-3.4-3.4.4/build/gcc/xgpc version 20050331, based on gcc-3.4.5 20051112 (prerelease) (Debian 3.4.4-10)
=== acats tests ===
FAIL: c37213f
FAIL: c37215f
FAIL: ce2102c
=== acats Summary ===
# of expected passes 1962
# of unexpected failures 3
# of unsupported tests 357
=== g++ tests ===
Running target unix
XPASS: g++.dg/rtti/tinfo1.C scan-assembler _ZTIP9CTemplateIhE:
XPASS: g++.dg/rtti/tinfo1.C scan-assembler-not .globl[ \\t]+_ZTIP9CTemplateIhE
WARNING: g++.old-deja/g++.mike/p10769a.C compilation failed to produce executable
WARNING: g++.old-deja/g++.other/enum5.C compilation failed to produce executable
XPASS: g++.old-deja/g++.other/init5.C execution test
WARNING: g++.old-deja/g++.pt/friend44.C compilation failed to produce executable
=== g++ Summary ===
# of expected passes 9862
# of unexpected successes 3
# of expected failures 69
# of unsupported tests 82
/build/buildd/gcc-3.4-3.4.4/build/gcc/testsuite/../g++ version 3.4.5 20051112 (prerelease) (Debian 3.4.4-10)
=== g77 tests ===
Running target unix
=== g77 Summary ===
# of expected passes 1812
# of unsupported tests 6
/build/buildd/gcc-3.4-3.4.4/build/gcc/testsuite/../g77 version 3.4.5 20051112 (prerelease) (Debian 3.4.4-10)
=== gcc tests ===
Running target unix
XPASS: gcc.dg/sibcall-3.c execution test
XPASS: gcc.dg/sibcall-4.c execution test
=== gcc Summary ===
# of expected passes 24939
# of unexpected successes 2
# of expected failures 70
# of untested testcases 7
# of unsupported tests 367
/build/buildd/gcc-3.4-3.4.4/build/gcc/xgcc version 3.4.5 20051112 (prerelease) (Debian 3.4.4-10)
=== objc tests ===
Running target unix
=== objc Summary ===
# of expected passes 1352
# of unsupported tests 8
/build/buildd/gcc-3.4-3.4.4/build/gcc/xgcc version 3.4.5 20051112 (prerelease) (Debian 3.4.4-10)
=== libstdc++ tests ===
Running target unix
XPASS: 22_locale/locale/cons/12658_thread.cc execution test
XPASS: 26_numerics/c99_classification_macros_c.cc (test for excess errors)
=== libstdc++ Summary ===
# of expected passes 2737
# of unexpected successes 2
# of expected failures 5
Compiler version: 3.4.5 20051112 (prerelease) (Debian 3.4.4-10)
Platform: s390-linux-gnu
configure flags: -v --enable-languages=c,c++,f77,pascal,objc,ada --prefix=/usr --libexecdir=/usr/lib --with-gxx-include-dir=/usr/include/c++/3.4 --enable-shared --with-system-zlib --enable-nls --without-included-gettext --program-suffix=-3.4 --enable-__cxa_atexit --enable-clocale=gnu --enable-libstdcxx-debug s390-linux-gnu
BOOT_CFLAGS=-O2
Build Dependencies:
Desired=Unknown/Install/Remove/Purge/Hold
| Status=Not/Installed/Config-files/Unpacked/Failed-config/Half-installed
|/ Err?=(none)/Hold/Reinst-required/X=both-problems (Status,Err: uppercase=bad)
||/ Name Version Description
+++-==============-===================-==============================================
ii binutils 2.16.1cvs20051109-1 The GNU assembler, linker and binary utilities
Patches that Debian applied in this version:
svn-updates:
SVN updates from the 3.4 branch upto 20051112
gcc-textdomain:
Set gettext's domain and textdomain to the versioned package name.
rename-info-files:
Allow transformations on info file names. Reference the
transformed info file names in the texinfo files.
libstdc++-pic:
Build and install libstdc++_pic.a library.
libstdc++-doclink:
adjust hrefs to point to the local documentation
libstdc++-doxygen-syntax:
fix doxygen syntax error in header that causes segfaults with some
versions
amd64-specs:
On x86-64 use 64bits mode assembly except with -m32.
gccbug:
Use sensible-editor instead of vi as fallback editor
gccbug-posix:
Make gccbug POSIX compliant (patch by David Weinehall)
http://www.opengroup.org/onlinepubs/009695399/utilities/test.html
hppa-toplevel:
For hppa-linux enable libgcj and dependent libs in the toplevel directory
hppa-libffi:
libffi support for hppa
hppa-libjava:
Enable libjava support for hppa
hppa-libjava-update:
MD_FALLBACK_FRAME_STATE_FOR definition for pa32-linux
fastjar-update:
Implement fastjar -u (PR 7854).
fastjar-version:
Append GCC version to the fastjar version string.
java-gui-branch:
Michael Koch <konqueror@gmx.de>
Backport AWT, Swing and GTK peer from java-gui-branch (20040906).
boehm-gc-nocheck:
Disable the boehm-gc testsuite. Hangs forever on this architecture
libltdl:
* libltdl.dpatch: Search the versioned extension, when loading a shared
library (i.e. gij looks for .so.5 for loading additional libraries
like the GTK based AWT peers.
m68k-update:
Add two m68k specfic patches backported from 4.0 concerning wrong code
generation (Richard Zidlicky).
libf2c-mxunit:
libf2c/libI77/fio.c: Set MXUNIT to 1000.
arm-bigendian:
libffi-soversion:
Install libffi with soversion 3.
ada-gcc-name:
use gcc-3.4 instead of gcc as the command name.
gpc-3.x:
The gpc patch from the gpc tarball.
gpc-doc:
gpc documentation: Fix hyperlinks to the example files.
gpc-updates:
Updates from http://www.math.uni.wroc.pl/~hebisch/gpc/
gpc-names:
versioned gpc names
gpc-profiled:
Do not build the gpc runtime using -fprofile-generate/-use.
libffi-mips:
libffi mips update
libjava-mips:
libjava-mips patch from Thiemo Seufer <ica2_ts@csv.ica.uni-stuttgart.de>
libstdc++-mips-atomic:
Fix libstdc++ atomic ops for mips/mipsel
libstdc++-disable-run-check:
don't bogusly check if the ppc64 binaries also work, which did break on ppc32.
biarch-include:
biarch-include.dpatch
Adds biarch include directories
/usr/include/c++/<ver>/<arch>-linux-gnu
/usr/local/include/<arch>-linux-gnu
/usr/include/<arch>-linux-gnu
to the system include paths, depending on 32/64 bit mode.
s390-biarch:
enable biarch for 31 bit compiler
s390-config-ml:
disable all libraries except libstdc++ for biarch
link-libs:
reporting:
Add Debian URL for bug reporting isntructions.
gcc-version:
Add package identification to the gcc version string
configure-deplibs_check_method:
In all configure scripts for libraries, generated with autoconf2.13, use
deplibs_check_method=pass_all unconditionally for all linux architectures.
Counting all warnings,
there are 75 warnings in stage3 of this bootstrap.
Number of warnings per file:
16 ./auto-host.h
12 gcc/cppdefault.c
8 gcc/tsystem.h
8 gcc/defaults.h
5 /usr/share/bison/bison.simple
4 gcc/p/rts/constants.def
4 gcc/objc/lang-specs.h
3 gengtype-lex.c
2 gcc/p/lang-specs.h
2 gcc/p/gpc.c
2 gcc/libgcc2.h
2 gcc/libgcc2.c
2 gcc/gcc.c
2 gcc/config/s390/fixdfdi.h
2 gcc/ada/lang-specs.h
1 libiberty/libiberty.a(choose-temp.o)
Number of warning types:
18 this is the location of the previous definition
12 string length `???' is greater than the length `???' ISO C89 compilers are required to support
8 `HAVE_DECL_GETOPT' redefined
8 `DEFAULT_USE_CXA_ATEXIT' redefined
6 old-style parameter declaration
6 missing initializer
6 (near initialization for `???')
2 no previous prototype for '__enable_execute_stack'
2 label `???' defined but not used
2 C++ style comments are not allowed in ISO C90
2 (this will be reported only once per input file)
1 the use of `???' is dangerous, better use `???'
1 `__fixsfdi' redefined
1 `__fixdfdi' redefined
More information about the Gcc-testresults
mailing list