Results for 4.1.0-dfp-branch 20051116 (merged 20051013) testsuite on powerpc64-unknown-linux-gnu
Janis Johnson
janis187@us.ibm.com
Wed Nov 16 13:12:00 GMT 2005
Linux 2.4.21-17.EL ppc64
GNU C Library stable release version 2.3.2
GNU ld version 2.16
GNU assembler 2.16
GNU Make version 3.79.1
DejaGnu:
Expect version is 5.40.0
Tcl version is 8.4
Framework version is 1.4.4
32-bit biarch default32
CVS branch: dfp-branch
This hardware does not support VMX instructions.
LAST_UPDATED: Wed Nov 16 07:59:01 UTC 2005
Native configuration is powerpc64-unknown-linux-gnu
=== g++ tests ===
Running target unix/-m32
=== g++ Summary for unix/-m32 ===
# of expected passes 11682
# of expected failures 66
# of unsupported tests 89
Running target unix/-m64
=== g++ Summary for unix/-m64 ===
# of expected passes 11644
# of expected failures 66
# of unsupported tests 92
=== g++ Summary ===
# of expected passes 23326
# of expected failures 132
# of unsupported tests 181
/home/gccbuild/build/nightly/build-gcc-dfp/gcc/testsuite/../g++ version 4.1.0-dfp-branch 20051116 (merged 20051013)
=== gcc tests ===
Running target unix/-m32
FAIL: gcc.dg/nonnull-3.c null pointer check (test for warnings, line 80)
FAIL: gcc.dg/nonnull-3.c (test for excess errors)
FAIL: gcc.target/powerpc/altivec-consts.c (test for excess errors)
WARNING: gcc.target/powerpc/altivec-consts.c compilation failed to produce executable
=== gcc Summary for unix/-m32 ===
# of expected passes 39579
# of unexpected failures 3
# of expected failures 94
# of untested testcases 28
# of unsupported tests 342
Running target unix/-m64
FAIL: gcc.c-torture/execute/20051113-1.c compilation, -O0
UNRESOLVED: gcc.c-torture/execute/20051113-1.c execution, -O0
FAIL: gcc.c-torture/execute/20051113-1.c compilation, -O1
UNRESOLVED: gcc.c-torture/execute/20051113-1.c execution, -O1
FAIL: gcc.c-torture/execute/20051113-1.c compilation, -O2
UNRESOLVED: gcc.c-torture/execute/20051113-1.c execution, -O2
FAIL: gcc.c-torture/execute/20051113-1.c compilation, -O3 -fomit-frame-pointer
UNRESOLVED: gcc.c-torture/execute/20051113-1.c execution, -O3 -fomit-frame-pointer
FAIL: gcc.c-torture/execute/20051113-1.c compilation, -O3 -fomit-frame-pointer -funroll-loops
UNRESOLVED: gcc.c-torture/execute/20051113-1.c execution, -O3 -fomit-frame-pointer -funroll-loops
FAIL: gcc.c-torture/execute/20051113-1.c compilation, -O3 -fomit-frame-pointer -funroll-all-loops -finline-functions
UNRESOLVED: gcc.c-torture/execute/20051113-1.c execution, -O3 -fomit-frame-pointer -funroll-all-loops -finline-functions
FAIL: gcc.c-torture/execute/20051113-1.c compilation, -O3 -g
UNRESOLVED: gcc.c-torture/execute/20051113-1.c execution, -O3 -g
FAIL: gcc.c-torture/execute/20051113-1.c compilation, -Os
UNRESOLVED: gcc.c-torture/execute/20051113-1.c execution, -Os
XPASS: gcc.dg/tree-ssa/sra-2.c scan-tree-dump-times link_error 0
FAIL: gcc.target/powerpc/altivec-consts.c (test for excess errors)
WARNING: gcc.target/powerpc/altivec-consts.c compilation failed to produce executable
=== gcc Summary for unix/-m64 ===
# of expected passes 39573
# of unexpected failures 9
# of unexpected successes 1
# of expected failures 95
# of unresolved testcases 8
# of untested testcases 28
# of unsupported tests 340
=== gcc Summary ===
# of expected passes 79152
# of unexpected failures 12
# of unexpected successes 1
# of expected failures 189
# of unresolved testcases 8
# of untested testcases 56
# of unsupported tests 682
/home/gccbuild/build/nightly/build-gcc-dfp/gcc/xgcc version 4.1.0-dfp-branch 20051116 (merged 20051013)
=== gfortran tests ===
Running target unix/-m32
=== gfortran Summary for unix/-m32 ===
# of expected passes 10473
# of expected failures 12
# of unsupported tests 58
Running target unix/-m64
XPASS: gfortran.dg/csqrt_2.f -O1 execution test
XPASS: gfortran.dg/csqrt_2.f -O2 execution test
XPASS: gfortran.dg/csqrt_2.f -O3 -fomit-frame-pointer execution test
XPASS: gfortran.dg/csqrt_2.f -O3 -g execution test
XPASS: gfortran.dg/csqrt_2.f -Os execution test
FAIL: gfortran.dg/f2c_2.f90 -O0 execution test
FAIL: gfortran.dg/f2c_2.f90 -O1 execution test
FAIL: gfortran.dg/f2c_2.f90 -O2 execution test
FAIL: gfortran.dg/f2c_2.f90 -O3 -fomit-frame-pointer execution test
FAIL: gfortran.dg/f2c_2.f90 -O3 -fomit-frame-pointer -funroll-loops execution test
FAIL: gfortran.dg/f2c_2.f90 -O3 -fomit-frame-pointer -funroll-all-loops -finline-functions execution test
FAIL: gfortran.dg/f2c_2.f90 -O3 -g execution test
FAIL: gfortran.dg/f2c_2.f90 -Os execution test
FAIL: gfortran.dg/g77/cabs.f -O0 execution test
FAIL: gfortran.dg/g77/cabs.f -O1 execution test
FAIL: gfortran.dg/g77/cabs.f -O2 execution test
FAIL: gfortran.dg/g77/cabs.f -O3 -fomit-frame-pointer execution test
FAIL: gfortran.dg/g77/cabs.f -O3 -fomit-frame-pointer -funroll-loops execution test
FAIL: gfortran.dg/g77/cabs.f -O3 -fomit-frame-pointer -funroll-all-loops -finline-functions execution test
FAIL: gfortran.dg/g77/cabs.f -O3 -g execution test
FAIL: gfortran.dg/g77/cabs.f -Os execution test
FAIL: gfortran.fortran-torture/execute/intrinsic_abs.f90 execution, -O0
FAIL: gfortran.fortran-torture/execute/intrinsic_abs.f90 execution, -O1
FAIL: gfortran.fortran-torture/execute/intrinsic_abs.f90 execution, -O2
FAIL: gfortran.fortran-torture/execute/intrinsic_abs.f90 execution, -O3 -fomit-frame-pointer
FAIL: gfortran.fortran-torture/execute/intrinsic_abs.f90 execution, -O3 -fomit-frame-pointer -funroll-loops
FAIL: gfortran.fortran-torture/execute/intrinsic_abs.f90 execution, -O3 -fomit-frame-pointer -funroll-all-loops -finline-functions
FAIL: gfortran.fortran-torture/execute/intrinsic_abs.f90 execution, -O3 -g
FAIL: gfortran.fortran-torture/execute/intrinsic_abs.f90 execution, -Os
FAIL: gfortran.fortran-torture/execute/power.f90 execution, -O0
FAIL: gfortran.fortran-torture/execute/power.f90 execution, -O1
FAIL: gfortran.fortran-torture/execute/power.f90 execution, -O2
FAIL: gfortran.fortran-torture/execute/power.f90 execution, -O3 -fomit-frame-pointer
FAIL: gfortran.fortran-torture/execute/power.f90 execution, -O3 -fomit-frame-pointer -funroll-loops
FAIL: gfortran.fortran-torture/execute/power.f90 execution, -O3 -fomit-frame-pointer -funroll-all-loops -finline-functions
FAIL: gfortran.fortran-torture/execute/power.f90 execution, -O3 -g
FAIL: gfortran.fortran-torture/execute/power.f90 execution, -Os
=== gfortran Summary for unix/-m64 ===
# of expected passes 10473
# of unexpected failures 32
# of unexpected successes 5
# of expected failures 7
# of unsupported tests 42
=== gfortran Summary ===
# of expected passes 20946
# of unexpected failures 32
# of unexpected successes 5
# of expected failures 19
# of unsupported tests 100
/home/gccbuild/build/nightly/build-gcc-dfp/gcc/testsuite/../gfortran version 4.1.0-dfp-branch 20051116 (merged 20051013)
=== objc tests ===
Running target unix/-m32
=== objc Summary for unix/-m32 ===
# of expected passes 1672
# of unsupported tests 22
Running target unix/-m64
=== objc Summary for unix/-m64 ===
# of expected passes 1672
# of unsupported tests 22
=== objc Summary ===
# of expected passes 3344
# of unsupported tests 44
/home/gccbuild/build/nightly/build-gcc-dfp/gcc/xgcc version 4.1.0-dfp-branch 20051116 (merged 20051013)
=== libffi tests ===
Running target unix/-m32
=== libffi Summary for unix/-m32 ===
# of expected passes 228
# of unsupported tests 2
Running target unix/-m64
=== libffi Summary for unix/-m64 ===
# of expected passes 228
# of unsupported tests 2
=== libffi Summary ===
# of expected passes 456
# of unsupported tests 4
=== libjava tests ===
Running target unix/-m32
=== libjava Summary for unix/-m32 ===
# of expected passes 3986
# of expected failures 10
# of untested testcases 8
Running target unix/-m64
FAIL: Array_3 -O3 execution - bytecode->native test
FAIL: ExtraClassLoader execution - gij test
FAIL: ExtraClassLoader execution - gij test
=== libjava Summary for unix/-m64 ===
# of expected passes 3980
# of unexpected failures 3
# of expected failures 10
# of untested testcases 11
=== libjava Summary ===
# of expected passes 7966
# of unexpected failures 3
# of expected failures 20
# of untested testcases 19
=== libmudflap tests ===
Running target unix/-m32
=== libmudflap Summary for unix/-m32 ===
# of expected passes 1789
Running target unix/-m64
FAIL: libmudflap.c/fail27-frag.c output pattern test
FAIL: libmudflap.c/fail27-frag.c (-O2) output pattern test
FAIL: libmudflap.c/fail27-frag.c (-O3) output pattern test
=== libmudflap Summary for unix/-m64 ===
# of expected passes 1786
# of unexpected failures 3
=== libmudflap Summary ===
# of expected passes 3575
# of unexpected failures 3
=== libstdc++ tests ===
Running target unix/-m32
FAIL: abi_check
XPASS: 26_numerics/cmath/c99_classification_macros_c.cc (test for excess errors)
XPASS: ext/array_allocator/2.cc execution test
=== libstdc++ Summary for unix/-m32 ===
# of expected passes 4022
# of unexpected failures 1
# of unexpected successes 2
# of expected failures 12
Running target unix/-m64
FAIL: abi_check
FAIL: 22_locale/messages/members/char/1.cc execution test
FAIL: 22_locale/messages/members/char/2.cc execution test
FAIL: 22_locale/messages/members/char/wrapped_env.cc execution test
FAIL: 22_locale/messages/members/char/wrapped_locale.cc execution test
FAIL: 22_locale/messages_byname/named_equivalence.cc execution test
XPASS: 26_numerics/cmath/c99_classification_macros_c.cc (test for excess errors)
XPASS: 27_io/fpos/14320-1.cc execution test
XPASS: ext/array_allocator/2.cc execution test
=== libstdc++ Summary for unix/-m64 ===
# of expected passes 4014
# of unexpected failures 6
# of unexpected successes 3
# of expected failures 14
=== libstdc++ Summary ===
# of expected passes 8036
# of unexpected failures 7
# of unexpected successes 5
# of expected failures 26
Compiler version: 4.1.0-dfp-branch 20051116 (merged 20051013)
Platform: powerpc64-unknown-linux-gnu
configure flags: --prefix=/opt/gcc-nightly/dfp-20051116 --build=powerpc64-linux --host=powerpc64-linux --target=powerpc64-linux --with-cpu=default32 --with-as=/opt/gcc-nightly/dfp-20051116/bin/as --with-ld=/opt/gcc-nightly/dfp-20051116/bin/ld --enable-threads=posix --enable-shared --enable-__cxa_atexit --enable-checking --with-mpfr=/opt/gcc-nightly/dfp-20051116 --enable-languages=c,c++,fortran,java,objc
More information about the Gcc-testresults
mailing list