Results for 4.1.0 20051116 (experimental) testsuite on ia64-suse-linux-gnu

Andreas Schwab schwab@suse.de
Wed Nov 16 10:40:00 GMT 2005


LAST_UPDATED: Wed Nov 16 09:02:21 UTC 2005 (revision 107071M)

		=== acats tests ===
FAIL:	c32001e
FAIL:	c34007p
FAIL:	c34007r
FAIL:	c45282b
FAIL:	c52102a
FAIL:	c52103x
FAIL:	c52104x
FAIL:	c52104y
FAIL:	c64105b
FAIL:	c95086b
FAIL:	c954025
FAIL:	ca11c01

		=== acats Summary ===
# of expected passes		2304
# of unexpected failures	12
Native configuration is ia64-suse-linux-gnu

		=== g++ tests ===


Running target unix
XPASS: g++.old-deja/g++.other/init5.C execution test

		=== g++ Summary ===

# of expected passes		11101
# of unexpected successes	1
# of expected failures		66
# of unsupported tests		101
/tmp/cvs/gcc-20051116/Build/gcc/testsuite/../g++  version 4.1.0 20051116 (experimental)

		=== gcc tests ===


Running target unix
FAIL: gcc.dg/builtin-apply4.c execution test
FAIL: gcc.dg/tls/pr24428.c execution test
XPASS: gcc.dg/tree-ssa/loop-1.c scan-assembler-times foo 5
XPASS: gcc.dg/vect/pr16105.c scan-tree-dump-times vectorized 1 loops 1
XPASS: gcc.dg/vect/pr20122.c scan-tree-dump-times vectorized 1 loops 2
FAIL: gcc.dg/vect/pr24300.c (test for excess errors)
XPASS: gcc.dg/vect/vect-105.c scan-tree-dump-times vectorized 1 loops 1
XPASS: gcc.dg/vect/vect-30.c scan-tree-dump-times vectorized 1 loops 2
XPASS: gcc.dg/vect/vect-42.c scan-tree-dump-times vectorized 1 loops 1
XPASS: gcc.dg/vect/vect-43.c scan-tree-dump-times vectorized 1 loops 1
XPASS: gcc.dg/vect/vect-74.c scan-tree-dump-times vectorized 1 loops 1
XPASS: gcc.dg/vect/vect-75.c scan-tree-dump-times vectorized 1 loops 1
XPASS: gcc.dg/vect/vect-76.c scan-tree-dump-times vectorized 3 loops 1
FAIL: gcc.dg/vect/vect-76.c scan-tree-dump-times vectorized 1 loops 1
XPASS: gcc.dg/vect/vect-8.c scan-tree-dump-times vectorized 1 loops 1

		=== gcc Summary ===

# of expected passes		36668
# of unexpected failures	4
# of unexpected successes	11
# of expected failures		127
# of untested testcases		28
# of unsupported tests		306
/tmp/cvs/gcc-20051116/Build/gcc/xgcc  version 4.1.0 20051116 (experimental)

		=== gfortran tests ===


Running target unix
FAIL: gfortran.dg/vect/vect-4.f90  -O  scan-tree-dump-times Alignment of access forced using peeling 1
FAIL: gfortran.dg/vect/vect-4.f90  -O  scan-tree-dump-times Vectorizing an unaligned access 1
FAIL: gfortran.dg/vect/vect-5.f90  -O  scan-tree-dump-times Alignment of access forced using versioning. 3

		=== gfortran Summary ===

# of expected passes		10568
# of unexpected failures	3
# of expected failures		20
# of unsupported tests		18
/tmp/cvs/gcc-20051116/Build/gcc/testsuite/../gfortran  version 4.1.0 20051116 (experimental)

		=== objc tests ===


Running target unix

		=== objc Summary ===

# of expected passes		1670
# of unsupported tests		23
/tmp/cvs/gcc-20051116/Build/gcc/xgcc  version 4.1.0 20051116 (experimental)

		=== libffi tests ===


Running target unix

		=== libffi Summary ===

# of expected passes		228
# of unsupported tests		2
		=== libjava tests ===


Running target unix
FAIL: ExtraClassLoader execution - gij test
FAIL: ExtraClassLoader execution - gij test

		=== libjava Summary ===

# of expected passes		3982
# of unexpected failures	2
# of expected failures		10
# of untested testcases		10
		=== libmudflap tests ===


Running target unix
FAIL: libmudflap.c++/pass41-frag.cxx (test for excess errors)
WARNING: libmudflap.c++/pass41-frag.cxx compilation failed to produce executable
FAIL: libmudflap.c++/pass41-frag.cxx (-O) (test for excess errors)
WARNING: libmudflap.c++/pass41-frag.cxx (-O) compilation failed to produce executable
FAIL: libmudflap.c++/pass41-frag.cxx (-O2) (test for excess errors)
WARNING: libmudflap.c++/pass41-frag.cxx (-O2) compilation failed to produce executable
FAIL: libmudflap.c++/pass41-frag.cxx (-O3) (test for excess errors)
WARNING: libmudflap.c++/pass41-frag.cxx (-O3) compilation failed to produce executable
FAIL: ctors-12 linkage 
FAIL: ctors-21 linkage 
WARNING: program timed out.
FAIL: ctors-12 execution 
WARNING: program timed out.
FAIL: ctors-21 execution 
FAIL: ctors-12 linkage -static
FAIL: ctors-21 linkage -static
WARNING: program timed out.
FAIL: ctors-12 execution -static
WARNING: program timed out.
FAIL: ctors-21 execution -static
FAIL: ctors-12 linkage -O2
FAIL: ctors-21 linkage -O2
WARNING: program timed out.
FAIL: ctors-12 execution -O2
WARNING: program timed out.
FAIL: ctors-21 execution -O2
FAIL: ctors-12 linkage -O3
FAIL: ctors-21 linkage -O3
WARNING: program timed out.
FAIL: ctors-12 execution -O3
WARNING: program timed out.
FAIL: ctors-21 execution -O3

		=== libmudflap Summary ===

# of expected passes		1765
# of unexpected failures	20
		=== libstdc++ tests ===


Running target unix
FAIL: 22_locale/locale/cons/12658_thread-1.cc execution test
FAIL: 22_locale/locale/cons/12658_thread-2.cc execution test
XPASS: 26_numerics/cmath/c99_classification_macros_c.cc (test for excess errors)
XPASS: 27_io/fpos/14320-1.cc execution test
FAIL: thread/pthread4.cc execution test

		=== libstdc++ Summary ===

# of expected passes		4021
# of unexpected failures	3
# of unexpected successes	2
# of expected failures		11

Compiler version: 4.1.0 20051116 (experimental) 
Platform: ia64-suse-linux-gnu
configure flags: --prefix=/usr --host=ia64-suse-linux --enable-shared --enable-threads --enable-__cxa_atexit --with-system-zlib --with-system-libunwind --enable-languages=c,ada,c++,fortran,java,objc



More information about the Gcc-testresults mailing list