Results for 4.1.0-gomp-20050608-branch 20051113 (experimental) (merged 20051113) testsuite on powerpc64-unknown-linux-gnu

Diego Novillo dnovillo@redhat.com
Tue Nov 15 20:22:00 GMT 2005


LAST_UPDATED: 
Native configuration is powerpc64-unknown-linux-gnu

		=== g++ tests ===


Running target unix
FAIL: g++.old-deja/g++.other/init5.C execution test

		=== g++ Summary ===

# of expected passes		11912
# of unexpected failures	1
# of expected failures		67
# of unsupported tests		91
/notnfs/dnovillo/sbox/gomp/bld.torreja/gcc/testsuite/../g++  version 4.1.0-gomp-20050608-branch 20051113 (experimental) (merged 20051113)

		=== gcc tests ===


Running target unix
FAIL: gcc.dg/ipa/ipa-1.c (test for excess errors)
FAIL: gcc.dg/ipa/ipa-2.c (test for excess errors)
FAIL: gcc.dg/ipa/ipa-3.c (test for excess errors)
FAIL: gcc.dg/ipa/ipa-4.c (test for excess errors)
FAIL: gcc.dg/ipa/ipa-5.c (test for excess errors)
XPASS: gcc.dg/tree-ssa/sra-2.c scan-tree-dump-times link_error 0
FAIL: gcc.target/powerpc/altivec-consts.c (test for excess errors)
WARNING: gcc.target/powerpc/altivec-consts.c compilation failed to produce executable

		=== gcc Summary ===

# of expected passes		38792
# of unexpected failures	6
# of unexpected successes	1
# of expected failures		95
# of untested testcases		28
# of unsupported tests		339
/notnfs/dnovillo/sbox/gomp/bld.torreja/gcc/xgcc  version 4.1.0-gomp-20050608-branch 20051113 (experimental) (merged 20051113)

		=== gfortran tests ===


Running target unix

		=== gfortran Summary ===

# of expected passes		10737
# of expected failures		18
# of unsupported tests		42
/notnfs/dnovillo/sbox/gomp/bld.torreja/gcc/testsuite/../gfortran  version 4.1.0-gomp-20050608-branch 20051113 (experimental) (merged 20051113)

		=== libgomp tests ===


Running target unix

		=== libgomp Summary ===

# of expected passes		1270
		=== libmudflap tests ===


Running target unix
FAIL: libmudflap.c/fail27-frag.c output pattern test
FAIL: libmudflap.c/fail27-frag.c (-static) output pattern test
FAIL: libmudflap.c/fail27-frag.c (-O2) output pattern test
FAIL: libmudflap.c/fail27-frag.c (-O3) output pattern test

		=== libmudflap Summary ===

# of expected passes		1785
# of unexpected failures	4
		=== libstdc++ tests ===


Running target unix
XPASS: 26_numerics/cmath/c99_classification_macros_c.cc (test for excess errors)
XPASS: 27_io/fpos/14320-1.cc execution test
XPASS: ext/array_allocator/2.cc execution test

		=== libstdc++ Summary ===

# of expected passes		4015
# of unexpected successes	3
# of expected failures		11
# of unsupported tests		4

Compiler version: 4.1.0-gomp-20050608-branch 20051113 (experimental) (merged 20051113) 
Platform: powerpc64-unknown-linux-gnu
configure flags: --prefix=/home/cygnus/dnovillo/perf/sbox/gomp/local.ppc64/inst.torreja --srcdir=/home/cygnus/dnovillo/perf/sbox/gomp/local.ppc64/src --enable-mpfr --with-gmp=/home/cygnus/dnovillo/ppc64 --enable-languages=c,c++,fortran



More information about the Gcc-testresults mailing list