Results for 4.1.0 20051112 (experimental) testsuite on powerpc-unknown-linux-gnu
Matthias Klose
doko@debian.org
Tue Nov 15 00:56:00 GMT 2005
LAST_UPDATED: Sat Nov 12 23:45:14 UTC 2005 (revision 106842)
Native configuration is powerpc-unknown-linux-gnu
=== g++ tests ===
Running target unix
=== g++ Summary ===
# of expected passes 11638
# of expected failures 66
# of unsupported tests 88
/home/doko/gcc/snap/gcc-snapshot-20051112/build/gcc/testsuite/../g++ version 4.1.0 20051112 (experimental)
=== gcc tests ===
Running target unix
FAIL: gcc.dg/20020103-1.c scan-assembler-not LC[0-9]
FAIL: gcc.dg/cleanup-10.c execution test
FAIL: gcc.dg/cleanup-11.c execution test
FAIL: gcc.dg/cleanup-8.c execution test
FAIL: gcc.dg/cleanup-9.c execution test
FAIL: gcc.dg/vect/pr20122.c scan-tree-dump-times vectorized 1 loops 2
FAIL: gcc.target/powerpc/altivec-consts.c (test for excess errors)
WARNING: gcc.target/powerpc/altivec-consts.c compilation failed to produce executable
FAIL: gcc.target/powerpc/pr18096-1.c stack frame too large (test for warnings, line 11)
FAIL: gcc.target/powerpc/pr18096-1.c (test for excess errors)
=== gcc Summary ===
# of expected passes 38039
# of unexpected failures 9
# of expected failures 94
# of untested testcases 28
# of unsupported tests 319
/home/doko/gcc/snap/gcc-snapshot-20051112/build/gcc/xgcc version 4.1.0 20051112 (experimental)
=== gfortran tests ===
Running target unix
=== gfortran Summary ===
# of expected passes 10378
# of expected failures 15
# of unsupported tests 58
/home/doko/gcc/snap/gcc-snapshot-20051112/build/gcc/testsuite/../gfortran version 4.1.0 20051112 (experimental)
=== obj-c++ tests ===
Running target unix
FAIL: obj-c++.dg/comp-types-10.mm (test for excess errors)
FAIL: obj-c++.dg/cxx-ivars-2.mm execution test
FAIL: obj-c++.dg/encode-8.mm execution test
FAIL: obj-c++.dg/isa-field-1.mm (test for excess errors)
FAIL: obj-c++.dg/lookup-2.mm (test for excess errors)
WARNING: obj-c++.dg/lookup-2.mm compilation failed to produce executable
FAIL: obj-c++.dg/try-catch-2.mm (test for excess errors)
WARNING: obj-c++.dg/try-catch-2.mm compilation failed to produce executable
FAIL: obj-c++.dg/try-catch-9.mm (test for excess errors)
WARNING: obj-c++.dg/try-catch-9.mm compilation failed to produce executable
=== obj-c++ Summary ===
# of expected passes 422
# of unexpected failures 7
# of unsupported tests 13
/home/doko/gcc/snap/gcc-snapshot-20051112/build/gcc/testsuite/../g++ version 4.1.0 20051112 (experimental)
=== objc tests ===
Running target unix
=== objc Summary ===
# of expected passes 1672
# of unsupported tests 22
/home/doko/gcc/snap/gcc-snapshot-20051112/build/gcc/xgcc version 4.1.0 20051112 (experimental)
=== treelang tests ===
Running target unix
=== treelang Summary ===
# of expected passes 50
=== libffi tests ===
Running target unix
=== libffi Summary ===
# of expected passes 228
# of unsupported tests 2
=== libjava tests ===
Running target unix
=== libjava Summary ===
# of expected passes 3986
# of expected failures 10
# of untested testcases 8
=== libmudflap tests ===
Running target unix
=== libmudflap Summary ===
# of expected passes 1789
=== libstdc++ tests ===
Running target unix
XPASS: 26_numerics/cmath/c99_classification_macros_c.cc (test for excess errors)
XPASS: ext/array_allocator/2.cc execution test
=== libstdc++ Summary ===
# of expected passes 3393
# of unexpected successes 2
# of expected failures 12
# of unsupported tests 315
Compiler version: 4.1.0 20051112 (experimental)
Platform: powerpc-unknown-linux-gnu
configure flags: -v --prefix=/usr/lib/gcc-snapshot --enable-shared --with-system-zlib --disable-nls --enable-__cxa_atexit --enable-clocale=gnu --enable-libstdcxx-debug --enable-java-gc=boehm --enable-java-awt=gtk --enable-gtk-cairo --with-java-home=/usr/lib/gcc-snapshot/jre --enable-mpfr --disable-multilib --disable-werror powerpc-linux-gnu --enable-languages=c,c++,fortran,java,objc,obj-c++,treelang
BOOT_CFLAGS=-O2
Build Dependencies:
Desired=Unknown/Install/Remove/Purge/Hold
| Status=Not/Installed/Config-files/Unpacked/Failed-config/Half-installed
|/ Err?=(none)/Hold/Reinst-required/X=both-problems (Status,Err: uppercase=bad)
||/ Name Version Description
+++-==============-===================-==============================================
ii binutils 2.16.1cvs20051109-1 The GNU assembler, linker and binary utilities
Patches that Debian applied in this version:
Counting all warnings,
there are 40 warnings in stage3 of this bootstrap.
Number of warnings per file:
11 treelang/lex.c
11 gengtype-lex.c
8 gcc/config/rs6000/altivec.md
6 gcc/gcc.c
2 gcc/objc/lang-specs.h
1 gcc/java/jvspec.c
1 gcc/config/rs6000/rs6000.md
Number of warning types:
22 no previous prototype for `???'
9 string length `???' is greater than the length `???' ISO C89 compilers are required to support
4 operand 3 missing mode?
2 operand 1 missing mode?
2 operand 0 missing mode?
1 destination missing a mode?
More information about the Gcc-testresults
mailing list