Results for 4.0.0 20050210 (experimental) testsuite on x86_64-unknown-linux-gnu
Al Stone
ahs3@fc.hp.com
Mon Nov 14 17:53:00 GMT 2005
LAST_UPDATED:
Native configuration is x86_64-unknown-linux-gnu
=== g++ tests ===
Running target unix
WARNING: program timed out.
FAIL: g++.old-deja/g++.jason/ref3.C (test for excess errors)
=== g++ Summary ===
# of expected passes 10594
# of unexpected failures 1
# of expected failures 70
# of unsupported tests 90
/opt/toolchain/build/amd64/obj/tco/gcc-3.4/gcc/testsuite/../g++ version 4.0.0 20050210 (experimental)
=== gcc tests ===
Running target unix
FAIL: gcc.dg/setjmp-2.c (test for excess errors)
WARNING: gcc.dg/setjmp-2.c compilation failed to produce executable
FAIL: gcc.dg/short-compare-1.c (test for excess errors)
WARNING: gcc.dg/short-compare-1.c compilation failed to produce executable
FAIL: gcc.dg/short-compare-2.c (test for excess errors)
WARNING: gcc.dg/short-compare-2.c compilation failed to produce executable
FAIL: ./import-2.h -O0 -g (test for excess errors)
FAIL: ./import-2.h -O0 (test for excess errors)
FAIL: ./import-2.h -O1 (test for excess errors)
FAIL: ./import-2.h -O2 (test for excess errors)
FAIL: ./import-2.h -O3 -fomit-frame-pointer (test for excess errors)
FAIL: ./import-2.h -O3 -g (test for excess errors)
FAIL: ./import-2.h -Os (test for excess errors)
XPASS: gcc.dg/vect/vect-22.c scan-tree-dump-times vectorized 3 loops 1
=== gcc Summary ===
# of expected passes 32651
# of unexpected failures 10
# of unexpected successes 1
# of expected failures 93
# of untested testcases 42
# of unsupported tests 418
/opt/toolchain/build/amd64/obj/tco/gcc-3.4/gcc/xgcc version 4.0.0 20050210 (experimental)
=== libstdc++ tests ===
Running target unix
XPASS: 22_locale/locale/cons/12658_thread-1.cc execution test
XPASS: 26_numerics/cmath/c99_classification_macros_c.cc (test for excess errors)
XPASS: 27_io/fpos/14320-1.cc execution test
=== libstdc++ Summary ===
# of expected passes 3478
# of unexpected successes 3
# of expected failures 4
Compiler version: 4.0.0 20050210 (experimental)
Platform: x86_64-unknown-linux-gnu
configure flags: --prefix=/opt/toolchain/tco-20051114 --program-suffix=-3.4 --with-system-zlib --enable-nls --without-included-gettext --disable-multilib --enable-languages=c,c++
Counting all warnings,
there are 0 warnings in stage3 of this bootstrap.
Number of warnings per file:
Number of warning types:
More information about the Gcc-testresults
mailing list