Results for 3.4.5 20051112 (prerelease) (Debian 3.4.4-10) testsuite on i486-linux-gnu
Matthias Klose
doko@debian.org
Mon Nov 14 00:54:00 GMT 2005
LAST_UPDATED: Sat Nov 12 13:57:02 UTC 2005 (revision 106823)
Native configuration is i486-linux-gnu (salsa)
=== gpc tests ===
Running target any
FAIL: contourbug.pas
FAIL: fjf998r.pas
=== gpc Summary ===
# of tests 4947
# of expected passes 4944
# of unexpected failures 2
# of unsupported tests 1
/home/packages/gcc/3.4/gcc-3.4-3.4.4/build/gcc/xgpc version 20050331, based on gcc-3.4.5 20051112 (prerelease) (Debian 3.4.4-10)
=== acats tests ===
=== acats Summary ===
# of expected passes 2322
# of unexpected failures 0
=== g++ tests ===
Running target unix
XPASS: g++.dg/rtti/tinfo1.C scan-assembler _ZTIP9CTemplateIhE:
XPASS: g++.dg/rtti/tinfo1.C scan-assembler-not .globl[ \\t]+_ZTIP9CTemplateIhE
WARNING: g++.old-deja/g++.mike/p10769a.C compilation failed to produce executable
WARNING: g++.old-deja/g++.other/enum5.C compilation failed to produce executable
XPASS: g++.old-deja/g++.other/init5.C execution test
WARNING: g++.old-deja/g++.pt/friend44.C compilation failed to produce executable
=== g++ Summary for unix ===
# of expected passes 9937
# of unexpected successes 3
# of expected failures 69
# of unsupported tests 43
Running target unix/-m64
FAIL: g++.dg/abi/bitfield3.C execution test
FAIL: g++.dg/abi/bitfield8.C execution test
FAIL: g++.dg/abi/dtor1.C scan-assembler _ZTv0_n20_N1DD1Ev
FAIL: g++.dg/abi/empty10.C execution test
FAIL: g++.dg/abi/empty7.C execution test
FAIL: g++.dg/abi/empty9.C execution test
FAIL: g++.dg/abi/layout3.C execution test
FAIL: g++.dg/abi/layout4.C execution test
FAIL: g++.dg/abi/thunk1.C scan-assembler _ZThn4_N1D1fEv
FAIL: g++.dg/abi/thunk1.C scan-assembler _ZTv0_n12_N1D1fEv
FAIL: g++.dg/abi/thunk2.C scan-assembler _ZTvn4_n20_N1D2f3Ev
FAIL: g++.dg/abi/vbase11.C execution test
FAIL: g++.dg/abi/vthunk2.C scan-assembler _ZTv0_n12_N2c21fEv
FAIL: g++.dg/abi/vthunk3.C scan-assembler _ZTvn4_n20_N1E1bEv
FAIL: g++.dg/ext/attrib8.C (test for excess errors)
FAIL: g++.dg/opt/life1.C scan-assembler GLOBAL_OFFSET_TABLE
XPASS: g++.dg/rtti/tinfo1.C scan-assembler _ZTIP9CTemplateIhE:
XPASS: g++.dg/rtti/tinfo1.C scan-assembler-not .globl[ \\t]+_ZTIP9CTemplateIhE
FAIL: g++.old-deja/g++.abi/aggregates.C (test for excess errors)
WARNING: g++.old-deja/g++.abi/aggregates.C compilation failed to produce executable
FAIL: g++.old-deja/g++.abi/align.C (test for excess errors)
WARNING: g++.old-deja/g++.abi/align.C compilation failed to produce executable
FAIL: g++.old-deja/g++.abi/bitfields.C (test for excess errors)
WARNING: g++.old-deja/g++.abi/bitfields.C compilation failed to produce executable
FAIL: g++.old-deja/g++.ext/attrib1.C (test for excess errors)
FAIL: g++.old-deja/g++.ext/attrib2.C (test for excess errors)
FAIL: g++.old-deja/g++.ext/attrib3.C (test for excess errors)
WARNING: g++.old-deja/g++.mike/p10769a.C compilation failed to produce executable
WARNING: g++.old-deja/g++.other/enum5.C compilation failed to produce executable
XPASS: g++.old-deja/g++.other/init5.C execution test
FAIL: g++.old-deja/g++.pt/asm2.C (test for excess errors)
WARNING: g++.old-deja/g++.pt/friend44.C compilation failed to produce executable
=== g++ Summary for unix/-m64 ===
# of expected passes 9911
# of unexpected failures 23
# of unexpected successes 3
# of expected failures 69
# of unsupported tests 43
=== g++ Summary ===
# of expected passes 19848
# of unexpected failures 23
# of unexpected successes 6
# of expected failures 138
# of unsupported tests 86
/home/packages/gcc/3.4/gcc-3.4-3.4.4/build/gcc/testsuite/../g++ version 3.4.5 20051112 (prerelease) (Debian 3.4.4-10)
=== g77 tests ===
Running target unix
=== g77 Summary for unix ===
# of expected passes 1812
# of unsupported tests 6
Running target unix/-m64
=== g77 Summary for unix/-m64 ===
# of expected passes 1812
# of unsupported tests 6
=== g77 Summary ===
# of expected passes 3624
# of unsupported tests 12
/home/packages/gcc/3.4/gcc-3.4-3.4.4/build/gcc/testsuite/../g77 version 3.4.5 20051112 (prerelease) (Debian 3.4.4-10)
=== gcc tests ===
Running target unix
FAIL: gcc.c-torture/execute/va-arg-25.c execution, -Os
FAIL: gcc.dg/cleanup-8.c execution test
FAIL: gcc.dg/cleanup-9.c execution test
FAIL: gcc.dg/const-elim-1.c scan-assembler-not L\\\\\$?C[^A-Z]
=== gcc Summary for unix ===
# of expected passes 25353
# of unexpected failures 4
# of expected failures 70
# of untested testcases 7
# of unsupported tests 213
Running target unix/-m64
XPASS: gcc.c-torture/execute/loop-2e.c execution, -Os
FAIL: gcc.dg/compat/vector-1 c_compat_x_tst.o compile
FAIL: gcc.dg/compat/vector-1 c_compat_y_tst.o compile
UNRESOLVED: gcc.dg/compat/vector-1 c_compat_x_tst.o-c_compat_y_tst.o link
UNRESOLVED: gcc.dg/compat/vector-1 c_compat_x_tst.o-c_compat_y_tst.o execute
FAIL: gcc.dg/compat/vector-2 c_compat_x_tst.o compile
FAIL: gcc.dg/compat/vector-2 c_compat_y_tst.o compile
UNRESOLVED: gcc.dg/compat/vector-2 c_compat_x_tst.o-c_compat_y_tst.o link
UNRESOLVED: gcc.dg/compat/vector-2 c_compat_x_tst.o-c_compat_y_tst.o execute
FAIL: gcc.dg/20000609-1.c (test for excess errors)
WARNING: gcc.dg/20000609-1.c compilation failed to produce executable
FAIL: gcc.dg/20000720-1.c (test for excess errors)
FAIL: gcc.dg/20000724-1.c (test for excess errors)
WARNING: gcc.dg/20000724-1.c compilation failed to produce executable
FAIL: gcc.dg/20011119-1.c (test for excess errors)
WARNING: gcc.dg/20011119-1.c compilation failed to produce executable
FAIL: gcc.dg/20020103-1.c scan-assembler-not LC
FAIL: gcc.dg/20020122-2.c (test for excess errors)
FAIL: gcc.dg/20020201-3.c (test for excess errors)
FAIL: gcc.dg/20020218-1.c scan-assembler-not xmm8
FAIL: gcc.dg/20020411-1.c (test for excess errors)
FAIL: gcc.dg/20020418-2.c (test for excess errors)
FAIL: gcc.dg/20020729-1.c (test for excess errors)
FAIL: gcc.dg/20030204-1.c (test for excess errors)
FAIL: gcc.dg/20030826-2.c (test for excess errors)
WARNING: gcc.dg/20030826-2.c compilation failed to produce executable
FAIL: gcc.dg/20030926-1.c (test for excess errors)
FAIL: gcc.dg/980312-1.c (test for excess errors)
FAIL: gcc.dg/980313-1.c (test for excess errors)
FAIL: gcc.dg/990117-1.c (test for excess errors)
FAIL: gcc.dg/990424-1.c (test for excess errors)
FAIL: gcc.dg/990524-1.c (test for excess errors)
FAIL: gcc.dg/i386-387-1.c (test for excess errors)
ERROR: gcc.dg/i386-387-1.c: error executing dg-final: couldn't open "i386-387-1.s": no such file or directory
UNRESOLVED: gcc.dg/i386-387-1.c: error executing dg-final: couldn't open "i386-387-1.s": no such file or directory
FAIL: gcc.dg/i386-387-2.c (test for excess errors)
ERROR: gcc.dg/i386-387-2.c: error executing dg-final: couldn't open "i386-387-2.s": no such file or directory
UNRESOLVED: gcc.dg/i386-387-2.c: error executing dg-final: couldn't open "i386-387-2.s": no such file or directory
FAIL: gcc.dg/i386-387-3.c (test for excess errors)
ERROR: gcc.dg/i386-387-3.c: error executing dg-final: couldn't open "i386-387-3.s": no such file or directory
UNRESOLVED: gcc.dg/i386-387-3.c: error executing dg-final: couldn't open "i386-387-3.s": no such file or directory
FAIL: gcc.dg/i386-387-4.c (test for excess errors)
ERROR: gcc.dg/i386-387-4.c: error executing dg-final: couldn't open "i386-387-4.s": no such file or directory
UNRESOLVED: gcc.dg/i386-387-4.c: error executing dg-final: couldn't open "i386-387-4.s": no such file or directory
FAIL: gcc.dg/i386-387-5.c (test for excess errors)
ERROR: gcc.dg/i386-387-5.c: error executing dg-final: couldn't open "i386-387-5.s": no such file or directory
UNRESOLVED: gcc.dg/i386-387-5.c: error executing dg-final: couldn't open "i386-387-5.s": no such file or directory
FAIL: gcc.dg/i386-387-6.c (test for excess errors)
ERROR: gcc.dg/i386-387-6.c: error executing dg-final: couldn't open "i386-387-6.s": no such file or directory
UNRESOLVED: gcc.dg/i386-387-6.c: error executing dg-final: couldn't open "i386-387-6.s": no such file or directory
FAIL: gcc.dg/i386-asm-1.c execution test
FAIL: gcc.dg/i386-bitfield1.c execution test
FAIL: gcc.dg/i386-bitfield2.c execution test
FAIL: gcc.dg/i386-local.c scan-assembler magic[^\\\\n]*eax
FAIL: gcc.dg/i386-pentium4-not-mull.c (test for excess errors)
ERROR: gcc.dg/i386-pentium4-not-mull.c: error executing dg-final: couldn't open "i386-pentium4-not-mull.s": no such file or directory
UNRESOLVED: gcc.dg/i386-pentium4-not-mull.c: error executing dg-final: couldn't open "i386-pentium4-not-mull.s": no such file or directory
FAIL: gcc.dg/i386-pic-1.c (test for errors, line 9)
FAIL: gcc.dg/i386-regparm.c (test for errors, line 5)
FAIL: gcc.dg/i386-regparm.c (test for errors, line 7)
FAIL: gcc.dg/i386-sse-2.c (test for excess errors)
FAIL: gcc.dg/i386-sse-5.c (test for warnings, line 6)
FAIL: gcc.dg/i386-sse-5.c (test for excess errors)
FAIL: gcc.dg/i386-sse-8.c (test for excess errors)
FAIL: gcc.dg/pr12092-1.c (test for excess errors)
FAIL: gcc.dg/setjmp-2.c (test for excess errors)
WARNING: gcc.dg/setjmp-2.c compilation failed to produce executable
FAIL: gcc.dg/titype-1.c (test for excess errors)
WARNING: gcc.dg/titype-1.c compilation failed to produce executable
FAIL: gcc.dg/tls/opt-2.c (test for excess errors)
FAIL: gcc.misc-tests/i386-pf-none-1.c -march=i386 -mtune=i386 (test for excess errors)
ERROR: gcc.misc-tests/i386-pf-none-1.c -march=i386 -mtune=i386 : error executing dg-final: couldn't open "i386-pf-none-1.s": no such file or directory
UNRESOLVED: gcc.misc-tests/i386-pf-none-1.c -march=i386 -mtune=i386 : error executing dg-final: couldn't open "i386-pf-none-1.s": no such file or directory
FAIL: gcc.misc-tests/i386-pf-none-1.c -march=i386 -mtune=i486 (test for excess errors)
ERROR: gcc.misc-tests/i386-pf-none-1.c -march=i386 -mtune=i486 : error executing dg-final: couldn't open "i386-pf-none-1.s": no such file or directory
UNRESOLVED: gcc.misc-tests/i386-pf-none-1.c -march=i386 -mtune=i486 : error executing dg-final: couldn't open "i386-pf-none-1.s": no such file or directory
FAIL: gcc.misc-tests/i386-pf-none-1.c -march=i386 -mtune=i586 (test for excess errors)
ERROR: gcc.misc-tests/i386-pf-none-1.c -march=i386 -mtune=i586 : error executing dg-final: couldn't open "i386-pf-none-1.s": no such file or directory
UNRESOLVED: gcc.misc-tests/i386-pf-none-1.c -march=i386 -mtune=i586 : error executing dg-final: couldn't open "i386-pf-none-1.s": no such file or directory
FAIL: gcc.misc-tests/i386-pf-none-1.c -march=i386 -mtune=i686 (test for excess errors)
ERROR: gcc.misc-tests/i386-pf-none-1.c -march=i386 -mtune=i686 : error executing dg-final: couldn't open "i386-pf-none-1.s": no such file or directory
UNRESOLVED: gcc.misc-tests/i386-pf-none-1.c -march=i386 -mtune=i686 : error executing dg-final: couldn't open "i386-pf-none-1.s": no such file or directory
FAIL: gcc.misc-tests/i386-pf-none-1.c -march=i386 -mtune=pentium2 (test for excess errors)
ERROR: gcc.misc-tests/i386-pf-none-1.c -march=i386 -mtune=pentium2 : error executing dg-final: couldn't open "i386-pf-none-1.s": no such file or directory
UNRESOLVED: gcc.misc-tests/i386-pf-none-1.c -march=i386 -mtune=pentium2 : error executing dg-final: couldn't open "i386-pf-none-1.s": no such file or directory
FAIL: gcc.misc-tests/i386-pf-none-1.c -march=i386 -mtune=k6 (test for excess errors)
ERROR: gcc.misc-tests/i386-pf-none-1.c -march=i386 -mtune=k6 : error executing dg-final: couldn't open "i386-pf-none-1.s": no such file or directory
UNRESOLVED: gcc.misc-tests/i386-pf-none-1.c -march=i386 -mtune=k6 : error executing dg-final: couldn't open "i386-pf-none-1.s": no such file or directory
FAIL: gcc.misc-tests/i386-pf-none-1.c -march=i386 -mtune=k6-2 (test for excess errors)
ERROR: gcc.misc-tests/i386-pf-none-1.c -march=i386 -mtune=k6-2 : error executing dg-final: couldn't open "i386-pf-none-1.s": no such file or directory
UNRESOLVED: gcc.misc-tests/i386-pf-none-1.c -march=i386 -mtune=k6-2 : error executing dg-final: couldn't open "i386-pf-none-1.s": no such file or directory
FAIL: gcc.misc-tests/i386-pf-none-1.c -march=i386 -mtune=k6-3 (test for excess errors)
ERROR: gcc.misc-tests/i386-pf-none-1.c -march=i386 -mtune=k6-3 : error executing dg-final: couldn't open "i386-pf-none-1.s": no such file or directory
UNRESOLVED: gcc.misc-tests/i386-pf-none-1.c -march=i386 -mtune=k6-3 : error executing dg-final: couldn't open "i386-pf-none-1.s": no such file or directory
FAIL: gcc.misc-tests/i386-pf-none-1.c -march=i386 (test for excess errors)
ERROR: gcc.misc-tests/i386-pf-none-1.c -march=i386 : error executing dg-final: couldn't open "i386-pf-none-1.s": no such file or directory
UNRESOLVED: gcc.misc-tests/i386-pf-none-1.c -march=i386 : error executing dg-final: couldn't open "i386-pf-none-1.s": no such file or directory
FAIL: gcc.misc-tests/i386-pf-none-1.c -march=i486 (test for excess errors)
ERROR: gcc.misc-tests/i386-pf-none-1.c -march=i486 : error executing dg-final: couldn't open "i386-pf-none-1.s": no such file or directory
UNRESOLVED: gcc.misc-tests/i386-pf-none-1.c -march=i486 : error executing dg-final: couldn't open "i386-pf-none-1.s": no such file or directory
FAIL: gcc.misc-tests/i386-pf-none-1.c -march=i586 (test for excess errors)
ERROR: gcc.misc-tests/i386-pf-none-1.c -march=i586 : error executing dg-final: couldn't open "i386-pf-none-1.s": no such file or directory
UNRESOLVED: gcc.misc-tests/i386-pf-none-1.c -march=i586 : error executing dg-final: couldn't open "i386-pf-none-1.s": no such file or directory
FAIL: gcc.misc-tests/i386-pf-none-1.c -march=i686 (test for excess errors)
ERROR: gcc.misc-tests/i386-pf-none-1.c -march=i686 : error executing dg-final: couldn't open "i386-pf-none-1.s": no such file or directory
UNRESOLVED: gcc.misc-tests/i386-pf-none-1.c -march=i686 : error executing dg-final: couldn't open "i386-pf-none-1.s": no such file or directory
FAIL: gcc.misc-tests/i386-pf-none-1.c -march=pentium2 (test for excess errors)
ERROR: gcc.misc-tests/i386-pf-none-1.c -march=pentium2 : error executing dg-final: couldn't open "i386-pf-none-1.s": no such file or directory
UNRESOLVED: gcc.misc-tests/i386-pf-none-1.c -march=pentium2 : error executing dg-final: couldn't open "i386-pf-none-1.s": no such file or directory
FAIL: gcc.misc-tests/i386-pf-none-1.c -march=k6 (test for excess errors)
ERROR: gcc.misc-tests/i386-pf-none-1.c -march=k6 : error executing dg-final: couldn't open "i386-pf-none-1.s": no such file or directory
UNRESOLVED: gcc.misc-tests/i386-pf-none-1.c -march=k6 : error executing dg-final: couldn't open "i386-pf-none-1.s": no such file or directory
FAIL: gcc.misc-tests/i386-pf-sse-1.c -march=i686 -mtune=pentium3 (test for excess errors)
ERROR: gcc.misc-tests/i386-pf-sse-1.c -march=i686 -mtune=pentium3 : error executing dg-final: couldn't open "i386-pf-sse-1.s": no such file or directory
UNRESOLVED: gcc.misc-tests/i386-pf-sse-1.c -march=i686 -mtune=pentium3 : error executing dg-final: couldn't open "i386-pf-sse-1.s": no such file or directory
FAIL: gcc.misc-tests/i386-pf-sse-1.c -march=i686 -mtune=pentium3m (test for excess errors)
ERROR: gcc.misc-tests/i386-pf-sse-1.c -march=i686 -mtune=pentium3m : error executing dg-final: couldn't open "i386-pf-sse-1.s": no such file or directory
UNRESOLVED: gcc.misc-tests/i386-pf-sse-1.c -march=i686 -mtune=pentium3m : error executing dg-final: couldn't open "i386-pf-sse-1.s": no such file or directory
FAIL: gcc.misc-tests/i386-pf-sse-1.c -march=i686 -mtune=pentium-m (test for excess errors)
ERROR: gcc.misc-tests/i386-pf-sse-1.c -march=i686 -mtune=pentium-m : error executing dg-final: couldn't open "i386-pf-sse-1.s": no such file or directory
UNRESOLVED: gcc.misc-tests/i386-pf-sse-1.c -march=i686 -mtune=pentium-m : error executing dg-final: couldn't open "i386-pf-sse-1.s": no such file or directory
FAIL: gcc.misc-tests/i386-pf-sse-1.c -march=i686 -mtune=pentium4 (test for excess errors)
ERROR: gcc.misc-tests/i386-pf-sse-1.c -march=i686 -mtune=pentium4 : error executing dg-final: couldn't open "i386-pf-sse-1.s": no such file or directory
UNRESOLVED: gcc.misc-tests/i386-pf-sse-1.c -march=i686 -mtune=pentium4 : error executing dg-final: couldn't open "i386-pf-sse-1.s": no such file or directory
FAIL: gcc.misc-tests/i386-pf-sse-1.c -march=i686 -mtune=pentium4m (test for excess errors)
ERROR: gcc.misc-tests/i386-pf-sse-1.c -march=i686 -mtune=pentium4m : error executing dg-final: couldn't open "i386-pf-sse-1.s": no such file or directory
UNRESOLVED: gcc.misc-tests/i386-pf-sse-1.c -march=i686 -mtune=pentium4m : error executing dg-final: couldn't open "i386-pf-sse-1.s": no such file or directory
FAIL: gcc.misc-tests/i386-pf-sse-1.c -march=i686 -mtune=prescott (test for excess errors)
ERROR: gcc.misc-tests/i386-pf-sse-1.c -march=i686 -mtune=prescott : error executing dg-final: couldn't open "i386-pf-sse-1.s": no such file or directory
UNRESOLVED: gcc.misc-tests/i386-pf-sse-1.c -march=i686 -mtune=prescott : error executing dg-final: couldn't open "i386-pf-sse-1.s": no such file or directory
FAIL: gcc.misc-tests/i386-pf-sse-1.c -march=i686 -mtune=athlon (test for excess errors)
ERROR: gcc.misc-tests/i386-pf-sse-1.c -march=i686 -mtune=athlon : error executing dg-final: couldn't open "i386-pf-sse-1.s": no such file or directory
UNRESOLVED: gcc.misc-tests/i386-pf-sse-1.c -march=i686 -mtune=athlon : error executing dg-final: couldn't open "i386-pf-sse-1.s": no such file or directory
FAIL: gcc.misc-tests/i386-pf-sse-1.c -march=i686 -mtune=athlon-4 (test for excess errors)
ERROR: gcc.misc-tests/i386-pf-sse-1.c -march=i686 -mtune=athlon-4 : error executing dg-final: couldn't open "i386-pf-sse-1.s": no such file or directory
UNRESOLVED: gcc.misc-tests/i386-pf-sse-1.c -march=i686 -mtune=athlon-4 : error executing dg-final: couldn't open "i386-pf-sse-1.s": no such file or directory
FAIL: gcc.misc-tests/i386-pf-sse-1.c -march=i686 -mtune=c3-2 (test for excess errors)
ERROR: gcc.misc-tests/i386-pf-sse-1.c -march=i686 -mtune=c3-2 : error executing dg-final: couldn't open "i386-pf-sse-1.s": no such file or directory
UNRESOLVED: gcc.misc-tests/i386-pf-sse-1.c -march=i686 -mtune=c3-2 : error executing dg-final: couldn't open "i386-pf-sse-1.s": no such file or directory
FAIL: gcc.misc-tests/i386-pf-sse-1.c -march=pentium3 (test for excess errors)
ERROR: gcc.misc-tests/i386-pf-sse-1.c -march=pentium3 : error executing dg-final: couldn't open "i386-pf-sse-1.s": no such file or directory
UNRESOLVED: gcc.misc-tests/i386-pf-sse-1.c -march=pentium3 : error executing dg-final: couldn't open "i386-pf-sse-1.s": no such file or directory
FAIL: gcc.misc-tests/i386-pf-sse-1.c -march=pentium3m (test for excess errors)
ERROR: gcc.misc-tests/i386-pf-sse-1.c -march=pentium3m : error executing dg-final: couldn't open "i386-pf-sse-1.s": no such file or directory
UNRESOLVED: gcc.misc-tests/i386-pf-sse-1.c -march=pentium3m : error executing dg-final: couldn't open "i386-pf-sse-1.s": no such file or directory
FAIL: gcc.misc-tests/i386-pf-sse-1.c -march=pentium-m (test for excess errors)
ERROR: gcc.misc-tests/i386-pf-sse-1.c -march=pentium-m : error executing dg-final: couldn't open "i386-pf-sse-1.s": no such file or directory
UNRESOLVED: gcc.misc-tests/i386-pf-sse-1.c -march=pentium-m : error executing dg-final: couldn't open "i386-pf-sse-1.s": no such file or directory
FAIL: gcc.misc-tests/i386-pf-sse-1.c -march=pentium4 (test for excess errors)
ERROR: gcc.misc-tests/i386-pf-sse-1.c -march=pentium4 : error executing dg-final: couldn't open "i386-pf-sse-1.s": no such file or directory
UNRESOLVED: gcc.misc-tests/i386-pf-sse-1.c -march=pentium4 : error executing dg-final: couldn't open "i386-pf-sse-1.s": no such file or directory
FAIL: gcc.misc-tests/i386-pf-sse-1.c -march=pentium4m (test for excess errors)
ERROR: gcc.misc-tests/i386-pf-sse-1.c -march=pentium4m : error executing dg-final: couldn't open "i386-pf-sse-1.s": no such file or directory
UNRESOLVED: gcc.misc-tests/i386-pf-sse-1.c -march=pentium4m : error executing dg-final: couldn't open "i386-pf-sse-1.s": no such file or directory
FAIL: gcc.misc-tests/i386-pf-sse-1.c -march=prescott (test for excess errors)
ERROR: gcc.misc-tests/i386-pf-sse-1.c -march=prescott : error executing dg-final: couldn't open "i386-pf-sse-1.s": no such file or directory
UNRESOLVED: gcc.misc-tests/i386-pf-sse-1.c -march=prescott : error executing dg-final: couldn't open "i386-pf-sse-1.s": no such file or directory
FAIL: gcc.misc-tests/i386-pf-sse-1.c -march=c3-2 (test for excess errors)
ERROR: gcc.misc-tests/i386-pf-sse-1.c -march=c3-2 : error executing dg-final: couldn't open "i386-pf-sse-1.s": no such file or directory
UNRESOLVED: gcc.misc-tests/i386-pf-sse-1.c -march=c3-2 : error executing dg-final: couldn't open "i386-pf-sse-1.s": no such file or directory
FAIL: gcc.misc-tests/i386-pf-3dnow-1.c -march=c3 (test for excess errors)
ERROR: gcc.misc-tests/i386-pf-3dnow-1.c -march=c3 : error executing dg-final: couldn't open "i386-pf-3dnow-1.s": no such file or directory
UNRESOLVED: gcc.misc-tests/i386-pf-3dnow-1.c -march=c3 : error executing dg-final: couldn't open "i386-pf-3dnow-1.s": no such file or directory
FAIL: gcc.misc-tests/i386-pf-3dnow-1.c -march=k6-2 (test for excess errors)
ERROR: gcc.misc-tests/i386-pf-3dnow-1.c -march=k6-2 : error executing dg-final: couldn't open "i386-pf-3dnow-1.s": no such file or directory
UNRESOLVED: gcc.misc-tests/i386-pf-3dnow-1.c -march=k6-2 : error executing dg-final: couldn't open "i386-pf-3dnow-1.s": no such file or directory
FAIL: gcc.misc-tests/i386-pf-3dnow-1.c -march=k6-3 (test for excess errors)
ERROR: gcc.misc-tests/i386-pf-3dnow-1.c -march=k6-3 : error executing dg-final: couldn't open "i386-pf-3dnow-1.s": no such file or directory
UNRESOLVED: gcc.misc-tests/i386-pf-3dnow-1.c -march=k6-3 : error executing dg-final: couldn't open "i386-pf-3dnow-1.s": no such file or directory
FAIL: gcc.misc-tests/i386-pf-athlon-1.c -march=athlon (test for excess errors)
ERROR: gcc.misc-tests/i386-pf-athlon-1.c -march=athlon : error executing dg-final: couldn't open "i386-pf-athlon-1.s": no such file or directory
UNRESOLVED: gcc.misc-tests/i386-pf-athlon-1.c -march=athlon : error executing dg-final: couldn't open "i386-pf-athlon-1.s": no such file or directory
FAIL: gcc.misc-tests/i386-pf-athlon-1.c -march=athlon-4 (test for excess errors)
ERROR: gcc.misc-tests/i386-pf-athlon-1.c -march=athlon-4 : error executing dg-final: couldn't open "i386-pf-athlon-1.s": no such file or directory
UNRESOLVED: gcc.misc-tests/i386-pf-athlon-1.c -march=athlon-4 : error executing dg-final: couldn't open "i386-pf-athlon-1.s": no such file or directory
FAIL: linkage.c
=== gcc Summary for unix/-m64 ===
# of expected passes 25137
# of unexpected failures 81
# of unexpected successes 1
# of expected failures 69
# of unresolved testcases 46
# of untested testcases 7
# of unsupported tests 213
=== gcc Summary ===
# of expected passes 50490
# of unexpected failures 85
# of unexpected successes 1
# of expected failures 139
# of unresolved testcases 46
# of untested testcases 14
# of unsupported tests 426
/home/packages/gcc/3.4/gcc-3.4-3.4.4/build/gcc/xgcc version 3.4.5 20051112 (prerelease) (Debian 3.4.4-10)
=== objc tests ===
Running target unix
=== objc Summary for unix ===
# of expected passes 1352
# of unsupported tests 8
Running target unix/-m64
=== objc Summary for unix/-m64 ===
# of expected passes 1352
# of unsupported tests 8
=== objc Summary ===
# of expected passes 2704
# of unsupported tests 16
/home/packages/gcc/3.4/gcc-3.4-3.4.4/build/gcc/xgcc version 3.4.5 20051112 (prerelease) (Debian 3.4.4-10)
=== libstdc++ tests ===
Running target unix
XPASS: 22_locale/locale/cons/12658_thread.cc execution test
XPASS: 26_numerics/c99_classification_macros_c.cc (test for excess errors)
=== libstdc++ Summary for unix ===
# of expected passes 2737
# of unexpected successes 2
# of expected failures 5
Running target unix/-m64
FAIL: 22_locale/codecvt/in/wchar_t/2.cc execution test
FAIL: 22_locale/codecvt/in/wchar_t/3.cc execution test
FAIL: 22_locale/codecvt/length/wchar_t/2.cc execution test
FAIL: 22_locale/codecvt/length/wchar_t/3.cc execution test
FAIL: 22_locale/codecvt/out/wchar_t/2.cc execution test
FAIL: 22_locale/codecvt/out/wchar_t/3.cc execution test
FAIL: 22_locale/codecvt/unicode/1.cc execution test
FAIL: 22_locale/codecvt/unicode/char.cc execution test
FAIL: 22_locale/ctype/widen/wchar_t/2.cc execution test
XPASS: 22_locale/locale/cons/12658_thread.cc execution test
FAIL: 22_locale/messages/members/char/1.cc execution test
FAIL: 22_locale/messages/members/char/2.cc execution test
FAIL: 22_locale/messages_byname/named_equivalence.cc execution test
FAIL: 22_locale/money_get/get/wchar_t/1.cc execution test
FAIL: 22_locale/money_put/put/wchar_t/1.cc execution test
FAIL: 22_locale/money_put/put/wchar_t/3.cc execution test
XPASS: 26_numerics/c99_classification_macros_c.cc (test for excess errors)
FAIL: 27_io/basic_filebuf/underflow/wchar_t/9520.cc execution test
XPASS: 27_io/fpos/14320-1.cc execution test
FAIL: 27_io/objects/wchar_t/9520.cc execution test
FAIL: ext/enc_filebuf/char/13598.cc execution test
=== libstdc++ Summary for unix/-m64 ===
# of expected passes 2719
# of unexpected failures 18
# of unexpected successes 3
# of expected failures 4
=== libstdc++ Summary ===
# of expected passes 5456
# of unexpected failures 18
# of unexpected successes 5
# of expected failures 9
Compiler version: 3.4.5 20051112 (prerelease) (Debian 3.4.4-10)
Platform: i486-linux-gnu
configure flags: -v --enable-languages=c,c++,f77,pascal,objc,ada --prefix=/usr --libexecdir=/usr/lib --with-gxx-include-dir=/usr/include/c++/3.4 --enable-shared --with-system-zlib --enable-nls --without-included-gettext --program-suffix=-3.4 --enable-__cxa_atexit --enable-clocale=gnu --enable-libstdcxx-debug i486-linux-gnu
BOOT_CFLAGS=-O2
Build Dependencies:
Desired=Unknown/Install/Remove/Purge/Hold
| Status=Not/Installed/Config-files/Unpacked/Failed-config/Half-installed
|/ Err?=(none)/Hold/Reinst-required/X=both-problems (Status,Err: uppercase=bad)
||/ Name Version Description
+++-==============-===================-==============================================
ii binutils 2.16.1cvs20051109-1 The GNU assembler, linker and binary utilities
Patches that Debian applied in this version:
svn-updates:
SVN updates from the 3.4 branch upto 20051112
gcc-textdomain:
Set gettext's domain and textdomain to the versioned package name.
rename-info-files:
Allow transformations on info file names. Reference the
transformed info file names in the texinfo files.
libstdc++-pic:
Build and install libstdc++_pic.a library.
libstdc++-doclink:
adjust hrefs to point to the local documentation
libstdc++-doxygen-syntax:
fix doxygen syntax error in header that causes segfaults with some
versions
amd64-specs:
On x86-64 use 64bits mode assembly except with -m32.
gccbug:
Use sensible-editor instead of vi as fallback editor
gccbug-posix:
Make gccbug POSIX compliant (patch by David Weinehall)
http://www.opengroup.org/onlinepubs/009695399/utilities/test.html
hppa-toplevel:
For hppa-linux enable libgcj and dependent libs in the toplevel directory
hppa-libffi:
libffi support for hppa
hppa-libjava:
Enable libjava support for hppa
hppa-libjava-update:
MD_FALLBACK_FRAME_STATE_FOR definition for pa32-linux
fastjar-update:
Implement fastjar -u (PR 7854).
fastjar-version:
Append GCC version to the fastjar version string.
java-gui-branch:
Michael Koch <konqueror@gmx.de>
Backport AWT, Swing and GTK peer from java-gui-branch (20040906).
boehm-gc-nocheck:
Disable the boehm-gc testsuite. Hangs forever on this architecture
libltdl:
* libltdl.dpatch: Search the versioned extension, when loading a shared
library (i.e. gij looks for .so.5 for loading additional libraries
like the GTK based AWT peers.
m68k-update:
Add two m68k specfic patches backported from 4.0 concerning wrong code
generation (Richard Zidlicky).
libf2c-mxunit:
libf2c/libI77/fio.c: Set MXUNIT to 1000.
arm-bigendian:
libffi-soversion:
Install libffi with soversion 3.
ada-link-lib:
- Install the shared Ada libraries as '.so.1', not '.so' to conform
to the Debian policy.
- Don't include a runtime link path (-rpath), when linking binaries.
- Build the shared libraries on hppa-linux.
ada-gcc-name:
use gcc-3.4 instead of gcc as the command name.
gpc-3.x:
The gpc patch from the gpc tarball.
gpc-doc:
gpc documentation: Fix hyperlinks to the example files.
gpc-updates:
Updates from http://www.math.uni.wroc.pl/~hebisch/gpc/
gpc-names:
versioned gpc names
gpc-profiled:
Do not build the gpc runtime using -fprofile-generate/-use.
cpu-default-i486:
generate code for architecture i486, tuned for i686 by default.
libffi-mips:
libffi mips update
libjava-mips:
libjava-mips patch from Thiemo Seufer <ica2_ts@csv.ica.uni-stuttgart.de>
libstdc++-mips-atomic:
Fix libstdc++ atomic ops for mips/mipsel
biarch-include:
biarch-include.dpatch
Adds biarch include directories
/usr/include/c++/<ver>/<arch>-linux-gnu
/usr/local/include/<arch>-linux-gnu
/usr/include/<arch>-linux-gnu
to the system include paths, depending on 32/64 bit mode.
i386-biarch:
biarch patches for i386/x86_64
link-libs:
reporting:
Add Debian URL for bug reporting isntructions.
gcc-version:
Add package identification to the gcc version string
configure-deplibs_check_method:
In all configure scripts for libraries, generated with autoconf2.13, use
deplibs_check_method=pass_all unconditionally for all linux architectures.
Counting all warnings,
there are 81 warnings in stage3 of this bootstrap.
Number of warnings per file:
16 ./auto-host.h
12 gcc/cppdefault.c
8 gcc/tsystem.h
8 gcc/defaults.h
5 /usr/share/bison/bison.simple
4 gcc/p/rts/constants.def
4 gcc/objc/lang-specs.h
4 gcc/config/i386/i386.md
3 insn-conditions.c
3 gengtype-lex.c
3 gcc/p/gpc.c
3 gcc/gcc.c
2 gcc/p/lang-specs.h
2 gcc/libgcc2.c
2 gcc/ada/lang-specs.h
1 libiberty/libiberty.a(choose-temp.o)
1 gcc/ada/tracebak.c
Number of warning types:
17 string length `???' is greater than the length `???' ISO C89 compilers are required to support
16 this is the location of the previous definition
8 `HAVE_DECL_GETOPT' redefined
8 `DEFAULT_USE_CXA_ATEXIT' redefined
6 old-style parameter declaration
6 missing initializer
6 (near initialization for `???')
2 source missing a mode?
2 operand 1 missing mode?
2 no previous prototype for '__enable_execute_stack'
2 label `???' defined but not used
2 C++ style comments are not allowed in ISO C90
2 (this will be reported only once per input file)
1 the use of `???' is dangerous, better use `???'
1 comparison of unsigned expression < 0 is always false
More information about the Gcc-testresults
mailing list