Results for 4.1.0 20051112 (experimental) testsuite on x86_64-suse-linux-gnu
Eric Botcazou
eric@linux.site
Sun Nov 13 22:12:00 GMT 2005
LAST_UPDATED: Sat Nov 12 08:47:02 UTC 2005 (revision 106821M)
=== acats tests ===
FAIL: c34007p
FAIL: c34007r
FAIL: c45282b
FAIL: ca11c01
FAIL: cdd2a02
=== acats Summary ===
# of expected passes 2314
# of unexpected failures 5
Native configuration is x86_64-suse-linux-gnu
=== gcc tests ===
Running target unix
FAIL: tmpdir-gcc.dg-struct-layout-1/t026 c_compat_x_tst.o-c_compat_y_tst.o execute
XPASS: gcc.dg/cpp/cmdlne-dI-M.c scan-file (^|\\\\n)cmdlne-dI-M.*:[^\\\\n]*cmdlne-dI-M.c
XPASS: gcc.dg/cpp/cmdlne-dM-M.c scan-file (^|\\\\n)cmdlne-dM-M[^\\\\n]*:[^\\\\n]*cmdlne-dM-M.c
FAIL: gcc.dg/pr24445.c (test for excess errors)
FAIL: gcc.dg/ipa/ipa-5.c scan-ipa-dump-times versioned function 2
FAIL: gcc.dg/ipa/ipa-5.c scan-ipa-dump-times propagating const 2
FAIL: gcc.dg/tree-ssa/loop-3.c scan-tree-dump-times step: 1
=== gcc Summary ===
# of expected passes 37621
# of unexpected failures 5
# of unexpected successes 2
# of expected failures 93
# of untested testcases 28
# of unsupported tests 369
/home/eric/build/gcc/native/gcc/xgcc version 4.1.0 20051112 (experimental)
=== gfortran tests ===
Running target unix
=== gfortran Summary ===
# of expected passes 10461
# of expected failures 18
# of unsupported tests 16
/home/eric/build/gcc/native/gcc/testsuite/../gfortran version 4.1.0 20051112 (experimental)
=== g++ tests ===
Running target unix
XPASS: g++.old-deja/g++.other/init5.C execution test
=== g++ Summary ===
# of expected passes 11527
# of unexpected successes 1
# of expected failures 66
# of unsupported tests 94
/home/eric/build/gcc/native/gcc/testsuite/../g++ version 4.1.0 20051112 (experimental)
=== obj-c++ tests ===
Running target unix
FAIL: obj-c++.dg/bitfield-1.mm (test for excess errors)
FAIL: obj-c++.dg/bitfield-4.mm (test for excess errors)
FAIL: obj-c++.dg/comp-types-10.mm (test for excess errors)
FAIL: obj-c++.dg/cxx-ivars-2.mm execution test
FAIL: obj-c++.dg/encode-3.mm execution test
FAIL: obj-c++.dg/encode-8.mm execution test
FAIL: obj-c++.dg/isa-field-1.mm (test for excess errors)
FAIL: obj-c++.dg/layout-1.mm (test for excess errors)
FAIL: obj-c++.dg/lookup-2.mm (test for excess errors)
WARNING: obj-c++.dg/lookup-2.mm compilation failed to produce executable
FAIL: obj-c++.dg/try-catch-2.mm (test for excess errors)
WARNING: obj-c++.dg/try-catch-2.mm compilation failed to produce executable
FAIL: obj-c++.dg/try-catch-9.mm (test for excess errors)
WARNING: obj-c++.dg/try-catch-9.mm compilation failed to produce executable
=== obj-c++ Summary ===
# of expected passes 418
# of unexpected failures 11
# of unsupported tests 13
/home/eric/build/gcc/native/gcc/testsuite/../g++ version 4.1.0 20051112 (experimental)
=== objc tests ===
Running target unix
=== objc Summary ===
# of expected passes 1672
# of unsupported tests 22
/home/eric/build/gcc/native/gcc/xgcc version 4.1.0 20051112 (experimental)
=== treelang tests ===
Running target unix
=== treelang Summary ===
# of expected passes 50
=== libffi tests ===
Running target unix
=== libffi Summary ===
# of expected passes 228
# of unsupported tests 2
=== libjava tests ===
Running target unix
=== libjava Summary ===
# of expected passes 3986
# of expected failures 10
# of untested testcases 8
=== libmudflap tests ===
Running target unix
=== libmudflap Summary ===
# of expected passes 1789
=== libstdc++ tests ===
Running target unix
XPASS: 26_numerics/cmath/c99_classification_macros_c.cc (test for excess errors)
XPASS: 27_io/fpos/14320-1.cc execution test
=== libstdc++ Summary ===
# of expected passes 4024
# of unexpected successes 2
# of expected failures 11
Compiler version: 4.1.0 20051112 (experimental)
Platform: x86_64-suse-linux-gnu
configure flags: x86_64-suse-linux --prefix=/home/eric/install/gcc --enable-__cxa_atexit --enable-checking=assert,misc,tree,rtl,rtlflag --enable-languages=c,ada,c++,fortran,java,objc,obj-c++,treelang
BOOT_CFLAGS=-g -O2
More information about the Gcc-testresults
mailing list