Results for 4.1.0 20051112 (experimental) gcc testsuite on mips-unknown-elf

Steven Bosscher stevenb@suse.de
Sun Nov 13 17:35:00 GMT 2005


LAST_UPDATED: Fri Nov 11 15:59:46 UTC 2005 (revision 106784M)
Target is mips-unknown-elf
Host   is x86_64-unknown-linux-gnu

		=== gcc tests ===


Running target mips-sim
FAIL: gcc.dg/attr-weakref-1.c (test for excess errors)
WARNING: gcc.dg/attr-weakref-1.c compilation failed to produce executable
FAIL: gcc.dg/intmax_t-1.c  (test for errors, line )
FAIL: gcc.dg/ipa/ipa-5.c scan-ipa-dump-times versioned function 2
FAIL: gcc.dg/ipa/ipa-5.c scan-ipa-dump-times propagating const 2
FAIL: gcc.dg/tls/alias-1.c (test for excess errors)
FAIL: gcc.dg/tls/pr24428-2.c execution test
FAIL: gcc.dg/tls/pr24428.c execution test
XPASS: gcc.dg/tree-ssa/20040204-1.c scan-tree-dump-times link_error 0

		=== gcc Summary ===

# of expected passes		36749
# of unexpected failures	7
# of unexpected successes	1
# of expected failures		74
# of untested testcases		28
# of unsupported tests		309
/home/steven/devel/MIPS/build/gcc/xgcc  version 4.1.0 20051112 (experimental)


Compiler version: 4.1.0 20051112 (experimental) gcc 
Platform: mips-unknown-elf
configure flags: --target=mips-elf --prefix=/home/steven/devel/MIPS/install --with-newlib --disable-gdbtk --enable-languages=c



More information about the Gcc-testresults mailing list