Results for 4.1.0 20051112 (experimental) testsuite on i686-pc-linux-gnu

CodeSourcery Automatic Testing System gcc@codesourcery.com
Sat Nov 12 12:06:00 GMT 2005


LAST_UPDATED: Sat Nov 12 08:09:20 UTC 2005 (revision 106821)

Native configuration is i686-pc-linux-gnu

		=== g++ tests ===


Running target unix

		=== g++ Summary ===

# of expected passes		11615
# of expected failures		67
# of unsupported tests		63
/scratch/gcc/nightly-2005-11-12-mainline/i686-pc-linux-gnu/build_gcc/install/bin/c++  version 4.1.0 20051112 (experimental)

		=== gcc tests ===


Running target unix
WARNING: program timed out.
FAIL: gcc.c-torture/compile/20001226-1.c  -O0  (test for excess errors)
FAIL: gcc.dg/ipa/ipa-5.c scan-ipa-dump-times versioned function 2
FAIL: gcc.dg/ipa/ipa-5.c scan-ipa-dump-times propagating const 2

		=== gcc Summary ===

# of expected passes		37777
# of unexpected failures	3
# of expected failures		96
# of untested testcases		28
# of unsupported tests		252
/scratch/gcc/nightly-2005-11-12-mainline/i686-pc-linux-gnu/build_gcc/install/bin/gcc  version 4.1.0 20051112 (experimental)

		=== libstdc++ tests ===


Running target unix
FAIL: 22_locale/messages/members/char/1.cc execution test
FAIL: 22_locale/messages/members/char/2.cc execution test
FAIL: 22_locale/messages/members/char/wrapped_env.cc execution test
FAIL: 22_locale/messages/members/char/wrapped_locale.cc execution test
FAIL: 22_locale/messages_byname/named_equivalence.cc execution test

		=== libstdc++ Summary ===

# of expected passes		4008
# of unexpected failures	5
# of expected failures		13
# of unsupported tests		5

Compiler version: 4.1.0 20051112 (experimental) 
Platform: i686-pc-linux-gnu
configure flags: --disable-nls --build=i686-pc-linux-gnu --host=i686-pc-linux-gnu --target=i686-pc-linux-gnu --enable-shared --enable-threads --disable-libmudflap --disable-libssp --disable-libstdcxx-pch --with-gnu-as --with-as=/scratch/gcc/nightly-2005-11-12-mainline/i686-pc-linux-gnu/build_gcc/install/bin/as --with-gnu-ld --with-ld=/scratch/gcc/nightly-2005-11-12-mainline/i686-pc-linux-gnu/build_gcc/install/bin/ld --prefix=/scratch/gcc/nightly-2005-11-12-mainline/i686-pc-linux-gnu/build_gcc/install --enable-languages=c,c++



More information about the Gcc-testresults mailing list