Results for 4.1.0-gomp-20050608-branch 20051109 (experimental) (merged 20051109) testsuite on x86_64-unknown-linux-gnu
Diego Novillo
dnovillo@redhat.com
Sat Nov 12 08:46:00 GMT 2005
LAST_UPDATED:
Native configuration is x86_64-unknown-linux-gnu
=== g++ tests ===
Running target unix
=== g++ Summary ===
# of expected passes 11811
# of expected failures 68
# of unsupported tests 94
/notnfs/dnovillo/sbox/gomp/bld.torquemada/gcc/testsuite/../g++ version 4.1.0-gomp-20050608-branch 20051109 (experimental) (merged 20051109)
=== gcc tests ===
Running target unix
FAIL: tmpdir-gcc.dg-struct-layout-1/t026 c_compat_x_tst.o-c_compat_y_tst.o execute
FAIL: gcc.dg/ipa/ipa-1.c (test for excess errors)
FAIL: gcc.dg/ipa/ipa-2.c (test for excess errors)
FAIL: gcc.dg/ipa/ipa-3.c (test for excess errors)
FAIL: gcc.dg/ipa/ipa-4.c (test for excess errors)
FAIL: gcc.dg/ipa/ipa-5.c (test for excess errors)
FAIL: gcc.dg/ipa/ipa-5.c scan-ipa-dump-times versioned function 2
FAIL: gcc.dg/ipa/ipa-5.c scan-ipa-dump-times propagating const 2
FAIL: gcc.dg/tree-ssa/loop-3.c scan-tree-dump-times step: 1
=== gcc Summary ===
# of expected passes 37840
# of unexpected failures 9
# of expected failures 95
# of untested testcases 28
# of unsupported tests 368
/notnfs/dnovillo/sbox/gomp/bld.torquemada/gcc/xgcc version 4.1.0-gomp-20050608-branch 20051109 (experimental) (merged 20051109)
=== gfortran tests ===
Running target unix
=== gfortran Summary ===
# of expected passes 10593
# of expected failures 18
# of unsupported tests 16
/notnfs/dnovillo/sbox/gomp/bld.torquemada/gcc/testsuite/../gfortran version 4.1.0-gomp-20050608-branch 20051109 (experimental) (merged 20051109)
=== libgomp tests ===
Running target unix
FAIL: libgomp.c/atomic-2.c (test for excess errors)
WARNING: libgomp.c/atomic-2.c compilation failed to produce executable
=== libgomp Summary ===
# of expected passes 1268
# of unexpected failures 1
=== libmudflap tests ===
Running target unix
=== libmudflap Summary ===
# of expected passes 1789
=== libstdc++ tests ===
Running target unix
XPASS: 26_numerics/cmath/c99_classification_macros_c.cc (test for excess errors)
XPASS: 27_io/fpos/14320-1.cc execution test
=== libstdc++ Summary ===
# of expected passes 3985
# of unexpected successes 2
# of expected failures 14
# of unsupported tests 4
Compiler version: 4.1.0-gomp-20050608-branch 20051109 (experimental) (merged 20051109)
Platform: x86_64-unknown-linux-gnu
configure flags: --prefix=/home/cygnus/dnovillo/perf/sbox/gomp/local.x86_64/inst.torquemada --srcdir=/home/cygnus/dnovillo/perf/sbox/gomp/local.x86_64/src --enable-mpfr --disable-multilib --enable-languages=c,c++,fortran
More information about the Gcc-testresults
mailing list