Results for 4.1.0 20051112 (experimental) testsuite on x86_64-unknown-linux-gnu

Diego Novillo dnovillo@redhat.com
Sat Nov 12 07:21:00 GMT 2005


LAST_UPDATED: 
Native configuration is x86_64-unknown-linux-gnu

		=== g++ tests ===


Running target unix

		=== g++ Summary ===

# of expected passes		11527
# of expected failures		67
# of unsupported tests		94
/notnfs/dnovillo/sbox/gcc/bld.torquemada/gcc/testsuite/../g++  version 4.1.0 20051112 (experimental)

		=== gcc tests ===


Running target unix
FAIL: tmpdir-gcc.dg-struct-layout-1/t026 c_compat_x_tst.o-c_compat_y_tst.o execute 
FAIL: gcc.dg/pr24445.c (test for excess errors)
FAIL: gcc.dg/ipa/ipa-5.c scan-ipa-dump-times versioned function 2
FAIL: gcc.dg/ipa/ipa-5.c scan-ipa-dump-times propagating const 2
FAIL: gcc.dg/tree-ssa/loop-3.c scan-tree-dump-times step: 1

		=== gcc Summary ===

# of expected passes		37621
# of unexpected failures	5
# of expected failures		95
# of untested testcases		28
# of unsupported tests		369
/notnfs/dnovillo/sbox/gcc/bld.torquemada/gcc/xgcc  version 4.1.0 20051112 (experimental)

		=== gfortran tests ===


Running target unix

		=== gfortran Summary ===

# of expected passes		10461
# of expected failures		18
# of unsupported tests		16
/notnfs/dnovillo/sbox/gcc/bld.torquemada/gcc/testsuite/../gfortran  version 4.1.0 20051112 (experimental)

		=== objc tests ===


Running target unix

		=== objc Summary ===

# of expected passes		1672
# of unsupported tests		22
/notnfs/dnovillo/sbox/gcc/bld.torquemada/gcc/xgcc  version 4.1.0 20051112 (experimental)

		=== libffi tests ===


Running target unix

		=== libffi Summary ===

# of expected passes		228
# of unsupported tests		2
		=== libjava tests ===


Running target unix
FAIL: LargeFile execution - source compiled test
FAIL: LargeFile execution - gij test
FAIL: LargeFile execution - bytecode->native test
FAIL: LargeFile -O3 execution - source compiled test
FAIL: LargeFile execution - gij test
FAIL: LargeFile -O3 execution - bytecode->native test

		=== libjava Summary ===

# of expected passes		3974
# of unexpected failures	6
# of expected failures		10
# of untested testcases		14
		=== libmudflap tests ===


Running target unix

		=== libmudflap Summary ===

# of expected passes		1789
		=== libstdc++ tests ===


Running target unix
XPASS: 26_numerics/cmath/c99_classification_macros_c.cc (test for excess errors)
XPASS: 27_io/fpos/14320-1.cc execution test

		=== libstdc++ Summary ===

# of expected passes		4016
# of unexpected successes	2
# of expected failures		11
# of unsupported tests		4

Compiler version: 4.1.0 20051112 (experimental) 
Platform: x86_64-unknown-linux-gnu
configure flags: --prefix=/home/cygnus/dnovillo/perf/sbox/gcc/local.x86_64/inst.torquemada --srcdir=/home/cygnus/dnovillo/perf/sbox/gcc/local.x86_64/src --enable-mpfr --disable-multilib --enable-languages=c,c++,fortran,java,objc



More information about the Gcc-testresults mailing list