Results for 4.1.0 20051107 (experimental) testsuite on hppa64-hp-hpux11.11
John David Anglin
dave@hiauly3.hia.nrc.ca
Thu Nov 10 03:29:00 GMT 2005
LAST_UPDATED: Mon Nov 7 13:09:09 UTC 2005 (revision 106590M)
Native configuration is hppa64-hp-hpux11.11
=== g++ tests ===
Running target unix
FAIL: g++.old-deja/g++.abi/vtable2.C execution test
=== g++ Summary ===
# of expected passes 10940
# of unexpected failures 1
# of expected failures 67
# of unsupported tests 119
/test/gnu/gcc-3.3/objdir/gcc/testsuite/../g++ version 4.1.0 20051107 (experimental)
=== gcc tests ===
Running target unix
WARNING: program timed out.
FAIL: gcc.c-torture/compile/20001226-1.c -O3 -g (test for excess errors)
FAIL: gcc.c-torture/compile/20031023-1.c -O3 -g (test for excess errors)
FAIL: gcc.c-torture/compile/20031023-2.c -O3 -g (test for excess errors)
FAIL: gcc.c-torture/compile/20031023-3.c -O3 -g (test for excess errors)
FAIL: gcc.c-torture/compile/20031023-4.c -O3 -g (test for excess errors)
XPASS: gcc.dg/funcorder.c scan-assembler-not link_error,%r
FAIL: gcc.dg/ipa/ipa-5.c scan-ipa-dump-times versioned function 2
FAIL: gcc.dg/ipa/ipa-5.c scan-ipa-dump-times propagating const 2
FAIL: gcc.dg/torture/asm-subreg-1.c -O1 (test for excess errors)
FAIL: gcc.dg/torture/asm-subreg-1.c -O2 (test for excess errors)
FAIL: gcc.dg/torture/asm-subreg-1.c -O3 -fomit-frame-pointer (test for excess errors)
FAIL: gcc.dg/torture/asm-subreg-1.c -O3 -g (test for excess errors)
FAIL: gcc.dg/torture/asm-subreg-1.c -Os (test for excess errors)
=== gcc Summary ===
# of expected passes 35887
# of unexpected failures 12
# of unexpected successes 1
# of expected failures 77
# of untested testcases 28
# of unsupported tests 334
/test/gnu/gcc-3.3/objdir/gcc/xgcc version 4.1.0 20051107 (experimental)
=== gfortran tests ===
Running target unix
FAIL: gfortran.dg/cray_pointers_2.f90 -O2 execution test
FAIL: gfortran.dg/cray_pointers_2.f90 -O3 -fomit-frame-pointer execution test
FAIL: gfortran.dg/cray_pointers_2.f90 -O3 -fomit-frame-pointer -funroll-loops execution test
FAIL: gfortran.dg/cray_pointers_2.f90 -O3 -fomit-frame-pointer -funroll-all-loops -finline-functions execution test
FAIL: gfortran.dg/cray_pointers_2.f90 -O3 -g execution test
FAIL: gfortran.dg/large_real_kind_2.F90 -O0 (test for excess errors)
WARNING: gfortran.dg/large_real_kind_2.F90 -O0 compilation failed to produce executable
FAIL: gfortran.dg/large_real_kind_2.F90 -O1 (test for excess errors)
WARNING: gfortran.dg/large_real_kind_2.F90 -O1 compilation failed to produce executable
FAIL: gfortran.dg/large_real_kind_2.F90 -O2 (test for excess errors)
WARNING: gfortran.dg/large_real_kind_2.F90 -O2 compilation failed to produce executable
FAIL: gfortran.dg/large_real_kind_2.F90 -O3 -fomit-frame-pointer (test for excess errors)
WARNING: gfortran.dg/large_real_kind_2.F90 -O3 -fomit-frame-pointer compilation failed to produce executable
FAIL: gfortran.dg/large_real_kind_2.F90 -O3 -fomit-frame-pointer -funroll-loops (test for excess errors)
WARNING: gfortran.dg/large_real_kind_2.F90 -O3 -fomit-frame-pointer -funroll-loops compilation failed to produce executable
FAIL: gfortran.dg/large_real_kind_2.F90 -O3 -fomit-frame-pointer -funroll-all-loops -finline-functions (test for excess errors)
WARNING: gfortran.dg/large_real_kind_2.F90 -O3 -fomit-frame-pointer -funroll-all-loops -finline-functions compilation failed to produce executable
FAIL: gfortran.dg/large_real_kind_2.F90 -O3 -g (test for excess errors)
WARNING: gfortran.dg/large_real_kind_2.F90 -O3 -g compilation failed to produce executable
FAIL: gfortran.dg/large_real_kind_2.F90 -Os (test for excess errors)
WARNING: gfortran.dg/large_real_kind_2.F90 -Os compilation failed to produce executable
FAIL: gfortran.dg/large_real_kind_form_io_1.f90 -O0 (test for excess errors)
WARNING: gfortran.dg/large_real_kind_form_io_1.f90 -O0 compilation failed to produce executable
FAIL: gfortran.dg/large_real_kind_form_io_1.f90 -O1 (test for excess errors)
WARNING: gfortran.dg/large_real_kind_form_io_1.f90 -O1 compilation failed to produce executable
FAIL: gfortran.dg/large_real_kind_form_io_1.f90 -O2 (test for excess errors)
WARNING: gfortran.dg/large_real_kind_form_io_1.f90 -O2 compilation failed to produce executable
FAIL: gfortran.dg/large_real_kind_form_io_1.f90 -O3 -fomit-frame-pointer (test for excess errors)
WARNING: gfortran.dg/large_real_kind_form_io_1.f90 -O3 -fomit-frame-pointer compilation failed to produce executable
FAIL: gfortran.dg/large_real_kind_form_io_1.f90 -O3 -fomit-frame-pointer -funroll-loops (test for excess errors)
WARNING: gfortran.dg/large_real_kind_form_io_1.f90 -O3 -fomit-frame-pointer -funroll-loops compilation failed to produce executable
FAIL: gfortran.dg/large_real_kind_form_io_1.f90 -O3 -fomit-frame-pointer -funroll-all-loops -finline-functions (test for excess errors)
WARNING: gfortran.dg/large_real_kind_form_io_1.f90 -O3 -fomit-frame-pointer -funroll-all-loops -finline-functions compilation failed to produce executable
FAIL: gfortran.dg/large_real_kind_form_io_1.f90 -O3 -g (test for excess errors)
WARNING: gfortran.dg/large_real_kind_form_io_1.f90 -O3 -g compilation failed to produce executable
FAIL: gfortran.dg/large_real_kind_form_io_1.f90 -Os (test for excess errors)
WARNING: gfortran.dg/large_real_kind_form_io_1.f90 -Os compilation failed to produce executable
FAIL: gfortran.dg/mixed_io_1.f90 -O0 (test for excess errors)
WARNING: gfortran.dg/mixed_io_1.f90 -O0 compilation failed to produce executable
FAIL: gfortran.dg/mixed_io_1.f90 -O1 (test for excess errors)
WARNING: gfortran.dg/mixed_io_1.f90 -O1 compilation failed to produce executable
FAIL: gfortran.dg/mixed_io_1.f90 -O2 (test for excess errors)
WARNING: gfortran.dg/mixed_io_1.f90 -O2 compilation failed to produce executable
FAIL: gfortran.dg/mixed_io_1.f90 -O3 -fomit-frame-pointer (test for excess errors)
WARNING: gfortran.dg/mixed_io_1.f90 -O3 -fomit-frame-pointer compilation failed to produce executable
FAIL: gfortran.dg/mixed_io_1.f90 -O3 -fomit-frame-pointer -funroll-loops (test for excess errors)
WARNING: gfortran.dg/mixed_io_1.f90 -O3 -fomit-frame-pointer -funroll-loops compilation failed to produce executable
FAIL: gfortran.dg/mixed_io_1.f90 -O3 -fomit-frame-pointer -funroll-all-loops -finline-functions (test for excess errors)
WARNING: gfortran.dg/mixed_io_1.f90 -O3 -fomit-frame-pointer -funroll-all-loops -finline-functions compilation failed to produce executable
FAIL: gfortran.dg/mixed_io_1.f90 -O3 -g (test for excess errors)
WARNING: gfortran.dg/mixed_io_1.f90 -O3 -g compilation failed to produce executable
FAIL: gfortran.dg/mixed_io_1.f90 -Os (test for excess errors)
WARNING: gfortran.dg/mixed_io_1.f90 -Os compilation failed to produce executable
FAIL: gfortran.dg/module_equivalence_1.f90 -O0 (test for excess errors)
WARNING: gfortran.dg/module_equivalence_1.f90 -O0 compilation failed to produce executable
FAIL: gfortran.dg/module_equivalence_1.f90 -O1 (test for excess errors)
WARNING: gfortran.dg/module_equivalence_1.f90 -O1 compilation failed to produce executable
FAIL: gfortran.dg/module_equivalence_1.f90 -O2 (test for excess errors)
WARNING: gfortran.dg/module_equivalence_1.f90 -O2 compilation failed to produce executable
FAIL: gfortran.dg/module_equivalence_1.f90 -O3 -fomit-frame-pointer (test for excess errors)
WARNING: gfortran.dg/module_equivalence_1.f90 -O3 -fomit-frame-pointer compilation failed to produce executable
FAIL: gfortran.dg/module_equivalence_1.f90 -O3 -fomit-frame-pointer -funroll-loops (test for excess errors)
WARNING: gfortran.dg/module_equivalence_1.f90 -O3 -fomit-frame-pointer -funroll-loops compilation failed to produce executable
FAIL: gfortran.dg/module_equivalence_1.f90 -O3 -fomit-frame-pointer -funroll-all-loops -finline-functions (test for excess errors)
WARNING: gfortran.dg/module_equivalence_1.f90 -O3 -fomit-frame-pointer -funroll-all-loops -finline-functions compilation failed to produce executable
FAIL: gfortran.dg/module_equivalence_1.f90 -O3 -g (test for excess errors)
WARNING: gfortran.dg/module_equivalence_1.f90 -O3 -g compilation failed to produce executable
FAIL: gfortran.dg/module_equivalence_1.f90 -Os (test for excess errors)
WARNING: gfortran.dg/module_equivalence_1.f90 -Os compilation failed to produce executable
=== gfortran Summary ===
# of expected passes 10225
# of unexpected failures 37
# of expected failures 4
# of unsupported tests 34
/test/gnu/gcc-3.3/objdir/gcc/testsuite/../gfortran version 4.1.0 20051107 (experimental)
=== objc tests ===
Running target unix
=== objc Summary ===
# of expected passes 1670
# of unsupported tests 23
/test/gnu/gcc-3.3/objdir/gcc/xgcc version 4.1.0 20051107 (experimental)
=== libstdc++ tests ===
Running target unix
FAIL: ext/array_allocator/2.cc execution test
=== libstdc++ Summary ===
# of expected passes 2584
# of unexpected failures 1
# of expected failures 13
# of unsupported tests 158
Compiler version: 4.1.0 20051107 (experimental)
Platform: hppa64-hp-hpux11.11
configure flags: --with-gnu-as --with-as=/opt/gnu64/bin/as --with-ld=/usr/ccs/bin/ld --enable-shared --disable-nls --with-local-prefix=/opt/gnu64 --prefix=/opt/gnu64/gcc/gcc-4.1.0 --host=hppa64-hp-hpux11.11 --enable-threads=posix --disable-libmudflap --with-gmp=/opt/gnu64/gcc/gcc-4.1.0 --enable-languages=c,c++,fortran,java,objc
More information about the Gcc-testresults
mailing list