Results for 4.1.0 20051109 (experimental) testsuite on x86_64-unknown-linux-gnu
H.J. Lu
hjl@gnu-20.sc.intel.com
Thu Nov 10 00:11:00 GMT 2005
LAST_UPDATED: Wed Nov 9 17:53:00 UTC 2005 (revision 106698)
Native configuration is x86_64-unknown-linux-gnu
=== gcc tests ===
Running target unix/-m32
FAIL: gcc.dg/ipa/ipa-5.c scan-ipa-dump-times versioned function 2
FAIL: gcc.dg/ipa/ipa-5.c scan-ipa-dump-times propagating const 2
=== gcc Summary for unix/-m32 ===
# of expected passes 37621
# of unexpected failures 2
# of expected failures 96
# of untested testcases 28
# of unsupported tests 272
Running target unix
FAIL: tmpdir-gcc.dg-struct-layout-1/t026 c_compat_x_tst.o-c_compat_y_tst.o execute
FAIL: gcc.dg/ipa/ipa-5.c scan-ipa-dump-times versioned function 2
FAIL: gcc.dg/ipa/ipa-5.c scan-ipa-dump-times propagating const 2
FAIL: gcc.dg/tree-ssa/loop-3.c scan-tree-dump-times step: 1
=== gcc Summary for unix ===
# of expected passes 37566
# of unexpected failures 4
# of expected failures 95
# of untested testcases 28
# of unsupported tests 368
=== gcc Summary ===
# of expected passes 75187
# of unexpected failures 6
# of expected failures 191
# of untested testcases 56
# of unsupported tests 640
/export/build/gnu/gcc/build-x86_64-linux/gcc/xgcc version 4.1.0 20051109 (experimental)
=== gfortran tests ===
Running target unix/-m32
=== gfortran Summary for unix/-m32 ===
# of expected passes 10368
# of expected failures 15
# of unsupported tests 24
Running target unix
=== gfortran Summary for unix ===
# of expected passes 10381
# of expected failures 18
# of unsupported tests 16
=== gfortran Summary ===
# of expected passes 20749
# of expected failures 33
# of unsupported tests 40
/export/build/gnu/gcc/build-x86_64-linux/gcc/testsuite/../gfortran version 4.1.0 20051109 (experimental)
=== g++ tests ===
Running target unix/-m32
=== g++ Summary for unix/-m32 ===
# of expected passes 11602
# of expected failures 67
# of unsupported tests 70
Running target unix
=== g++ Summary for unix ===
# of expected passes 11526
# of expected failures 67
# of unsupported tests 94
=== g++ Summary ===
# of expected passes 23128
# of expected failures 134
# of unsupported tests 164
/export/build/gnu/gcc/build-x86_64-linux/gcc/testsuite/../g++ version 4.1.0 20051109 (experimental)
=== objc tests ===
Running target unix/-m32
=== objc Summary for unix/-m32 ===
# of expected passes 1672
# of unsupported tests 22
Running target unix
=== objc Summary for unix ===
# of expected passes 1672
# of unsupported tests 22
=== objc Summary ===
# of expected passes 3344
# of unsupported tests 44
/export/build/gnu/gcc/build-x86_64-linux/gcc/xgcc version 4.1.0 20051109 (experimental)
=== libffi tests ===
Running target unix/-m32
=== libffi Summary for unix/-m32 ===
# of expected passes 228
# of unsupported tests 2
Running target unix
=== libffi Summary for unix ===
# of expected passes 228
# of unsupported tests 2
=== libffi Summary ===
# of expected passes 456
# of unsupported tests 4
=== libjava tests ===
Running target unix/-m32
=== libjava Summary for unix/-m32 ===
# of expected passes 3986
# of expected failures 10
# of untested testcases 8
Running target unix
=== libjava Summary for unix ===
# of expected passes 3986
# of expected failures 10
# of untested testcases 8
=== libjava Summary ===
# of expected passes 7972
# of expected failures 20
# of untested testcases 16
=== libmudflap tests ===
Running target unix/-m32
=== libmudflap Summary for unix/-m32 ===
# of expected passes 1789
Running target unix
=== libmudflap Summary for unix ===
# of expected passes 1789
=== libmudflap Summary ===
# of expected passes 3578
=== libstdc++ tests ===
Running target unix/-m32
FAIL: 22_locale/messages/members/char/1.cc execution test
FAIL: 22_locale/messages/members/char/2.cc execution test
FAIL: 22_locale/messages/members/char/wrapped_env.cc execution test
FAIL: 22_locale/messages/members/char/wrapped_locale.cc execution test
FAIL: 22_locale/messages_byname/named_equivalence.cc execution test
XPASS: 26_numerics/cmath/c99_classification_macros_c.cc (test for excess errors)
=== libstdc++ Summary for unix/-m32 ===
# of expected passes 3980
# of unexpected failures 5
# of unexpected successes 1
# of expected failures 15
# of unsupported tests 4
Running target unix
XPASS: 26_numerics/cmath/c99_classification_macros_c.cc (test for excess errors)
XPASS: 27_io/fpos/14320-1.cc execution test
=== libstdc++ Summary for unix ===
# of expected passes 3985
# of unexpected successes 2
# of expected failures 14
# of unsupported tests 4
=== libstdc++ Summary ===
# of expected passes 7965
# of unexpected failures 5
# of unexpected successes 3
# of expected failures 29
# of unsupported tests 8
Compiler version: 4.1.0 20051109 (experimental)
Platform: x86_64-unknown-linux-gnu
configure flags: --enable-clocale=gnu --with-system-zlib --with-demangler-in-ld --enable-shared --enable-threads=posix --enable-haifa --disable-checking --prefix=/usr/gcc-4.1 --with-local-prefix=/usr/local --enable-languages=c,c++,fortran,java,objc
More information about the Gcc-testresults
mailing list