Results for 4.1.0 20051108 (experimental) testsuite on i686-pc-linux-gnu
Chris Douty
Chris_Douty@ampex.com
Wed Nov 9 19:24:00 GMT 2005
LAST_UPDATED: Tue Nov 8 20:07:26 UTC 2005 (revision 106652)
=== acats tests ===
FAIL: c32001e
FAIL: c34007p
FAIL: c34007r
FAIL: c45282b
FAIL: c45532j
FAIL: c45532l
FAIL: c45532m
FAIL: c45532n
FAIL: c45532o
FAIL: c45532p
FAIL: c47009a
FAIL: c52103x
FAIL: c52104x
FAIL: c52104y
FAIL: c64105b
FAIL: c95086b
FAIL: ca11c01
FAIL: cdd2a02
FAIL: ce3806g
FAIL: ce3806h
FAIL: ce3810b
FAIL: cxaa008
FAIL: cxf2001
FAIL: cxf2002
FAIL: cxf2003
FAIL: cxf2004
FAIL: cxf2005
FAIL: cxf2a02
FAIL: cxg2022
=== acats Summary ===
# of expected passes 2290
# of unexpected failures 29
Native configuration is i686-pc-linux-gnu
=== gcc tests ===
Running target unix
WARNING: program timed out.
FAIL: gcc.c-torture/compile/20001226-1.c -O0 (test for excess errors)
FAIL: gcc.dg/ipa/ipa-5.c scan-ipa-dump-times versioned function 2
FAIL: gcc.dg/ipa/ipa-5.c scan-ipa-dump-times propagating const 2
=== gcc Summary ===
# of expected passes 37711
# of unexpected failures 3
# of expected failures 96
# of untested testcases 28
# of unsupported tests 250
/localhome/cdouty/src/gcc-stuff/i686-pc-linux-gnu-head/gcc/xgcc
version 4.1.0 20051108 (experimental)
=== gfortran tests ===
Running target unix
FAIL: gfortran.fortran-torture/execute/elemental.f90 execution, -O3 -
fomit-frame-pointer -funroll-loops
FAIL: gfortran.fortran-torture/execute/elemental.f90 execution, -O3 -
fomit-frame-pointer -funroll-all-loops -finline-functions
=== gfortran Summary ===
# of expected passes 10350
# of unexpected failures 2
# of expected failures 15
# of unsupported tests 16
/localhome/cdouty/src/gcc-stuff/i686-pc-linux-gnu-head/gcc/
testsuite/../gfortran version 4.1.0 20051108 (experimental)
=== g++ tests ===
Running target unix
XPASS: g++.old-deja/g++.other/init5.C execution test
=== g++ Summary ===
# of expected passes 11601
# of unexpected successes 1
# of expected failures 66
# of unsupported tests 63
/localhome/cdouty/src/gcc-stuff/i686-pc-linux-gnu-head/gcc/
testsuite/../g++ version 4.1.0 20051108 (experimental)
=== obj-c++ tests ===
Running target unix
FAIL: obj-c++.dg/comp-types-10.mm (test for excess errors)
FAIL: obj-c++.dg/cxx-ivars-2.mm execution test
FAIL: obj-c++.dg/encode-8.mm execution test
FAIL: obj-c++.dg/isa-field-1.mm (test for excess errors)
FAIL: obj-c++.dg/lookup-2.mm (test for excess errors)
WARNING: obj-c++.dg/lookup-2.mm compilation failed to produce executable
FAIL: obj-c++.dg/try-catch-2.mm (test for excess errors)
WARNING: obj-c++.dg/try-catch-2.mm compilation failed to produce
executable
FAIL: obj-c++.dg/try-catch-9.mm (test for excess errors)
WARNING: obj-c++.dg/try-catch-9.mm compilation failed to produce
executable
=== obj-c++ Summary ===
# of expected passes 422
# of unexpected failures 7
# of unsupported tests 13
/localhome/cdouty/src/gcc-stuff/i686-pc-linux-gnu-head/gcc/
testsuite/../g++ version 4.1.0 20051108 (experimental)
=== objc tests ===
Running target unix
=== objc Summary ===
# of expected passes 1672
# of unsupported tests 22
/localhome/cdouty/src/gcc-stuff/i686-pc-linux-gnu-head/gcc/xgcc
version 4.1.0 20051108 (experimental)
=== libffi tests ===
Running target unix
=== libffi Summary ===
# of expected passes 228
# of unsupported tests 2
=== libjava tests ===
Running target unix
=== libjava Summary ===
# of expected passes 3986
# of expected failures 10
# of untested testcases 8
=== libmudflap tests ===
Running target unix
FAIL: libmudflap.cth/pass37-frag.c (-static -DSTATIC) execution test
FAIL: libmudflap.cth/pass37-frag.c (-static -DSTATIC) output pattern
test
FAIL: libmudflap.cth/pass37-frag.c (-static -DSTATIC) (rerun 1)
execution test
FAIL: libmudflap.cth/pass37-frag.c (-static -DSTATIC) (rerun 1)
output pattern test
FAIL: libmudflap.cth/pass37-frag.c (-static -DSTATIC) (rerun 2)
execution test
FAIL: libmudflap.cth/pass37-frag.c (-static -DSTATIC) (rerun 2)
output pattern test
FAIL: libmudflap.cth/pass37-frag.c (-static -DSTATIC) (rerun 3)
execution test
FAIL: libmudflap.cth/pass37-frag.c (-static -DSTATIC) (rerun 3)
output pattern test
FAIL: libmudflap.cth/pass37-frag.c (-static -DSTATIC) (rerun 4)
execution test
FAIL: libmudflap.cth/pass37-frag.c (-static -DSTATIC) (rerun 4)
output pattern test
FAIL: libmudflap.cth/pass37-frag.c (-static -DSTATIC) (rerun 5)
execution test
FAIL: libmudflap.cth/pass37-frag.c (-static -DSTATIC) (rerun 5)
output pattern test
FAIL: libmudflap.cth/pass37-frag.c (-static -DSTATIC) (rerun 6)
execution test
FAIL: libmudflap.cth/pass37-frag.c (-static -DSTATIC) (rerun 6)
output pattern test
FAIL: libmudflap.cth/pass37-frag.c (-static -DSTATIC) (rerun 7)
execution test
FAIL: libmudflap.cth/pass37-frag.c (-static -DSTATIC) (rerun 7)
output pattern test
FAIL: libmudflap.cth/pass37-frag.c (-static -DSTATIC) (rerun 8)
execution test
FAIL: libmudflap.cth/pass37-frag.c (-static -DSTATIC) (rerun 8)
output pattern test
FAIL: libmudflap.cth/pass37-frag.c (-static -DSTATIC) (rerun 9)
execution test
FAIL: libmudflap.cth/pass37-frag.c (-static -DSTATIC) (rerun 9)
output pattern test
FAIL: libmudflap.cth/pass37-frag.c (-static -DSTATIC) (rerun 10)
execution test
FAIL: libmudflap.cth/pass37-frag.c (-static -DSTATIC) (rerun 10)
output pattern test
FAIL: libmudflap.cth/pass37-frag.c (-static -DSTATIC) (rerun 11)
execution test
FAIL: libmudflap.cth/pass37-frag.c (-static -DSTATIC) (rerun 11)
output pattern test
FAIL: libmudflap.cth/pass37-frag.c (-static -DSTATIC) (rerun 12)
execution test
FAIL: libmudflap.cth/pass37-frag.c (-static -DSTATIC) (rerun 12)
output pattern test
FAIL: libmudflap.cth/pass37-frag.c (-static -DSTATIC) (rerun 13)
execution test
FAIL: libmudflap.cth/pass37-frag.c (-static -DSTATIC) (rerun 13)
output pattern test
FAIL: libmudflap.cth/pass37-frag.c (-static -DSTATIC) (rerun 14)
execution test
FAIL: libmudflap.cth/pass37-frag.c (-static -DSTATIC) (rerun 14)
output pattern test
FAIL: libmudflap.cth/pass37-frag.c (-static -DSTATIC) (rerun 15)
execution test
FAIL: libmudflap.cth/pass37-frag.c (-static -DSTATIC) (rerun 15)
output pattern test
FAIL: libmudflap.cth/pass37-frag.c (-static -DSTATIC) (rerun 16)
execution test
FAIL: libmudflap.cth/pass37-frag.c (-static -DSTATIC) (rerun 16)
output pattern test
FAIL: libmudflap.cth/pass37-frag.c (-static -DSTATIC) (rerun 17)
execution test
FAIL: libmudflap.cth/pass37-frag.c (-static -DSTATIC) (rerun 17)
output pattern test
FAIL: libmudflap.cth/pass37-frag.c (-static -DSTATIC) (rerun 18)
execution test
FAIL: libmudflap.cth/pass37-frag.c (-static -DSTATIC) (rerun 18)
output pattern test
FAIL: libmudflap.cth/pass37-frag.c (-static -DSTATIC) (rerun 19)
execution test
FAIL: libmudflap.cth/pass37-frag.c (-static -DSTATIC) (rerun 19)
output pattern test
FAIL: libmudflap.cth/pass39-frag.c (-static -DSTATIC) execution test
FAIL: libmudflap.cth/pass39-frag.c (-static -DSTATIC) output pattern
test
FAIL: libmudflap.cth/pass39-frag.c (-static -DSTATIC) (rerun 1)
execution test
FAIL: libmudflap.cth/pass39-frag.c (-static -DSTATIC) (rerun 1)
output pattern test
FAIL: libmudflap.cth/pass39-frag.c (-static -DSTATIC) (rerun 2)
execution test
FAIL: libmudflap.cth/pass39-frag.c (-static -DSTATIC) (rerun 2)
output pattern test
FAIL: libmudflap.cth/pass39-frag.c (-static -DSTATIC) (rerun 3)
execution test
FAIL: libmudflap.cth/pass39-frag.c (-static -DSTATIC) (rerun 3)
output pattern test
FAIL: libmudflap.cth/pass39-frag.c (-static -DSTATIC) (rerun 4)
execution test
FAIL: libmudflap.cth/pass39-frag.c (-static -DSTATIC) (rerun 4)
output pattern test
FAIL: libmudflap.cth/pass39-frag.c (-static -DSTATIC) (rerun 5)
execution test
FAIL: libmudflap.cth/pass39-frag.c (-static -DSTATIC) (rerun 5)
output pattern test
FAIL: libmudflap.cth/pass39-frag.c (-static -DSTATIC) (rerun 6)
execution test
FAIL: libmudflap.cth/pass39-frag.c (-static -DSTATIC) (rerun 6)
output pattern test
FAIL: libmudflap.cth/pass39-frag.c (-static -DSTATIC) (rerun 7)
execution test
FAIL: libmudflap.cth/pass39-frag.c (-static -DSTATIC) (rerun 7)
output pattern test
FAIL: libmudflap.cth/pass39-frag.c (-static -DSTATIC) (rerun 8)
execution test
FAIL: libmudflap.cth/pass39-frag.c (-static -DSTATIC) (rerun 8)
output pattern test
FAIL: libmudflap.cth/pass39-frag.c (-static -DSTATIC) (rerun 9)
execution test
FAIL: libmudflap.cth/pass39-frag.c (-static -DSTATIC) (rerun 9)
output pattern test
FAIL: libmudflap.cth/pass39-frag.c (-static -DSTATIC) (rerun 10)
execution test
FAIL: libmudflap.cth/pass39-frag.c (-static -DSTATIC) (rerun 10)
output pattern test
FAIL: libmudflap.cth/pass39-frag.c (-static -DSTATIC) (rerun 11)
execution test
FAIL: libmudflap.cth/pass39-frag.c (-static -DSTATIC) (rerun 11)
output pattern test
FAIL: libmudflap.cth/pass39-frag.c (-static -DSTATIC) (rerun 12)
execution test
FAIL: libmudflap.cth/pass39-frag.c (-static -DSTATIC) (rerun 12)
output pattern test
FAIL: libmudflap.cth/pass39-frag.c (-static -DSTATIC) (rerun 13)
execution test
FAIL: libmudflap.cth/pass39-frag.c (-static -DSTATIC) (rerun 13)
output pattern test
FAIL: libmudflap.cth/pass39-frag.c (-static -DSTATIC) (rerun 14)
execution test
FAIL: libmudflap.cth/pass39-frag.c (-static -DSTATIC) (rerun 14)
output pattern test
FAIL: libmudflap.cth/pass39-frag.c (-static -DSTATIC) (rerun 15)
execution test
FAIL: libmudflap.cth/pass39-frag.c (-static -DSTATIC) (rerun 15)
output pattern test
FAIL: libmudflap.cth/pass39-frag.c (-static -DSTATIC) (rerun 16)
execution test
FAIL: libmudflap.cth/pass39-frag.c (-static -DSTATIC) (rerun 16)
output pattern test
FAIL: libmudflap.cth/pass39-frag.c (-static -DSTATIC) (rerun 17)
execution test
FAIL: libmudflap.cth/pass39-frag.c (-static -DSTATIC) (rerun 17)
output pattern test
FAIL: libmudflap.cth/pass39-frag.c (-static -DSTATIC) (rerun 18)
execution test
FAIL: libmudflap.cth/pass39-frag.c (-static -DSTATIC) (rerun 18)
output pattern test
FAIL: libmudflap.cth/pass39-frag.c (-static -DSTATIC) (rerun 19)
execution test
FAIL: libmudflap.cth/pass39-frag.c (-static -DSTATIC) (rerun 19)
output pattern test
FAIL: libmudflap.cth/pass40-frag.c (-static -DSTATIC) execution test
FAIL: libmudflap.cth/pass40-frag.c (-static -DSTATIC) output pattern
test
FAIL: libmudflap.cth/pass39-frag.c (-O2) execution test
FAIL: libmudflap.cth/pass39-frag.c (-O2) output pattern test
=== libmudflap Summary ===
# of expected passes 1705
# of unexpected failures 84
=== libstdc++ tests ===
Running target unix
XPASS: 26_numerics/cmath/c99_classification_macros_c.cc (test for
excess errors)
=== libstdc++ Summary ===
# of expected passes 3993
# of unexpected successes 1
# of expected failures 15
Compiler version: 4.1.0 20051108 (experimental)
Platform: i686-pc-linux-gnu
configure flags: --prefix=/opt/gcc410 --enable-shared --enable-
threads=posix --enable-__cxa_atexit --enable-languages=c,ada,c+
+,fortran,java,objc,obj-c++
Host is P4 w/ hyperthreading, suse 9.3 linux.
I used gcc 4.0.2 as bootstrap compiler.
--
Christopher Douty <Chris_Douty@ampexdata.com> +1-650-367-3129
Senior Engineer, Software & Systems - AMPEX Data Systems Corp.
More information about the Gcc-testresults
mailing list