Results for 4.0.0 20050210 (experimental) testsuite on i686-pc-linux-gnu
Al Stone
ahs3@fc.hp.com
Tue Nov 8 19:05:00 GMT 2005
LAST_UPDATED:
Native configuration is i686-pc-linux-gnu
=== g++ tests ===
Running target unix
=== gcc tests ===
Running target unix
FAIL: gcc.dg/cleanup-10.c execution test
FAIL: gcc.dg/cleanup-11.c execution test
FAIL: gcc.dg/cleanup-8.c execution test
FAIL: gcc.dg/cleanup-9.c execution test
FAIL: ./import-2.h -O0 -g (test for excess errors)
FAIL: ./import-2.h -O0 (test for excess errors)
FAIL: ./import-2.h -O1 (test for excess errors)
FAIL: ./import-2.h -O2 (test for excess errors)
FAIL: ./import-2.h -O3 -fomit-frame-pointer (test for excess errors)
FAIL: ./import-2.h -O3 -g (test for excess errors)
FAIL: ./import-2.h -Os (test for excess errors)
XPASS: gcc.dg/vect/vect-22.c scan-tree-dump-times vectorized 3 loops 1
=== gcc Summary ===
# of expected passes 32961
# of unexpected failures 11
# of unexpected successes 1
# of expected failures 89
# of untested testcases 42
# of unsupported tests 307
/home/builder/nightly-build/build/i686/obj/tco/gcc-3.4/gcc/xgcc version 4.0.0 20050210 (experimental)
=== libstdc++ tests ===
Running target unix
FAIL: 21_strings/basic_string/insert/char/2.cc (test for excess errors)
WARNING: 21_strings/basic_string/insert/char/2.cc compilation failed to produce executable
XPASS: 22_locale/locale/cons/12658_thread-1.cc execution test
Compiler version: 4.0.0 20050210 (experimental)
Platform: i686-pc-linux-gnu
configure flags: --prefix=/opt/toolchain/tco-20051108 --program-suffix=-3.4 --with-system-zlib --enable-nls --without-included-gettext --enable-languages=c,c++
Counting all warnings,
there are 0 warnings in stage3 of this bootstrap.
Number of warnings per file:
Number of warning types:
More information about the Gcc-testresults
mailing list