Results for 4.1.0-gomp-20050608-branch 20051031 (experimental) (merged 20051031) testsuite on powerpc64-unknown-linux-gnu
Diego Novillo
dnovillo@redhat.com
Mon Nov 7 20:29:00 GMT 2005
LAST_UPDATED:
Native configuration is powerpc64-unknown-linux-gnu
=== g++ tests ===
Running target unix
FAIL: g++.old-deja/g++.other/init5.C execution test
=== g++ Summary ===
# of expected passes 11807
# of unexpected failures 1
# of expected failures 67
# of unsupported tests 91
/notnfs/dnovillo/sbox/gomp/bld.torreja/gcc/testsuite/../g++ version 4.1.0-gomp-20050608-branch 20051031 (experimental) (merged 20051031)
=== gcc tests ===
Running target unix
FAIL: gcc.c-torture/compile/pr20928.c -O1 (test for excess errors)
FAIL: gcc.c-torture/compile/pr20928.c -Os (test for excess errors)
FAIL: gcc.dg/ipa/ipa-1.c (test for excess errors)
FAIL: gcc.dg/ipa/ipa-2.c (test for excess errors)
FAIL: gcc.dg/ipa/ipa-3.c (test for excess errors)
FAIL: gcc.dg/ipa/ipa-4.c (test for excess errors)
FAIL: gcc.dg/ipa/ipa-5.c (test for excess errors)
XPASS: gcc.dg/tree-ssa/sra-2.c scan-tree-dump-times link_error 0
=== gcc Summary ===
# of expected passes 38634
# of unexpected failures 7
# of unexpected successes 1
# of expected failures 95
# of untested testcases 28
# of unsupported tests 474
/notnfs/dnovillo/sbox/gomp/bld.torreja/gcc/xgcc version 4.1.0-gomp-20050608-branch 20051031 (experimental) (merged 20051031)
=== gfortran tests ===
Running target unix
=== gfortran Summary ===
# of expected passes 10429
# of expected failures 18
# of unsupported tests 34
/notnfs/dnovillo/sbox/gomp/bld.torreja/gcc/testsuite/../gfortran version 4.1.0-gomp-20050608-branch 20051031 (experimental) (merged 20051031)
=== libgomp tests ===
Running target unix
FAIL: libgomp.fortran/reduction6.f90 -O0 (test for excess errors)
WARNING: libgomp.fortran/reduction6.f90 -O0 compilation failed to produce executable
FAIL: libgomp.fortran/reduction6.f90 -O1 (test for excess errors)
WARNING: libgomp.fortran/reduction6.f90 -O1 compilation failed to produce executable
FAIL: libgomp.fortran/reduction6.f90 -O2 (test for excess errors)
WARNING: libgomp.fortran/reduction6.f90 -O2 compilation failed to produce executable
FAIL: libgomp.fortran/reduction6.f90 -O3 -fomit-frame-pointer (test for excess errors)
WARNING: libgomp.fortran/reduction6.f90 -O3 -fomit-frame-pointer compilation failed to produce executable
FAIL: libgomp.fortran/reduction6.f90 -O3 -fomit-frame-pointer -funroll-loops (test for excess errors)
WARNING: libgomp.fortran/reduction6.f90 -O3 -fomit-frame-pointer -funroll-loops compilation failed to produce executable
FAIL: libgomp.fortran/reduction6.f90 -O3 -fomit-frame-pointer -funroll-all-loops -finline-functions (test for excess errors)
WARNING: libgomp.fortran/reduction6.f90 -O3 -fomit-frame-pointer -funroll-all-loops -finline-functions compilation failed to produce executable
FAIL: libgomp.fortran/reduction6.f90 -O3 -g (test for excess errors)
WARNING: libgomp.fortran/reduction6.f90 -O3 -g compilation failed to produce executable
FAIL: libgomp.fortran/reduction6.f90 -Os (test for excess errors)
WARNING: libgomp.fortran/reduction6.f90 -Os compilation failed to produce executable
=== libgomp Summary ===
# of expected passes 1204
# of unexpected failures 8
=== libmudflap tests ===
Running target unix
FAIL: libmudflap.c/fail27-frag.c output pattern test
FAIL: libmudflap.c/fail27-frag.c (-static) output pattern test
FAIL: libmudflap.c/fail27-frag.c (-O2) output pattern test
FAIL: libmudflap.c/fail27-frag.c (-O3) output pattern test
=== libmudflap Summary ===
# of expected passes 1785
# of unexpected failures 4
=== libstdc++ tests ===
Running target unix
XPASS: 26_numerics/cmath/c99_classification_macros_c.cc (test for excess errors)
XPASS: 27_io/fpos/14320-1.cc execution test
XPASS: ext/array_allocator/2.cc execution test
=== libstdc++ Summary ===
# of expected passes 3982
# of unexpected successes 3
# of expected failures 14
# of unsupported tests 4
Compiler version: 4.1.0-gomp-20050608-branch 20051031 (experimental) (merged 20051031)
Platform: powerpc64-unknown-linux-gnu
configure flags: --prefix=/home/cygnus/dnovillo/perf/sbox/gomp/local.ppc64/inst.torreja --srcdir=/home/cygnus/dnovillo/perf/sbox/gomp/local.ppc64/src --enable-mpfr --with-gmp=/home/cygnus/dnovillo/ppc64 --enable-languages=c,c++,fortran
More information about the Gcc-testresults
mailing list