[Fwd: Results for 4.1.0 20051103 (experimental) testsuite on sh-unknown-elf]

Joern RENNECKE joern.rennecke@st.com
Mon Nov 7 16:15:00 GMT 2005


version 106440

-------- Original Message --------
Subject: 	Results for 4.1.0 20051103 (experimental) testsuite on 
sh-unknown-elf
Date: 	Mon, 07 Nov 2005 16:13:03 +0000
From: 	Joern Rennecke <renneckej@bristol.st.com>
To: 	joern.rennecke@st.com



LAST_UPDATED: 
Target is sh-unknown-elf
Host   is i686-pc-linux-gnu

		=== gcc tests ===


Running target sh-hms-sim
FAIL: gcc.dg/cpp/_Pragma3.c (test for excess errors)
FAIL: gcc.dg/builtin-apply4.c execution test
FAIL: gcc.dg/ipa/ipa-5.c scan-ipa-dump-times versioned function 2
FAIL: gcc.dg/ipa/ipa-5.c scan-ipa-dump-times propagating const 2

		=== gcc Summary for sh-hms-sim ===

# of expected passes		36475
# of unexpected failures	4
# of expected failures		76
# of untested testcases		28
# of unsupported tests		556

Running target sh-hms-sim/-m4/-ml
FAIL: tmpdir-gcc.dg-struct-layout-1/t004 c_compat_y_tst.o compile
UNRESOLVED: tmpdir-gcc.dg-struct-layout-1/t004 c_compat_x_tst.o-c_compat_y_tst.o link 
UNRESOLVED: tmpdir-gcc.dg-struct-layout-1/t004 c_compat_x_tst.o-c_compat_y_tst.o execute 
FAIL: tmpdir-gcc.dg-struct-layout-1/t027 c_compat_y_tst.o compile
UNRESOLVED: tmpdir-gcc.dg-struct-layout-1/t027 c_compat_x_tst.o-c_compat_y_tst.o link 
UNRESOLVED: tmpdir-gcc.dg-struct-layout-1/t027 c_compat_x_tst.o-c_compat_y_tst.o execute 
FAIL: tmpdir-gcc.dg-struct-layout-1/t028 c_compat_y_tst.o compile
UNRESOLVED: tmpdir-gcc.dg-struct-layout-1/t028 c_compat_x_tst.o-c_compat_y_tst.o link 
UNRESOLVED: tmpdir-gcc.dg-struct-layout-1/t028 c_compat_x_tst.o-c_compat_y_tst.o execute 
FAIL: gcc.dg/cpp/_Pragma3.c (test for excess errors)
FAIL: gcc.dg/ipa/ipa-5.c scan-ipa-dump-times versioned function 2
FAIL: gcc.dg/ipa/ipa-5.c scan-ipa-dump-times propagating const 2

		=== gcc Summary for sh-hms-sim/-m4/-ml ===

# of expected passes		36467
# of unexpected failures	6
# of expected failures		76
# of unresolved testcases	6
# of untested testcases		28
# of unsupported tests		556

		=== gcc Summary ===

# of expected passes		72942
# of unexpected failures	10
# of expected failures		152
# of unresolved testcases	6
# of untested testcases		56
# of unsupported tests		1112
/mnt/scratch/nightly/2005-11-03/sh-elf/gcc/xgcc  version 4.1.0 20051103 (experimental)

Host   is i686-pc-linux-gnu

		=== g++ tests ===


Running target sh-hms-sim
XPASS: g++.dg/other/packed1.C execution test
XPASS: g++.old-deja/g++.jason/thunk3.C execution test

		=== g++ Summary for sh-hms-sim ===

# of expected passes		11465
# of unexpected successes	2
# of expected failures		67
# of unsupported tests		122

Running target sh-hms-sim/-m4/-ml
XPASS: g++.dg/other/packed1.C execution test
XPASS: g++.old-deja/g++.jason/thunk3.C execution test

		=== g++ Summary for sh-hms-sim/-m4/-ml ===

# of expected passes		11465
# of unexpected successes	2
# of expected failures		67
# of unsupported tests		122

		=== g++ Summary ===

# of expected passes		22930
# of unexpected successes	4
# of expected failures		134
# of unsupported tests		244
/mnt/scratch/nightly/2005-11-03/sh-elf/gcc/testsuite/../g++  version 4.1.0 20051103 (experimental)

Host   is i686-pc-linux-gnu

		=== objc tests ===


Running target sh-hms-sim
FAIL: objc/execute/exceptions/foward-1.m execution,  -O3 -fomit-frame-pointer  -fgnu-runtime
FAIL: objc/execute/exceptions/foward-1.m execution,  -O3 -fomit-frame-pointer -funroll-loops  -fgnu-runtime
FAIL: objc/execute/exceptions/foward-1.m execution,  -O3 -fomit-frame-pointer -funroll-all-loops -finline-functions  -fgnu-runtime

		=== objc Summary for sh-hms-sim ===

# of expected passes		1669
# of unexpected failures	3
# of unsupported tests		22

Running target sh-hms-sim/-m4/-ml

		=== objc Summary for sh-hms-sim/-m4/-ml ===

# of expected passes		1672
# of unsupported tests		22

		=== objc Summary ===

# of expected passes		3341
# of unexpected failures	3
# of unsupported tests		44
/mnt/scratch/nightly/2005-11-03/sh-elf/gcc/xgcc  version 4.1.0 20051103 (experimental)

Host   is sh-unknown-elf

		=== libstdc++ tests ===


Running target sh-hms-sim

		=== libstdc++ Summary for sh-hms-sim ===

# of expected passes		1434
# of expected failures		5
# of unsupported tests		18

Running target sh-hms-sim/-m4/-ml

		=== libstdc++ Summary for sh-hms-sim/-m4/-ml ===

# of expected passes		1434
# of expected failures		5
# of unsupported tests		18

		=== libstdc++ Summary ===

# of expected passes		2868
# of expected failures		10
# of unsupported tests		36

Compiler version: 4.1.0 20051103 (experimental) 
Platform: sh-unknown-elf
configure flags: --target=sh-elf --with-headers --with-newlib --enable-languages=c,c++,java,objc



More information about the Gcc-testresults mailing list