[Fwd: Results for 4.1.0 20051103 (experimental) testsuite on i686-pc-linux-gnu]
Joern RENNECKE
joern.rennecke@st.com
Mon Nov 7 16:12:00 GMT 2005
version 106440
-------- Original Message --------
Subject: Results for 4.1.0 20051103 (experimental) testsuite on
i686-pc-linux-gnu
Date: Mon, 07 Nov 2005 16:09:40 +0000
From: Joern Rennecke <renneckej@bristol.st.com>
To: joern.rennecke@st.com
LAST_UPDATED:
Native configuration is i686-pc-linux-gnu
=== gcc tests ===
Running target unix
FAIL: gcc.dg/cpp/_Pragma3.c (test for excess errors)
FAIL: gcc.dg/ipa/ipa-5.c scan-ipa-dump-times versioned function 2
FAIL: gcc.dg/ipa/ipa-5.c scan-ipa-dump-times propagating const 2
=== gcc Summary ===
# of expected passes 37673
# of unexpected failures 3
# of expected failures 96
# of untested testcases 28
# of unsupported tests 344
/mnt/scratch/nightly/2005-11-03/i686/gcc/xgcc version 4.1.0 20051103 (experimental)
=== g++ tests ===
Running target unix
FAIL: g++.dg/other/i386-1.C execution test
=== g++ Summary ===
# of expected passes 11585
# of unexpected failures 1
# of expected failures 67
# of unsupported tests 63
/mnt/scratch/nightly/2005-11-03/i686/gcc/testsuite/../g++ version 4.1.0 20051103 (experimental)
=== objc tests ===
Running target unix
=== objc Summary ===
# of expected passes 1672
# of unsupported tests 22
/mnt/scratch/nightly/2005-11-03/i686/gcc/xgcc version 4.1.0 20051103 (experimental)
=== libjava tests ===
Running target unix
=== libjava Summary ===
# of expected passes 3986
# of expected failures 10
# of untested testcases 8
=== libstdc++ tests ===
Running target unix
XPASS: 26_numerics/cmath/c99_classification_macros_c.cc (test for excess errors)
=== libstdc++ Summary ===
# of expected passes 1570
# of unexpected successes 1
# of expected failures 6
# of unsupported tests 4
Compiler version: 4.1.0 20051103 (experimental)
Platform: i686-pc-linux-gnu
configure flags: --with-arch=i686 --enable-languages=c,c++,java,objc
More information about the Gcc-testresults
mailing list