Results for 4.0.3 20051105 (prerelease) testsuite on hppa64-hp-hpux11.11
CodeSourcery Automatic Testing System
gcc@codesourcery.com
Sat Nov 5 21:06:00 GMT 2005
LAST_UPDATED: Sat Nov 5 08:08:21 UTC 2005 (revision 106520)
Native configuration is hppa64-hp-hpux11.11
=== g++ tests ===
Running target unix
=== g++ Summary ===
# of expected passes 10719
# of expected failures 69
# of unsupported tests 108
/scratch/gcc/nightly-2005-11-05-4.0/hppa64-hp-hpux11.11/build_gcc/install/bin/c++ version 4.0.3 20051105 (prerelease)
=== gcc tests ===
Running target unix
FAIL: gcc.dg/20020425-1.c (test for excess errors)
FAIL: gcc.dg/20050922-1.c (test for excess errors)
WARNING: gcc.dg/20050922-1.c compilation failed to produce executable
XPASS: gcc.dg/funcorder.c scan-assembler-not link_error,%r
FAIL: gcc.dg/torture/asm-subreg-1.c -O1 (test for excess errors)
FAIL: gcc.dg/torture/asm-subreg-1.c -O2 (test for excess errors)
FAIL: gcc.dg/torture/asm-subreg-1.c -O3 -fomit-frame-pointer (test for excess errors)
FAIL: gcc.dg/torture/asm-subreg-1.c -O3 -g (test for excess errors)
FAIL: gcc.dg/torture/asm-subreg-1.c -Os (test for excess errors)
=== gcc Summary ===
# of expected passes 33862
# of unexpected failures 7
# of unexpected successes 1
# of expected failures 71
# of untested testcases 28
# of unsupported tests 528
/scratch/gcc/nightly-2005-11-05-4.0/hppa64-hp-hpux11.11/build_gcc/install/bin/gcc version 4.0.3 20051105 (prerelease)
=== libstdc++ tests ===
Running target unix
FAIL: 26_numerics/cmath/c99_classification_macros_c.cc (test for excess errors)
FAIL: ext/array_allocator/2.cc execution test
=== libstdc++ Summary ===
# of expected passes 3654
# of unexpected failures 2
# of expected failures 12
# of unsupported tests 19
Compiler version: 4.0.3 20051105 (prerelease)
Platform: hppa64-hp-hpux11.11
configure flags: --disable-nls --build=hppa64-hp-hpux11.11 --host=hppa64-hp-hpux11.11 --target=hppa64-hp-hpux11.11 --enable-shared --enable-threads --disable-libmudflap --disable-libssp --disable-libstdcxx-pch --with-gnu-as --with-as=/scratch/gcc/nightly-2005-11-05-4.0/hppa64-hp-hpux11.11/build_gcc/install/bin/as --without-gnu-ld --with-ld=/usr/ccs/bin/ld --prefix=/scratch/gcc/nightly-2005-11-05-4.0/hppa64-hp-hpux11.11/build_gcc/install --enable-languages=c,c++
More information about the Gcc-testresults
mailing list