Results for 4.0.3 20050928 (prerelease) testsuite on powerpc-apple-darwin8.2.0
Rainer Orth
ro@TechFak.Uni-Bielefeld.DE
Fri Nov 4 18:06:00 GMT 2005
LAST_UPDATED: Thu Sep 29 16:04:09 UTC 2005
=== acats tests ===
FAIL: c954a01
FAIL: cxaca01
=== acats Summary ===
# of expected passes 2318
# of unexpected failures 2
Native configuration is powerpc-apple-darwin8.2.0
=== g++ tests ===
Running target unix
FAIL: g++.dg/warn/huge-val1.C (test for excess errors)
FAIL: g++.dg/warn/weak1.C (test for excess errors)
WARNING: g++.dg/warn/weak1.C compilation failed to produce executable
FAIL: g++.dg/pch/pch.C (test for excess errors)
FAIL: g++.dg/pch/pch.C (test for excess errors)
FAIL: g++.dg/pch/pch.C (test for excess errors)
FAIL: g++.dg/special/conpr-3.C execution test
XPASS: g++.old-deja/g++.eh/badalloc1.C execution test
=== g++ Summary ===
# of expected passes 11016
# of unexpected failures 6
# of unexpected successes 1
# of expected failures 69
# of untested testcases 3
# of unsupported tests 97
/amnt/figaro/volumes/obj-gcc/gcc/obj.macos/gcc-4.0.3-20050928/8.2.0-gcc/gcc/testsuite/../g++ version 4.0.3 20050928 (prerelease)
=== gcc tests ===
Running target unix
FAIL: gcc.c-torture/execute/20050713-1.c execution, -Os
FAIL: tmpdir-gcc.dg-struct-layout-1/t001 c_compat_x_tst.o-c_compat_y_tst.o execute
FAIL: tmpdir-gcc.dg-struct-layout-1/t025 c_compat_x_tst.o-c_compat_y_tst.o execute
FAIL: tmpdir-gcc.dg-struct-layout-1/t026 c_compat_x_tst.o-c_compat_y_tst.o execute
FAIL: tmpdir-gcc.dg-struct-layout-1/t027 c_compat_x_tst.o-c_compat_y_tst.o execute
FAIL: tmpdir-gcc.dg-struct-layout-1/t028 c_compat_x_tst.o-c_compat_y_tst.o execute
FAIL: gcc.dg/rs6000-power2-2.c scan-assembler-not lfd
FAIL: gcc.dg/rs6000-power2-2.c scan-assembler lfq
FAIL: gcc.dg/rs6000-power2-2.c scan-assembler stfq
FAIL: gcc.dg/pch/save-temps-1.c (test for excess errors)
FAIL: gcc.dg/pch/save-temps-1.c (test for excess errors)
FAIL: gcc.dg/pch/save-temps-1.c (test for excess errors)
FAIL: gcc.dg/pch/save-temps-1.c (test for excess errors)
FAIL: gcc.dg/pch/save-temps-1.c (test for excess errors)
FAIL: gcc.dg/pch/save-temps-1.c (test for excess errors)
FAIL: gcc.dg/pch/save-temps-1.c (test for excess errors)
=== gcc Summary ===
# of expected passes 35376
# of unexpected failures 16
# of expected failures 93
# of untested testcases 35
# of unsupported tests 478
/amnt/figaro/volumes/obj-gcc/gcc/obj.macos/gcc-4.0.3-20050928/8.2.0-gcc/gcc/xgcc version 4.0.3 20050928 (prerelease)
=== gfortran tests ===
Running target unix
=== gfortran Summary ===
# of expected passes 8188
# of expected failures 1
# of unsupported tests 17
/amnt/figaro/volumes/obj-gcc/gcc/obj.macos/gcc-4.0.3-20050928/8.2.0-gcc/gcc/testsuite/../gfortran version 4.0.3 20050928 (prerelease)
=== objc tests ===
Running target unix
FAIL: objc.dg/selector-2.m (test for excess errors)
FAIL: objc.dg/type-stream-1.m (test for excess errors)
WARNING: objc.dg/type-stream-1.m compilation failed to produce executable
=== objc Summary ===
# of expected passes 1556
# of unexpected failures 2
# of unsupported tests 1
/amnt/figaro/volumes/obj-gcc/gcc/obj.macos/gcc-4.0.3-20050928/8.2.0-gcc/gcc/xgcc version 4.0.3 20050928 (prerelease)
=== libffi tests ===
Running target unix
=== libffi Summary ===
# of expected passes 219
# of unsupported tests 2
=== libjava tests ===
Running target unix
FAIL: PR16923.c compilation
FAIL: Array_3 -O3 execution - bytecode->native test
=== libjava Summary ===
# of expected passes 3810
# of unexpected failures 2
# of expected failures 14
# of untested testcases 17
=== libstdc++ tests ===
Running target unix
FAIL: 23_containers/vector/resize/1.cc execution test
FAIL: 26_numerics/cmath/c99_classification_macros_c.cc (test for excess errors)
FAIL: 26_numerics/complex/13450.cc execution test
FAIL: 27_io/ios_base/storage/2.cc execution test
=== libstdc++ Summary ===
# of expected passes 3665
# of unexpected failures 4
# of expected failures 12
Compiler version: 4.0.3 20050928 (prerelease)
Platform: powerpc-apple-darwin8.2.0
configure flags: --prefix=/vol/gcc --with-local-prefix=/vol/gcc --disable-nls --with-gmp-dir=/vol/gnu/obj/gmp-4.1.3 --with-mpfr-dir=/vol/gnu/obj/gmp-4.1.3/mpfr --enable-languages=c,ada,c++,f95,java,objc
BOOT_CFLAGS=-g -O2 -mdynamic-no-pic
More information about the Gcc-testresults
mailing list