Results for 3.4.5 20051026 (prerelease) testsuite on i686-pc-linux-gnu
Al Stone
ahs3@fc.hp.com
Fri Nov 4 17:00:00 GMT 2005
LAST_UPDATED:
Native configuration is i686-pc-linux-gnu
=== g++ tests ===
Running target unix
=== g++ Summary ===
=== gcc tests ===
Running target unix
FAIL: gcc.c-torture/execute/va-arg-25.c execution, -Os
FAIL: gcc.dg/cleanup-8.c execution test
FAIL: gcc.dg/cleanup-9.c execution test
ERROR: tcl error sourcing /home/builder/nightly-build/build/src/upstream/gcc-3.4/gcc/testsuite/gcc.dg/pch/pch.exp.
ERROR: error copying "/home/builder/nightly-build/build/src/upstream/gcc-3.4/gcc/testsuite/gcc.dg/pch/common-1.hs": no such file or directory
ERROR: /home/builder/nightly-build/build/src/upstream/gcc-3.4/gcc/testsuite/gcc.dg/special/mips-abi.exp does not exist.
ERROR: /home/builder/nightly-build/build/src/upstream/gcc-3.4/gcc/testsuite/gcc.dg/special/special.exp does not exist.
ERROR: /home/builder/nightly-build/build/src/upstream/gcc-3.4/gcc/testsuite/gcc.dg/torture/dg-torture.exp does not exist.
ERROR: /home/builder/nightly-build/build/src/upstream/gcc-3.4/gcc/testsuite/gcc.dg/weak/weak.exp does not exist.
=== gcc Summary ===
# of expected passes 24272
# of unexpected failures 3
# of expected failures 69
# of unsupported tests 180
/home/builder/nightly-build/build/i686/obj/upstream/gcc-3.4/gcc/xgcc version 3.4.5 20051026 (prerelease)
Compiler version: 3.4.5 20051026 (prerelease)
Platform: i686-pc-linux-gnu
configure flags: --prefix=/opt/toolchain/tot-20051103 --program-suffix=-3.4 --enable-languages=c,c++ --with-system-zlib --enable-nls --without-included-gettext
Counting all warnings,
there are 0 warnings in stage3 of this bootstrap.
Number of warnings per file:
Number of warning types:
More information about the Gcc-testresults
mailing list