Results for 4.1.0-dfp-branch 20051031 (merged 20051013) testsuite on powerpc64-unknown-linux-gnu
Janis Johnson
janis187@us.ibm.com
Wed Nov 2 15:19:00 GMT 2005
Linux 2.4.21-17.EL ppc64
GNU C Library stable release version 2.3.2
GNU ld version 2.16
GNU assembler 2.16
GNU Make version 3.79.1
DejaGnu:
Expect version is 5.40.0
Tcl version is 8.4
Framework version is 1.4.4
32-bit biarch default32
CVS branch: dfp-branch
This hardware does not support VMX instructions.
LAST_UPDATED:
Native configuration is powerpc64-unknown-linux-gnu
=== g++ tests ===
Running target unix/-m32
=== g++ Summary for unix/-m32 ===
# of expected passes 11480
# of expected failures 66
# of unsupported tests 86
Running target unix/-m64
=== g++ Summary for unix/-m64 ===
# of expected passes 11442
# of expected failures 66
# of unsupported tests 89
=== g++ Summary ===
# of expected passes 22922
# of expected failures 132
# of unsupported tests 175
/home/gccbuild/build/nightly/build-gcc-dfp/gcc/testsuite/../g++ version 4.1.0-dfp-branch 20051031 (merged 20051013)
=== gcc tests ===
Running target unix/-m32
FAIL: tmpdir-gcc.dg-struct-layout-1/t192 c_compat_x_tst.o compile
FAIL: tmpdir-gcc.dg-struct-layout-1/t192 c_compat_y_tst.o compile
UNRESOLVED: tmpdir-gcc.dg-struct-layout-1/t192 c_compat_x_tst.o-c_compat_y_tst.o link
UNRESOLVED: tmpdir-gcc.dg-struct-layout-1/t192 c_compat_x_tst.o-c_compat_y_tst.o execute
=== gcc Summary for unix/-m32 ===
# of expected passes 39373
# of unexpected failures 2
# of expected failures 94
# of unresolved testcases 2
# of untested testcases 28
# of unsupported tests 478
Running target unix/-m64
FAIL: tmpdir-gcc.dg-struct-layout-1/t192 c_compat_x_tst.o compile
FAIL: tmpdir-gcc.dg-struct-layout-1/t192 c_compat_y_tst.o compile
UNRESOLVED: tmpdir-gcc.dg-struct-layout-1/t192 c_compat_x_tst.o-c_compat_y_tst.o link
UNRESOLVED: tmpdir-gcc.dg-struct-layout-1/t192 c_compat_x_tst.o-c_compat_y_tst.o execute
FAIL: gcc.dg/rs6000-fpint.c scan-assembler-not stfiwx
XPASS: gcc.dg/tree-ssa/sra-2.c scan-tree-dump-times link_error 0
=== gcc Summary for unix/-m64 ===
# of expected passes 39381
# of unexpected failures 3
# of unexpected successes 1
# of expected failures 95
# of unresolved testcases 2
# of untested testcases 28
# of unsupported tests 475
=== gcc Summary ===
# of expected passes 78754
# of unexpected failures 5
# of unexpected successes 1
# of expected failures 189
# of unresolved testcases 4
# of untested testcases 56
# of unsupported tests 953
/home/gccbuild/build/nightly/build-gcc-dfp/gcc/xgcc version 4.1.0-dfp-branch 20051031 (merged 20051013)
=== objc tests ===
Running target unix/-m32
=== objc Summary for unix/-m32 ===
# of expected passes 1672
# of unsupported tests 22
Running target unix/-m64
FAIL: objc/execute/exceptions/foward-1.m execution, -O3 -fomit-frame-pointer -funroll-loops
FAIL: objc/execute/exceptions/foward-1.m execution, -O3 -fomit-frame-pointer -funroll-all-loops -finline-functions
=== objc Summary for unix/-m64 ===
# of expected passes 1670
# of unexpected failures 2
# of unsupported tests 22
=== objc Summary ===
# of expected passes 3342
# of unexpected failures 2
# of unsupported tests 44
/home/gccbuild/build/nightly/build-gcc-dfp/gcc/xgcc version 4.1.0-dfp-branch 20051031 (merged 20051013)
=== libmudflap tests ===
Running target unix/-m32
=== libmudflap Summary for unix/-m32 ===
# of expected passes 1789
Running target unix/-m64
FAIL: libmudflap.c/fail27-frag.c output pattern test
FAIL: libmudflap.c/fail27-frag.c (-O2) output pattern test
FAIL: libmudflap.c/fail27-frag.c (-O3) output pattern test
=== libmudflap Summary for unix/-m64 ===
# of expected passes 1786
# of unexpected failures 3
=== libmudflap Summary ===
# of expected passes 3575
# of unexpected failures 3
=== libstdc++ tests ===
Running target unix/-m32
FAIL: abi_check
XPASS: 26_numerics/cmath/c99_classification_macros_c.cc (test for excess errors)
XPASS: ext/array_allocator/2.cc execution test
=== libstdc++ Summary for unix/-m32 ===
# of expected passes 3988
# of unexpected failures 1
# of unexpected successes 2
# of expected failures 15
Running target unix/-m64
FAIL: abi_check
FAIL: 22_locale/messages/members/char/1.cc execution test
FAIL: 22_locale/messages/members/char/2.cc execution test
FAIL: 22_locale/messages/members/char/wrapped_env.cc execution test
FAIL: 22_locale/messages/members/char/wrapped_locale.cc execution test
FAIL: 22_locale/messages_byname/named_equivalence.cc execution test
XPASS: 26_numerics/cmath/c99_classification_macros_c.cc (test for excess errors)
XPASS: 27_io/fpos/14320-1.cc execution test
XPASS: ext/array_allocator/2.cc execution test
=== libstdc++ Summary for unix/-m64 ===
# of expected passes 3980
# of unexpected failures 6
# of unexpected successes 3
# of expected failures 17
=== libstdc++ Summary ===
# of expected passes 7968
# of unexpected failures 7
# of unexpected successes 5
# of expected failures 32
Compiler version: 4.1.0-dfp-branch 20051031 (merged 20051013)
Platform: powerpc64-unknown-linux-gnu
configure flags: --prefix=/opt/gcc-nightly/dfp-20051102 --build=powerpc64-linux --host=powerpc64-linux --target=powerpc64-linux --with-cpu=default32 --with-as=/opt/gcc-nightly/dfp-20051102/bin/as --with-ld=/opt/gcc-nightly/dfp-20051102/bin/ld --enable-threads=posix --enable-shared --enable-__cxa_atexit --enable-checking --with-mpfr=/opt/gcc-nightly/dfp-20051102 --enable-languages=c,c++,objc
More information about the Gcc-testresults
mailing list