Results for 4.1.0 20051101 (experimental) testsuite on powerpc64-unknown-linux-gnu
Diego Novillo
dnovillo@redhat.com
Tue Nov 1 13:54:00 GMT 2005
LAST_UPDATED:
Native configuration is powerpc64-unknown-linux-gnu
=== g++ tests ===
Running target unix
FAIL: g++.old-deja/g++.other/init5.C execution test
=== g++ Summary ===
# of expected passes 11527
# of unexpected failures 1
# of expected failures 66
# of unsupported tests 91
/notnfs/dnovillo/sbox/gcc/bld.torreja/gcc/testsuite/../g++ version 4.1.0 20051101 (experimental)
=== gcc tests ===
Running target unix
FAIL: gcc.c-torture/compile/pr20928.c -O1 (test for excess errors)
FAIL: gcc.c-torture/compile/pr20928.c -Os (test for excess errors)
XPASS: gcc.dg/tree-ssa/sra-2.c scan-tree-dump-times link_error 0
=== gcc Summary ===
# of expected passes 38355
# of unexpected failures 2
# of unexpected successes 1
# of expected failures 95
# of untested testcases 28
# of unsupported tests 474
/notnfs/dnovillo/sbox/gcc/bld.torreja/gcc/xgcc version 4.1.0 20051101 (experimental)
=== gfortran tests ===
Running target unix
=== gfortran Summary ===
# of expected passes 10253
# of expected failures 18
# of unsupported tests 34
/notnfs/dnovillo/sbox/gcc/bld.torreja/gcc/testsuite/../gfortran version 4.1.0 20051101 (experimental)
=== objc tests ===
Running target unix
FAIL: objc/execute/exceptions/foward-1.m execution, -O3 -fomit-frame-pointer -funroll-loops -fgnu-runtime
FAIL: objc/execute/exceptions/foward-1.m execution, -O3 -fomit-frame-pointer -funroll-all-loops -finline-functions -fgnu-runtime
=== objc Summary ===
# of expected passes 1670
# of unexpected failures 2
# of unsupported tests 22
/notnfs/dnovillo/sbox/gcc/bld.torreja/gcc/xgcc version 4.1.0 20051101 (experimental)
=== libffi tests ===
Running target unix
=== libffi Summary ===
# of expected passes 228
# of unsupported tests 2
=== libjava tests ===
Running target unix
FAIL: Array_3 -O3 execution - bytecode->native test
FAIL: ExtraClassLoader execution - gij test
FAIL: ExtraClassLoader execution - gij test
FAIL: LargeFile execution - source compiled test
FAIL: LargeFile execution - gij test
FAIL: LargeFile execution - bytecode->native test
FAIL: LargeFile -O3 execution - source compiled test
FAIL: LargeFile execution - gij test
FAIL: LargeFile -O3 execution - bytecode->native test
=== libjava Summary ===
# of expected passes 3968
# of unexpected failures 9
# of expected failures 10
# of untested testcases 17
=== libmudflap tests ===
Running target unix
FAIL: libmudflap.c/fail27-frag.c output pattern test
FAIL: libmudflap.c/fail27-frag.c (-static) output pattern test
FAIL: libmudflap.c/fail27-frag.c (-O2) output pattern test
FAIL: libmudflap.c/fail27-frag.c (-O3) output pattern test
=== libmudflap Summary ===
# of expected passes 1785
# of unexpected failures 4
=== libstdc++ tests ===
Running target unix
XPASS: 26_numerics/cmath/c99_classification_macros_c.cc (test for excess errors)
XPASS: 27_io/fpos/14320-1.cc execution test
XPASS: ext/array_allocator/2.cc execution test
=== libstdc++ Summary ===
# of expected passes 3982
# of unexpected successes 3
# of expected failures 14
# of unsupported tests 4
Compiler version: 4.1.0 20051101 (experimental)
Platform: powerpc64-unknown-linux-gnu
configure flags: --prefix=/home/cygnus/dnovillo/perf/sbox/gcc/local.ppc64/inst.torreja --srcdir=/home/cygnus/dnovillo/perf/sbox/gcc/local.ppc64/src --enable-mpfr --with-gmp=/home/cygnus/dnovillo/ppc64 --disable-checking --enable-languages=c,c++,fortran,java,objc
More information about the Gcc-testresults
mailing list