Results for 4.1.0 20051031 (experimental) testsuite on x86_64-unknown-linux-gnu

Toon Moene toon@moene.indiv.nluug.nl
Tue Nov 1 06:13:00 GMT 2005


LAST_UPDATED: Mon Oct 31 21:00:21 UTC 2005

		=== acats tests ===
FAIL:	c34007p
FAIL:	c34007r
FAIL:	c45282b
FAIL:	c52103x
FAIL:	c52104x
FAIL:	c52104y
FAIL:	c64106d
FAIL:	ca11c01
FAIL:	cdd2a01
FAIL:	cdd2a02

		=== acats Summary ===
# of expected passes		2309
# of unexpected failures	10
Native configuration is x86_64-unknown-linux-gnu

		=== gcc tests ===


Running target unix
FAIL: tmpdir-gcc.dg-struct-layout-1/t026 c_compat_x_tst.o-c_compat_y_tst.o execute 
FAIL: gcc.dg/ipa/ipa-5.c scan-ipa-dump-times versioned function 2
FAIL: gcc.dg/ipa/ipa-5.c scan-ipa-dump-times propagating const 2
FAIL: gcc.dg/tree-ssa/loop-3.c scan-tree-dump-times step: 1

		=== gcc Summary ===

# of expected passes		37477
# of unexpected failures	4
# of expected failures		95
# of untested testcases		28
# of unsupported tests		459
/home/toon/compilers/obj-t/gcc/xgcc  version 4.1.0 20051031 (experimental)

		=== gfortran tests ===


Running target unix

		=== gfortran Summary ===

# of expected passes		10271
# of expected failures		18
# of unsupported tests		16
/home/toon/compilers/obj-t/gcc/testsuite/../gfortran  version 4.1.0 20051031 (experimental)

		=== g++ tests ===


Running target unix

		=== g++ Summary ===

# of expected passes		11457
# of expected failures		67
# of unsupported tests		94
/home/toon/compilers/obj-t/gcc/testsuite/../g++  version 4.1.0 20051031 (experimental)

		=== objc tests ===


Running target unix

		=== objc Summary ===

# of expected passes		1672
# of unsupported tests		22
/home/toon/compilers/obj-t/gcc/xgcc  version 4.1.0 20051031 (experimental)

		=== libffi tests ===


Running target unix

		=== libffi Summary ===

# of expected passes		228
# of unsupported tests		2
		=== libjava tests ===


Running target unix

		=== libjava Summary ===

# of expected passes		3986
# of expected failures		10
# of untested testcases		8
		=== libmudflap tests ===


Running target unix

		=== libmudflap Summary ===

# of expected passes		1789
		=== libstdc++ tests ===


Running target unix
FAIL: abi_check
XPASS: 26_numerics/cmath/c99_classification_macros_c.cc (test for excess errors)
XPASS: 27_io/fpos/14320-1.cc execution test

		=== libstdc++ Summary ===

# of expected passes		3352
# of unexpected failures	1
# of unexpected successes	2
# of expected failures		14
# of unsupported tests		319

Compiler version: 4.1.0 20051031 (experimental) 
Platform: x86_64-unknown-linux-gnu
configure flags: --disable-nls --disable-multilib --prefix=/usr/snp --enable-languages=c,ada,c++,fortran,java,objc



More information about the Gcc-testresults mailing list