Results for 4.0.1 20050530 (prerelease) testsuite on hppa2.0w-hp-hpux11.11
CodeSourcery Automatic Testing System
gcc@codesourcery.com
Tue May 31 00:49:00 GMT 2005
LAST_UPDATED: Mon May 30 09:07:20 UTC 2005
Native configuration is hppa2.0w-hp-hpux11.11
=== g++ tests ===
Running target unix
=== g++ Summary ===
# of expected passes 10601
# of expected failures 70
# of unsupported tests 128
/scratch/gcc/nightly-2005-05-30-4.0/hppa2.0w-hp-hpux11.11/build_gcc/install/bin/c++ version 4.0.1 20050530 (prerelease)
=== gcc tests ===
Running target unix
XPASS: gcc.dg/const-elim-1.c scan-assembler-not L\\\\\$?C[^A-Z]
FAIL: gcc.dg/special/weak-1.c execution test
=== gcc Summary ===
# of expected passes 33439
# of unexpected failures 1
# of unexpected successes 1
# of expected failures 76
# of untested testcases 28
# of unsupported tests 566
/scratch/gcc/nightly-2005-05-30-4.0/hppa2.0w-hp-hpux11.11/build_gcc/install/bin/gcc version 4.0.1 20050530 (prerelease)
=== libstdc++ tests ===
Running target unix
=== libstdc++ Summary ===
# of expected passes 3604
# of expected failures 12
# of unsupported tests 19
Compiler version: 4.0.1 20050530 (prerelease)
Platform: hppa2.0w-hp-hpux11.11
configure flags: --disable-nls --build=hppa2.0w-hp-hpux11.11 --host=hppa2.0w-hp-hpux11.11 --target=hppa2.0w-hp-hpux11.11 --enable-threads=posix --disable-libmudflap --with-gnu-as --with-as=/scratch/gcc/nightly-2005-05-30-4.0/hppa2.0w-hp-hpux11.11/build_gcc/install/bin/as --without-gnu-ld --with-ld=/usr/ccs/bin/ld --prefix=/scratch/gcc/nightly-2005-05-30-4.0/hppa2.0w-hp-hpux11.11/build_gcc/install --enable-languages=c,c++
More information about the Gcc-testresults
mailing list