Results for 4.1.0 20050526 (experimental) testsuite on i686-pc-linux-gnu
Andris Pavenis
pavenis@latnet.lv
Thu May 26 18:43:00 GMT 2005
Last updated from CVS: 2005 May 26 18:39 +0300
LAST_UPDATED: Thu May 26 15:39:43 UTC 2005
Native configuration is i686-pc-linux-gnu
=== g++ tests ===
Running target unix
FAIL: g++.dg/tree-ssa/pr14814.C scan-tree-dump-times &this 0
=== g++ Summary ===
# of expected passes 11055
# of unexpected failures 1
# of expected failures 66
# of unsupported tests 61
/mnt/hd/hda8/cvs/gcc/4.1/build/build.lnx/gcc/testsuite/../g++ version 4.1.0 20050526 (experimental)
=== gcc tests ===
Running target unix
WARNING: program timed out.
FAIL: gcc.c-torture/compile/20001226-1.c -O0 (test for excess errors)
FAIL: gcc.dg/vect/pr18400.c (test for excess errors)
WARNING: gcc.dg/vect/pr18400.c compilation failed to produce executable
FAIL: gcc.dg/vect/vect-11a.c (test for excess errors)
WARNING: gcc.dg/vect/vect-11a.c compilation failed to produce executable
FAIL: gcc.dg/vect/vect-11a.c scan-tree-dump-times vectorized 1 loops 2
FAIL: gcc.dg/vect/vect-2.c (test for excess errors)
WARNING: gcc.dg/vect/vect-2.c compilation failed to produce executable
XPASS: gcc.dg/vect/vect-22.c scan-tree-dump-times vectorized 3 loops 1
FAIL: gcc.dg/vect/vect-34.c (test for excess errors)
WARNING: gcc.dg/vect/vect-34.c compilation failed to produce executable
FAIL: gcc.dg/vect/vect-66.c (test for excess errors)
WARNING: gcc.dg/vect/vect-66.c compilation failed to produce executable
XPASS: gcc.dg/vect/vect-67.c scan-tree-dump-times vectorized 1 loops 1
FAIL: gcc.dg/vect/vect-93.c (test for excess errors)
WARNING: gcc.dg/vect/vect-93.c compilation failed to produce executable
FAIL: gcc.dg/vect/vect-all.c (test for excess errors)
WARNING: gcc.dg/vect/vect-all.c compilation failed to produce executable
=== gcc Summary ===
# of expected passes 35517
# of unexpected failures 9
# of unexpected successes 2
# of expected failures 102
# of untested testcases 28
# of unsupported tests 327
/mnt/hd/hda8/cvs/gcc/4.1/build/build.lnx/gcc/xgcc version 4.1.0 20050526 (experimental)
=== gfortran tests ===
Running target unix
XPASS: gfortran.dg/ret_pointer_1.f90 -O0 execution test
XPASS: gfortran.dg/ret_pointer_1.f90 -O1 execution test
XPASS: gfortran.dg/ret_pointer_1.f90 -O2 execution test
XPASS: gfortran.dg/ret_pointer_1.f90 -O3 -fomit-frame-pointer execution test
XPASS: gfortran.dg/ret_pointer_1.f90 -O3 -fomit-frame-pointer -funroll-loops execution test
XPASS: gfortran.dg/ret_pointer_1.f90 -O3 -fomit-frame-pointer -funroll-all-loops -finline-functions execution test
XPASS: gfortran.dg/ret_pointer_1.f90 -O3 -g execution test
XPASS: gfortran.dg/ret_pointer_1.f90 -Os execution test
FAIL: gfortran.dg/vect/vect-5.f90 -O (test for excess errors)
WARNING: gfortran.dg/vect/vect-5.f90 -O compilation failed to produce executable
=== gfortran Summary ===
# of expected passes 6896
# of unexpected failures 1
# of unexpected successes 8
# of expected failures 24
/mnt/hd/hda8/cvs/gcc/4.1/build/build.lnx/gcc/testsuite/../gfortran version 4.1.0 20050526 (experimental)
=== objc tests ===
Running target unix
=== objc Summary ===
# of expected passes 1550
# of unsupported tests 13
/mnt/hd/hda8/cvs/gcc/4.1/build/build.lnx/gcc/xgcc version 4.1.0 20050526 (experimental)
=== libffi tests ===
Running target unix
=== libffi Summary ===
# of expected passes 219
# of unsupported tests 2
=== libjava tests ===
Running target unix
=== libjava Summary ===
# of expected passes 3815
# of expected failures 10
# of untested testcases 8
=== libmudflap tests ===
Running target unix
WARNING: program timed out.
FAIL: libmudflap.cth/pass40-frag.c execution test
FAIL: libmudflap.cth/pass40-frag.c output pattern test
WARNING: program timed out.
FAIL: libmudflap.cth/pass40-frag.c (-static -DSTATIC) execution test
FAIL: libmudflap.cth/pass40-frag.c (-static -DSTATIC) output pattern test
WARNING: program timed out.
FAIL: libmudflap.cth/pass40-frag.c (-O2) execution test
FAIL: libmudflap.cth/pass40-frag.c (-O2) output pattern test
WARNING: program timed out.
FAIL: libmudflap.cth/pass40-frag.c (-O3) execution test
FAIL: libmudflap.cth/pass40-frag.c (-O3) output pattern test
=== libmudflap Summary ===
# of expected passes 1323
# of unexpected failures 8
=== libstdc++ tests ===
Running target unix
XPASS: 26_numerics/cmath/c99_classification_macros_c.cc (test for excess errors)
=== libstdc++ Summary ===
# of expected passes 3134
# of unexpected successes 1
# of expected failures 12
# of unsupported tests 315
Compiler version: 4.1.0 20050526 (experimental)
Platform: i686-pc-linux-gnu
configure flags: --prefix=/disk2/test/gcc-4.1.0 --enable-shared --verbose --enable-threads=posix --enable-languages=c,c++,f95,java,objc
Counting all warnings,
there are 15 warnings in stage3 of this bootstrap.
Number of warnings per file:
4 gcc/gcc.c
3 gengtype-lex.c
3 /usr/share/bison/bison.simple
2 gcc/objc/lang-specs.h
2 gcc/config/i386/i386.md
1 gcc/java/jvspec.c
Number of warning types:
8 string length `???' is greater than the length `???' ISO C89 compilers are required to support
6 old-style function definition
1 operand 1 missing mode?
More information about the Gcc-testresults
mailing list