Results for 4.0.1 20050521 (prerelease) testsuite on s390-ibm-linux-gnu
Andreas Krebbel
krebbel1@de.ibm.com
Sun May 22 00:18:00 GMT 2005
LAST_UPDATED: Sat May 21 19:10:56 UTC 2005
=== acats tests ===
=== acats Summary ===
# of expected passes 2320
# of unexpected failures 0
Native configuration is s390-ibm-linux-gnu
=== g++ tests ===
Running target unix
XPASS: g++.old-deja/g++.other/init5.C execution test
=== g++ Summary ===
# of expected passes 10888
# of unexpected successes 1
# of expected failures 69
# of unsupported tests 91
/build/BUILD/gcc-4.0.1/obj-s390-redhat-linux/gcc/testsuite/../g++ version 4.0.1 20050521 (prerelease)
=== gcc tests ===
Running target unix
XPASS: gcc.dg/tree-ssa/20040204-1.c scan-tree-dump-times link_error 0
=== gcc Summary ===
# of expected passes 33961
# of unexpected successes 1
# of expected failures 75
# of untested testcases 28
# of unsupported tests 484
/build/BUILD/gcc-4.0.1/obj-s390-redhat-linux/gcc/xgcc version 4.0.1 20050521 (prerelease)
=== gfortran tests ===
Running target unix
FAIL: gfortran.dg/eoshift.f90 execution test
XPASS: gfortran.dg/ret_pointer_1.f90 execution test
XPASS: gfortran.dg/ret_pointer_1.f90 execution test
XPASS: gfortran.dg/ret_pointer_1.f90 execution test
XPASS: gfortran.dg/ret_pointer_1.f90 execution test
XPASS: gfortran.dg/ret_pointer_1.f90 execution test
XPASS: gfortran.dg/ret_pointer_1.f90 execution test
XPASS: gfortran.dg/ret_pointer_1.f90 execution test
XPASS: gfortran.dg/ret_pointer_1.f90 execution test
FAIL: gfortran.fortran-torture/execute/where_3.f90 execution, -O2
FAIL: gfortran.fortran-torture/execute/where_3.f90 execution, -O3 -fomit-frame-pointer
FAIL: gfortran.fortran-torture/execute/where_3.f90 execution, -O3 -fomit-frame-pointer -funroll-loops
FAIL: gfortran.fortran-torture/execute/where_3.f90 execution, -O3 -fomit-frame-pointer -funroll-all-loops -finline-functions
FAIL: gfortran.fortran-torture/execute/where_3.f90 execution, -O3 -g
=== gfortran Summary ===
# of expected passes 6245
# of unexpected failures 6
# of unexpected successes 8
# of expected failures 18
# of unsupported tests 17
/build/BUILD/gcc-4.0.1/obj-s390-redhat-linux/gcc/testsuite/../gfortran version 4.0.1 20050521 (prerelease)
=== objc tests ===
Running target unix
=== objc Summary ===
# of expected passes 1534
# of unsupported tests 10
/build/BUILD/gcc-4.0.1/obj-s390-redhat-linux/gcc/xgcc version 4.0.1 20050521 (prerelease)
=== libffi tests ===
Running target unix
=== libffi Summary ===
# of expected passes 219
# of unsupported tests 2
=== libjava tests ===
Running target unix
FAIL: Array_3 -O3 execution - bytecode->native test
=== libjava Summary ===
# of expected passes 3794
# of unexpected failures 1
# of expected failures 14
# of untested testcases 17
=== libmudflap tests ===
Running target unix
=== libmudflap Summary ===
# of expected passes 1288
=== libstdc++ tests ===
Running target unix
XPASS: 22_locale/locale/cons/12658_thread-1.cc execution test
XPASS: 26_numerics/cmath/c99_classification_macros_c.cc (test for excess errors)
=== libstdc++ Summary ===
# of expected passes 3640
# of unexpected successes 2
# of expected failures 12
Compiler version: 4.0.1 20050521 (prerelease)
Platform: s390-ibm-linux-gnu
configure flags: --prefix=/usr --mandir=/usr/share/man --infodir=/usr/share/info --enable-shared --enable-threads=posix --enable-checking=release --with-system-zlib --enable-__cxa_atexit --disable-libunwind-exceptions --host=s390-redhat-linux --enable-languages=c,ada,c++,f95,java,objc
More information about the Gcc-testresults
mailing list