Results for 4.0.1 20050509 (prerelease) (Debian 4.0.0-7) testsuite on powerpc-unknown-linux-gnu
Matthias Klose
doko@debian.org
Fri May 20 23:54:00 GMT 2005
LAST_UPDATED: Mon May 9 16:06:43 UTC 2005
=== acats tests ===
=== acats Summary ===
# of expected passes 2320
# of unexpected failures 0
Native configuration is powerpc-unknown-linux-gnu
=== gcc tests ===
Running target unix
FAIL: gcc.dg/20020103-1.c scan-assembler-not LC
FAIL: gcc.dg/vect/vect-82_64.c execution test
FAIL: gcc.dg/vect/vect-83_64.c execution test
=== gcc Summary ===
# of expected passes 35601
# of unexpected failures 3
# of expected failures 101
# of untested testcases 28
# of unsupported tests 424
/home/rleigh/gcc/gcc-4.0-4.0.0/build/gcc/xgcc version 4.0.1 20050509 (prerelease) (Debian 4.0.0-7)
=== gfortran tests ===
Running target unix
FAIL: gfortran.dg/eoshift.f90 -O0 execution test
XPASS: gfortran.dg/ret_pointer_1.f90 -O0 execution test
XPASS: gfortran.dg/ret_pointer_1.f90 -O1 execution test
XPASS: gfortran.dg/ret_pointer_1.f90 -O2 execution test
XPASS: gfortran.dg/ret_pointer_1.f90 -O3 -fomit-frame-pointer execution test
XPASS: gfortran.dg/ret_pointer_1.f90 -O3 -fomit-frame-pointer -funroll-loops execution test
XPASS: gfortran.dg/ret_pointer_1.f90 -O3 -fomit-frame-pointer -funroll-all-loops -finline-functions execution test
XPASS: gfortran.dg/ret_pointer_1.f90 -O3 -g execution test
XPASS: gfortran.dg/ret_pointer_1.f90 -Os execution test
FAIL: gfortran.fortran-torture/execute/forall_3.f90 execution, -O0
FAIL: gfortran.fortran-torture/execute/forall_3.f90 execution, -O1
FAIL: gfortran.fortran-torture/execute/forall_3.f90 execution, -O2
FAIL: gfortran.fortran-torture/execute/forall_3.f90 execution, -O3 -fomit-frame-pointer
FAIL: gfortran.fortran-torture/execute/forall_3.f90 execution, -O3 -fomit-frame-pointer -funroll-loops
FAIL: gfortran.fortran-torture/execute/forall_3.f90 execution, -O3 -fomit-frame-pointer -funroll-all-loops -finline-functions
FAIL: gfortran.fortran-torture/execute/forall_3.f90 execution, -O3 -g
FAIL: gfortran.fortran-torture/execute/forall_3.f90 execution, -Os
=== gfortran Summary ===
# of expected passes 6127
# of unexpected failures 9
# of unexpected successes 8
# of expected failures 18
# of unsupported tests 17
/home/rleigh/gcc/gcc-4.0-4.0.0/build/gcc/testsuite/../gfortran version 4.0.1 20050509 (prerelease) (Debian 4.0.0-7)
=== g++ tests ===
Running target unix
=== g++ Summary ===
# of expected passes 10940
# of expected failures 69
# of unsupported tests 76
/home/rleigh/gcc/gcc-4.0-4.0.0/build/gcc/testsuite/../g++ version 4.0.1 20050509 (prerelease) (Debian 4.0.0-7)
=== objc tests ===
Running target unix
=== objc Summary ===
# of expected passes 1534
# of unsupported tests 10
/home/rleigh/gcc/gcc-4.0-4.0.0/build/gcc/xgcc version 4.0.1 20050509 (prerelease) (Debian 4.0.0-7)
=== libffi tests ===
Running target unix
=== libffi Summary ===
# of expected passes 219
# of unsupported tests 2
=== libjava tests ===
Running target unix
FAIL: Array_3 -O3 execution - bytecode->native test
=== libjava Summary ===
# of expected passes 3788
# of unexpected failures 1
# of expected failures 14
# of untested testcases 17
=== libmudflap tests ===
Running target unix
=== libmudflap Summary ===
# of expected passes 1288
=== libstdc++-v3 check-abi Summary ===
# of added symbols: 57
# of missing symbols: 0
# of incompatible symbols: 0
using: /home/rleigh/gcc/gcc-4.0-4.0.0/src/libstdc++-v3/config/abi/powerpc-linux-gnu/baseline_symbols.txt
=== libstdc++ tests ===
Running target unix
XPASS: 22_locale/locale/cons/12658_thread-1.cc execution test
XPASS: 26_numerics/cmath/c99_classification_macros_c.cc (test for excess errors)
XPASS: ext/array_allocator/2.cc execution test
=== libstdc++ Summary ===
# of expected passes 3628
# of unexpected successes 3
# of expected failures 12
Compiler version: 4.0.1 20050509 (prerelease) (Debian 4.0.0-7)
Platform: powerpc-unknown-linux-gnu
configure flags: -v --prefix=/usr --enable-shared --with-system-zlib --libexecdir=/usr/lib --enable-nls --without-included-gettext --enable-threads=posix --program-suffix=-4.0 --enable-__cxa_atexit --enable-libstdcxx-allocator=mt --enable-clocale=gnu --enable-libstdcxx-debug --enable-java-gc=boehm --enable-java-awt=gtk --enable-mpfr --disable-multilib --disable-werror --enable-checking=release powerpc-linux --enable-languages=c,ada,c++,f95,java,objc,treelang
BOOT_CFLAGS=-O2
Build Dependencies:
Desired=Unknown/Install/Remove/Purge/Hold
| Status=Not/Installed/Config-files/Unpacked/Failed-config/Half-installed
|/ Err?=(none)/Hold/Reinst-required/X=both-problems (Status,Err: uppercase=bad)
||/ Name Version Description
+++-==============-==============-============================================
ii binutils 2.15-5 The GNU assembler, linker and binary utiliti
ii libc6-dev 2.3.2.ds1-22 GNU C Library: Development Libraries and Hea
Patches that Debian applied in this version:
cvs-updates:
CVS updates from the 4.0 branch upto 20050509.
gcc-version:
Add "(Debian <package version>)" to the gcc version string
gcc-textdomain:
Set gettext's domain and textdomain to the versioned package name.
rename-info-files:
Allow transformations on info file names. Reference the
transformed info file names in the texinfo files.
libstdc++-pic:
Build and install libstdc++_pic.a library.
libstdc++-doclink:
adjust hrefs to point to the local documentation
amd64-specs:
On x86-64 use 64bits mode assembly except with -m32.
gccbug:
Use sensible-editor instead of vi as fallback editor
gccbug-posix:
Make gccbug POSIX compliant (patch by David Weinehall)
http://www.opengroup.org/onlinepubs/009695399/utilities/test.html
boehm-gc-nocheck:
Disable running the boehm-gc testsuite. Hangs the buildd at least on hppa.
acats-expect:
Run the ACATS testsuite using expect
fastjar-version:
Append GCC version to the fastjar version string.
libstdc++-doxygen:
libstdc++ doxygen docs: Set SHORT_NAMES to YES
pr19769:
Temporary fix for gdb, dwarf2 and libjava per
libgcj-buffer-strategy:
buffer strategy framework, backport from 4.1.
deb-protoize:
build protoize/unprotoize binaries
ada-link-lib:
- Install the shared Ada libraries as '.so.1', not '.so' to conform
to the Debian policy.
- Don't include a runtime link path (-rpath), when linking binaries.
- Build the shared libraries on hppa-linux.
ada-gcc-name:
use gcc-4.0 instead of gcc as the command name.
link-libs:
reporting:
Add Debian URL for bug reporting isntructions.
Counting all warnings,
there are 107 warnings in stage3 of this bootstrap.
Number of warnings per file:
33 ./auto-host.h
11 treelang/lex.c
11 gcc/tsystem.h
11 gcc/defaults.h
11 gcc/config/rs6000/rs6000.h
7 /usr/share/bison/bison.simple
6 gcc/config/rs6000/altivec.md
5 gcc/gcc.c
3 gengtype-lex.c
2 gcc/objc/lang-specs.h
1 gcc/treelang/parse.y
1 gcc/protoize.c
1 gcc/java/jvspec.c
1 gcc/fortran/trans-common.c
1 gcc/fortran/simplify.c
1 gcc/fortran/resolve.c
1 gcc/fortran/expr.c
Number of warning types:
33 this is the location of the previous definition
11 `HAVE_DECL_GETOPT' redefined
11 `HAVE_AS_TLS' redefined
11 `DEFAULT_USE_CXA_ATEXIT' redefined
8 old-style function definition
4 operand 3 missing mode?
4 control may reach end of non-void function âÂÂ__gmpz_get_uiâ being inlined
2 operand 1 missing mode?
2 label âÂÂyyoverflowlabâ defined but not used
1 string length âÂÂ844â is greater than the length âÂÂ509â ISO C89 compilers are required to support
1 string length âÂÂ834â is greater than the length âÂÂ509â ISO C89 compilers are required to support
1 string length âÂÂ791â is greater than the length âÂÂ509â ISO C89 compilers are required to support
1 string length âÂÂ783â is greater than the length âÂÂ509â ISO C89 compilers are required to support
1 string length âÂÂ692â is greater than the length âÂÂ509â ISO C89 compilers are required to support
1 string length âÂÂ643â is greater than the length âÂÂ509â ISO C89 compilers are required to support
1 string length âÂÂ608â is greater than the length âÂÂ509â ISO C89 compilers are required to support
1 string length âÂÂ1148â is greater than the length âÂÂ509â ISO C89 compilers are required to support
1 no previous prototype for âÂÂyyset_outâÂÂ
1 no previous prototype for âÂÂyyset_linenoâÂÂ
1 no previous prototype for âÂÂyyset_inâÂÂ
1 no previous prototype for âÂÂyyset_debugâÂÂ
1 no previous prototype for âÂÂyylex_destroyâÂÂ
1 no previous prototype for âÂÂyyget_textâÂÂ
1 no previous prototype for âÂÂyyget_outâÂÂ
1 no previous prototype for âÂÂyyget_linenoâÂÂ
1 no previous prototype for âÂÂyyget_lengâÂÂ
1 no previous prototype for âÂÂyyget_inâÂÂ
1 no previous prototype for âÂÂyyget_debugâÂÂ
1 control may reach end of non-void function âÂÂcheck_type_matchâ being inlined
1 argument âÂÂclean_text_pâ might be clobbered by âÂÂlongjmpâ or âÂÂvforkâÂÂ
More information about the Gcc-testresults
mailing list